{"id":1144,"date":"2026-04-16T08:03:55","date_gmt":"2026-04-16T05:03:55","guid":{"rendered":"https:\/\/help.jamk.fi\/tietosuoja\/?page_id=1144"},"modified":"2026-04-16T08:05:05","modified_gmt":"2026-04-16T05:05:05","slug":"tietosuojaseloste-kuvat-fi","status":"publish","type":"page","link":"https:\/\/help.jamk.fi\/tietosuoja\/fi\/muut-palvelut\/tietosuojaseloste-kuvat-fi\/","title":{"rendered":"Tietosuojaseloste \u2013 Kuvat.fi"},"content":{"rendered":"\n<p><\/p>\n\n\n\n<p>EU yleinen tietosuoja-asetus (2016\/679)<\/p>\n\n\n\n<p>P\u00e4ivitetty 31.3.2026<\/p>\n\n\n\n<h2 class=\"wp-block-heading\">1 Rekisterin nimi<\/h2>\n\n\n\n<p>Kuvat.fi<\/p>\n\n\n\n<h2 class=\"wp-block-heading\">2 Rekisterinpit\u00e4j\u00e4<\/h2>\n\n\n\n<p>Jyv\u00e4skyl\u00e4n Ammattikorkeakoulu Oy<br>PL 207, 40101 Jyv\u00e4skyl\u00e4<br>+358 20 743 8100<br><br>Rekisterist\u00e4 vastaava taho: Digikeskus, ICT-palvelut<\/p>\n\n\n\n<h2 class=\"wp-block-heading\">3 Rekister\u00f6idyt<\/h2>\n\n\n\n<p>T\u00e4ss\u00e4 tietosuojaselosteessa rekister\u00f6idyill\u00e4 tarkoitetaan kahta ryhm\u00e4\u00e4:<br><br>1. Kuvien lataaja, joka k\u00e4ytt\u00e4\u00e4 Kuvat.fi-palvelua ja lataa sinne kuvia tai videoita.<br>2. Kuvattava henkil\u00f6, jonka kasvot n\u00e4kyv\u00e4t Kuvat.fi-palveluun ladatussa kuvassa tai videossa.<\/p>\n\n\n\n<h2 class=\"wp-block-heading\">4 Henkil\u00f6tietojen k\u00e4sittelyn tarkoitus<\/h2>\n\n\n\n<p>Henkil\u00f6tietoja k\u00e4sitell\u00e4\u00e4n Kuvat.fi-palvelussa seuraaviin tarkoituksiin:<br><br>&#8211; kuvien, videoiden ja \u00e4\u00e4nitiedostojen tallentaminen, hallinta ja jakelu<br>&#8211; palvelun tekninen toteuttaminen, k\u00e4ytt\u00f6 ja kehitt\u00e4minen<br><br>Kuvattavien henkil\u00f6iden osalta henkil\u00f6tietojen k\u00e4sittely liittyy kuvien ja videoiden k\u00e4ytt\u00f6\u00f6n ennalta sovittuihin tarkoituksiin.<\/p>\n\n\n\n<h2 class=\"wp-block-heading\">5 Rekisterin tietosis\u00e4lt\u00f6<\/h2>\n\n\n\n<p>Kuvien lataaja:<br>&#8211; nimi<br>&#8211; s\u00e4hk\u00f6postiosoite<br>&#8211; organisaatio<br>&#8211; palvelun k\u00e4ytt\u00f6\u00f6n liittyv\u00e4t tekniset tiedot<br><br>Kuvattava henkil\u00f6:<br>&#8211; kuva tai video, jossa henkil\u00f6n kasvot n\u00e4kyv\u00e4t<br><br>Kasvokuva ja videokuva, jossa henkil\u00f6 on tunnistettavissa, ovat henkil\u00f6tietoja.<\/p>\n\n\n\n<h2 class=\"wp-block-heading\">6 Henkil\u00f6tietojen k\u00e4sittelyn oikeusperuste<\/h2>\n\n\n\n<p>Kuvien lataaja:<br>Henkil\u00f6tietojen k\u00e4sittely perustuu rekisterinpit\u00e4j\u00e4n oikeutettuun etuun, joka liittyy palvelun tarjoamiseen, ty\u00f6suhteeseen tai opiskeluoikeuteen.<br><br>Kuvattava henkil\u00f6:<br>Henkil\u00f6tietojen k\u00e4sittely perustuu rekisterinpit\u00e4j\u00e4n oikeutettuun etuun tai suostumukseen silloin, kun suostumus voidaan aidosti antaa ja peruuttaa ilman seuraamuksia. Kuvattavalla on oikeus kielt\u00e4\u00e4 kuvien tai videoiden tallentaminen tai k\u00e4ytt\u00f6 Kuvat.fi-palvelussa.<\/p>\n\n\n\n<h2 class=\"wp-block-heading\">7 S\u00e4\u00e4nn\u00f6nmukaiset tietol\u00e4hteet<\/h2>\n\n\n\n<p>Kuvien lataaja antaa tietonsa itse palvelua k\u00e4ytt\u00e4ess\u00e4\u00e4n.<br><br>Kuvattavan henkil\u00f6n tiedot syntyv\u00e4t valokuvaus- tai videotallennetilanteessa.<\/p>\n\n\n\n<h2 class=\"wp-block-heading\">8 Tietojen luovutukset ja siirrot<\/h2>\n\n\n\n<p>Kuvien lataaja:<br>Kuvien lataajan henkil\u00f6tietojen luovutuksista ja mahdollisista siirroista EU\/ETA-alueen ulkopuolelle kerrotaan Kuvat.fi-palvelun omassa tietosuojaselosteessa.<br><br>Kuvattava henkil\u00f6:<br>Kuvattavien kuvia ja videoita ei luovuteta eteenp\u00e4in. Kuvien ja videoiden k\u00e4yt\u00f6st\u00e4 ja mahdollisesta jatkok\u00e4yt\u00f6st\u00e4 sovitaan etuk\u00e4teen tai tapauskohtaisesti kuvattavan henkil\u00f6n kanssa.<\/p>\n\n\n\n<h2 class=\"wp-block-heading\">9 Rekisterin suojauksen periaatteet<\/h2>\n\n\n\n<p>Henkil\u00f6tietojen suojaus on j\u00e4rjestetty teknisesti ja hallinnollisesti alan parhaiden k\u00e4yt\u00e4nt\u00f6jen mukaisesti.<br><br>Tietoja k\u00e4sittelev\u00e4t vain ne henkil\u00f6t, joilla on ty\u00f6teht\u00e4viens\u00e4 perusteella siihen oikeus. J\u00e4rjestelm\u00e4t ja palvelimet on suojattu asianmukaisin teknisin ja hallinnollisin keinoin.<\/p>\n\n\n\n<h2 class=\"wp-block-heading\">10 Henkil\u00f6tietojen s\u00e4ilytysaika<\/h2>\n\n\n\n<p>Kuvien lataaja:<br>Henkil\u00f6tietoja s\u00e4ilytet\u00e4\u00e4n sopimuksen voimassaolon ajan ja enint\u00e4\u00e4n 12 kuukautta sopimuksen p\u00e4\u00e4ttymisen j\u00e4lkeen.<br><br>Kuvattava henkil\u00f6:<br>Kuvattavien kuvia ja videoita s\u00e4ilytet\u00e4\u00e4n enint\u00e4\u00e4n yhden vuoden ajan, ellei toisin sovita. Kuvattavalla on oikeus pyyt\u00e4\u00e4 tietojen poistamista aikaisemmin.<\/p>\n\n\n\n<h2 class=\"wp-block-heading\">11 Profilointi ja automaattinen p\u00e4\u00e4t\u00f6ksenteko<\/h2>\n\n\n\n<p>Rekisterin tietoja ei k\u00e4ytet\u00e4 automatisoituun p\u00e4\u00e4t\u00f6ksentekoon eik\u00e4 profilointiin.<\/p>\n\n\n\n<h2 class=\"wp-block-heading\">12 Rekister\u00f6idyn oikeudet<\/h2>\n\n\n\n<p>Rekister\u00f6idyn oikeuksista ja niiden toteuttamisesta kerrotaan <a href=\"https:\/\/www.jamk.fi\/fi\/tietosuoja-jamkissa\">Jamkin tietosuojalausekkeessa Rekister\u00f6idyn oikeudet -otsikon alla<\/a>.<\/p>\n","protected":false},"excerpt":{"rendered":"<p>EU yleinen tietosuoja-asetus (2016\/679) P\u00e4ivitetty 31.3.2026 1 Rekisterin nimi Kuvat.fi 2 Rekisterinpit\u00e4j\u00e4 Jyv\u00e4skyl\u00e4n Ammattikorkeakoulu OyPL 207, 40101 Jyv\u00e4skyl\u00e4+358 20 743 8100 Rekisterist\u00e4 vastaava taho: Digikeskus, ICT-palvelut 3 Rekister\u00f6idyt T\u00e4ss\u00e4 tietosuojaselosteessa rekister\u00f6idyill\u00e4 tarkoitetaan kahta ryhm\u00e4\u00e4: 1. Kuvien lataaja, joka k\u00e4ytt\u00e4\u00e4 Kuvat.fi-palvelua ja lataa sinne kuvia tai videoita.2. Kuvattava henkil\u00f6, jonka kasvot n\u00e4kyv\u00e4t Kuvat.fi-palveluun ladatussa kuvassa tai [&hellip;]<\/p>\n","protected":false},"author":471,"featured_media":0,"parent":546,"menu_order":8,"comment_status":"closed","ping_status":"closed","template":"","meta":{"_acf_changed":false,"_relevanssi_hide_post":"","_relevanssi_hide_content":"","_relevanssi_pin_for_all":"","_relevanssi_pin_keywords":"","_relevanssi_unpin_keywords":"","_relevanssi_related_keywords":"","_relevanssi_related_include_ids":"","_relevanssi_related_exclude_ids":"","_relevanssi_related_no_append":"","_relevanssi_related_not_related":"","_relevanssi_related_posts":"","_relevanssi_noindex_reason":"","footnotes":""},"categories":[],"tags":[],"class_list":["post-1144","page","type-page","status-publish","hentry"],"acf":[],"yoast_head":"<!-- This site is optimized with the Yoast SEO plugin v27.4 - https:\/\/yoast.com\/product\/yoast-seo-wordpress\/ -->\n<title>Tietosuojaseloste \u2013 Kuvat.fi - Tietosuoja<\/title>\n<meta name=\"robots\" content=\"index, follow, max-snippet:-1, max-image-preview:large, max-video-preview:-1\" \/>\n<link rel=\"canonical\" href=\"https:\/\/help.jamk.fi\/tietosuoja\/fi\/muut-palvelut\/tietosuojaseloste-kuvat-fi\/\" \/>\n<meta property=\"og:locale\" content=\"fi_FI\" \/>\n<meta property=\"og:type\" content=\"article\" \/>\n<meta property=\"og:title\" content=\"Tietosuojaseloste \u2013 Kuvat.fi - Tietosuoja\" \/>\n<meta property=\"og:description\" content=\"EU yleinen tietosuoja-asetus (2016\/679) P\u00e4ivitetty 31.3.2026 1 Rekisterin nimi Kuvat.fi 2 Rekisterinpit\u00e4j\u00e4 Jyv\u00e4skyl\u00e4n Ammattikorkeakoulu OyPL 207, 40101 Jyv\u00e4skyl\u00e4+358 20 743 8100 Rekisterist\u00e4 vastaava taho: Digikeskus, ICT-palvelut 3 Rekister\u00f6idyt T\u00e4ss\u00e4 tietosuojaselosteessa rekister\u00f6idyill\u00e4 tarkoitetaan kahta ryhm\u00e4\u00e4: 1. Kuvien lataaja, joka k\u00e4ytt\u00e4\u00e4 Kuvat.fi-palvelua ja lataa sinne kuvia tai videoita.2. Kuvattava henkil\u00f6, jonka kasvot n\u00e4kyv\u00e4t Kuvat.fi-palveluun ladatussa kuvassa tai [&hellip;]\" \/>\n<meta property=\"og:url\" content=\"https:\/\/help.jamk.fi\/tietosuoja\/fi\/muut-palvelut\/tietosuojaseloste-kuvat-fi\/\" \/>\n<meta property=\"og:site_name\" content=\"Tietosuoja\" \/>\n<meta property=\"article:modified_time\" content=\"2026-04-16T05:05:05+00:00\" \/>\n<meta name=\"twitter:card\" content=\"summary_large_image\" \/>\n<meta name=\"twitter:label1\" content=\"Arvioitu lukuaika\" \/>\n\t<meta name=\"twitter:data1\" content=\"3 minuuttia\" \/>\n<script type=\"application\/ld+json\" class=\"yoast-schema-graph\">{\"@context\":\"https:\\\/\\\/schema.org\",\"@graph\":[{\"@type\":\"WebPage\",\"@id\":\"https:\\\/\\\/help.jamk.fi\\\/tietosuoja\\\/fi\\\/muut-palvelut\\\/tietosuojaseloste-kuvat-fi\\\/\",\"url\":\"https:\\\/\\\/help.jamk.fi\\\/tietosuoja\\\/fi\\\/muut-palvelut\\\/tietosuojaseloste-kuvat-fi\\\/\",\"name\":\"Tietosuojaseloste \u2013 Kuvat.fi - Tietosuoja\",\"isPartOf\":{\"@id\":\"https:\\\/\\\/help.jamk.fi\\\/tietosuoja\\\/#website\"},\"datePublished\":\"2026-04-16T05:03:55+00:00\",\"dateModified\":\"2026-04-16T05:05:05+00:00\",\"breadcrumb\":{\"@id\":\"https:\\\/\\\/help.jamk.fi\\\/tietosuoja\\\/fi\\\/muut-palvelut\\\/tietosuojaseloste-kuvat-fi\\\/#breadcrumb\"},\"inLanguage\":\"fi\",\"potentialAction\":[{\"@type\":\"ReadAction\",\"target\":[\"https:\\\/\\\/help.jamk.fi\\\/tietosuoja\\\/fi\\\/muut-palvelut\\\/tietosuojaseloste-kuvat-fi\\\/\"]}]},{\"@type\":\"BreadcrumbList\",\"@id\":\"https:\\\/\\\/help.jamk.fi\\\/tietosuoja\\\/fi\\\/muut-palvelut\\\/tietosuojaseloste-kuvat-fi\\\/#breadcrumb\",\"itemListElement\":[{\"@type\":\"ListItem\",\"position\":1,\"name\":\"Etusivu\",\"item\":\"https:\\\/\\\/help.jamk.fi\\\/tietosuoja\\\/fi\\\/\"},{\"@type\":\"ListItem\",\"position\":2,\"name\":\"Muut palvelut\",\"item\":\"https:\\\/\\\/help.jamk.fi\\\/tietosuoja\\\/fi\\\/muut-palvelut\\\/\"},{\"@type\":\"ListItem\",\"position\":3,\"name\":\"Tietosuojaseloste \u2013 Kuvat.fi\"}]},{\"@type\":\"WebSite\",\"@id\":\"https:\\\/\\\/help.jamk.fi\\\/tietosuoja\\\/#website\",\"url\":\"https:\\\/\\\/help.jamk.fi\\\/tietosuoja\\\/\",\"name\":\"Tietosuoja\",\"description\":\"\",\"potentialAction\":[{\"@type\":\"SearchAction\",\"target\":{\"@type\":\"EntryPoint\",\"urlTemplate\":\"https:\\\/\\\/help.jamk.fi\\\/tietosuoja\\\/?s={search_term_string}\"},\"query-input\":{\"@type\":\"PropertyValueSpecification\",\"valueRequired\":true,\"valueName\":\"search_term_string\"}}],\"inLanguage\":\"fi\"}]}<\/script>\n<!-- \/ Yoast SEO plugin. -->","yoast_head_json":{"title":"Tietosuojaseloste \u2013 Kuvat.fi - Tietosuoja","robots":{"index":"index","follow":"follow","max-snippet":"max-snippet:-1","max-image-preview":"max-image-preview:large","max-video-preview":"max-video-preview:-1"},"canonical":"https:\/\/help.jamk.fi\/tietosuoja\/fi\/muut-palvelut\/tietosuojaseloste-kuvat-fi\/","og_locale":"fi_FI","og_type":"article","og_title":"Tietosuojaseloste \u2013 Kuvat.fi - Tietosuoja","og_description":"EU yleinen tietosuoja-asetus (2016\/679) P\u00e4ivitetty 31.3.2026 1 Rekisterin nimi Kuvat.fi 2 Rekisterinpit\u00e4j\u00e4 Jyv\u00e4skyl\u00e4n Ammattikorkeakoulu OyPL 207, 40101 Jyv\u00e4skyl\u00e4+358 20 743 8100 Rekisterist\u00e4 vastaava taho: Digikeskus, ICT-palvelut 3 Rekister\u00f6idyt T\u00e4ss\u00e4 tietosuojaselosteessa rekister\u00f6idyill\u00e4 tarkoitetaan kahta ryhm\u00e4\u00e4: 1. Kuvien lataaja, joka k\u00e4ytt\u00e4\u00e4 Kuvat.fi-palvelua ja lataa sinne kuvia tai videoita.2. Kuvattava henkil\u00f6, jonka kasvot n\u00e4kyv\u00e4t Kuvat.fi-palveluun ladatussa kuvassa tai [&hellip;]","og_url":"https:\/\/help.jamk.fi\/tietosuoja\/fi\/muut-palvelut\/tietosuojaseloste-kuvat-fi\/","og_site_name":"Tietosuoja","article_modified_time":"2026-04-16T05:05:05+00:00","twitter_card":"summary_large_image","twitter_misc":{"Arvioitu lukuaika":"3 minuuttia"},"schema":{"@context":"https:\/\/schema.org","@graph":[{"@type":"WebPage","@id":"https:\/\/help.jamk.fi\/tietosuoja\/fi\/muut-palvelut\/tietosuojaseloste-kuvat-fi\/","url":"https:\/\/help.jamk.fi\/tietosuoja\/fi\/muut-palvelut\/tietosuojaseloste-kuvat-fi\/","name":"Tietosuojaseloste \u2013 Kuvat.fi - Tietosuoja","isPartOf":{"@id":"https:\/\/help.jamk.fi\/tietosuoja\/#website"},"datePublished":"2026-04-16T05:03:55+00:00","dateModified":"2026-04-16T05:05:05+00:00","breadcrumb":{"@id":"https:\/\/help.jamk.fi\/tietosuoja\/fi\/muut-palvelut\/tietosuojaseloste-kuvat-fi\/#breadcrumb"},"inLanguage":"fi","potentialAction":[{"@type":"ReadAction","target":["https:\/\/help.jamk.fi\/tietosuoja\/fi\/muut-palvelut\/tietosuojaseloste-kuvat-fi\/"]}]},{"@type":"BreadcrumbList","@id":"https:\/\/help.jamk.fi\/tietosuoja\/fi\/muut-palvelut\/tietosuojaseloste-kuvat-fi\/#breadcrumb","itemListElement":[{"@type":"ListItem","position":1,"name":"Etusivu","item":"https:\/\/help.jamk.fi\/tietosuoja\/fi\/"},{"@type":"ListItem","position":2,"name":"Muut palvelut","item":"https:\/\/help.jamk.fi\/tietosuoja\/fi\/muut-palvelut\/"},{"@type":"ListItem","position":3,"name":"Tietosuojaseloste \u2013 Kuvat.fi"}]},{"@type":"WebSite","@id":"https:\/\/help.jamk.fi\/tietosuoja\/#website","url":"https:\/\/help.jamk.fi\/tietosuoja\/","name":"Tietosuoja","description":"","potentialAction":[{"@type":"SearchAction","target":{"@type":"EntryPoint","urlTemplate":"https:\/\/help.jamk.fi\/tietosuoja\/?s={search_term_string}"},"query-input":{"@type":"PropertyValueSpecification","valueRequired":true,"valueName":"search_term_string"}}],"inLanguage":"fi"}]}},"_links":{"self":[{"href":"https:\/\/help.jamk.fi\/tietosuoja\/wp-json\/wp\/v2\/pages\/1144","targetHints":{"allow":["GET"]}}],"collection":[{"href":"https:\/\/help.jamk.fi\/tietosuoja\/wp-json\/wp\/v2\/pages"}],"about":[{"href":"https:\/\/help.jamk.fi\/tietosuoja\/wp-json\/wp\/v2\/types\/page"}],"author":[{"embeddable":true,"href":"https:\/\/help.jamk.fi\/tietosuoja\/wp-json\/wp\/v2\/users\/471"}],"replies":[{"embeddable":true,"href":"https:\/\/help.jamk.fi\/tietosuoja\/wp-json\/wp\/v2\/comments?post=1144"}],"version-history":[{"count":2,"href":"https:\/\/help.jamk.fi\/tietosuoja\/wp-json\/wp\/v2\/pages\/1144\/revisions"}],"predecessor-version":[{"id":1146,"href":"https:\/\/help.jamk.fi\/tietosuoja\/wp-json\/wp\/v2\/pages\/1144\/revisions\/1146"}],"up":[{"embeddable":true,"href":"https:\/\/help.jamk.fi\/tietosuoja\/wp-json\/wp\/v2\/pages\/546"}],"wp:attachment":[{"href":"https:\/\/help.jamk.fi\/tietosuoja\/wp-json\/wp\/v2\/media?parent=1144"}],"wp:term":[{"taxonomy":"category","embeddable":true,"href":"https:\/\/help.jamk.fi\/tietosuoja\/wp-json\/wp\/v2\/categories?post=1144"},{"taxonomy":"post_tag","embeddable":true,"href":"https:\/\/help.jamk.fi\/tietosuoja\/wp-json\/wp\/v2\/tags?post=1144"}],"curies":[{"name":"wp","href":"https:\/\/api.w.org\/{rel}","templated":true}]}}