{"id":138,"date":"2020-04-08T10:08:36","date_gmt":"2020-04-08T07:08:36","guid":{"rendered":"https:\/\/help.jamk.fi\/tietosuoja\/?page_id=138"},"modified":"2024-01-02T13:42:16","modified_gmt":"2024-01-02T11:42:16","slug":"kansainvalisen-liikkuvuuden-hallinnointi-tietosuojaseloste","status":"publish","type":"page","link":"https:\/\/help.jamk.fi\/tietosuoja\/fi\/opiskelija-opetus\/kansainvalisen-liikkuvuuden-hallinnointi-tietosuojaseloste\/","title":{"rendered":"Tietosuojaseloste &#8211; Kansainv\u00e4lisen liikkuvuuden hallinnointi"},"content":{"rendered":"\n<p><a href=\"http:\/\/eur-lex.europa.eu\/legal-content\/FI\/TXT\/?uri=uriserv:OJ.L_.2016.119.01.0001.01.FIN&amp;toc=OJ:L:2016:119:FULL\"><strong>EU -tietosuoja-asetus (2016\/679)<\/strong><\/a><\/p>\n\n\n\n<p>P\u00e4ivitetty 20.2.2019<\/p>\n\n\n\n<p><strong>1 Rekisterin nimi<\/strong><\/p>\n\n\n\n<p>Kansainv\u00e4lisen liikkuvuuden hallinnointi<\/p>\n\n\n\n<p><strong>2 Rekisterinpit\u00e4j\u00e4<\/strong><\/p>\n\n\n\n<p>Jyv\u00e4skyl\u00e4n ammattikorkeakoulu Oy<br>PL 207, 40101 Jyv\u00e4skyl\u00e4<br>+358 20 743 8100<\/p>\n\n\n\n<p>J\u00e4rjestelm\u00e4toimittajan tietosuojaseloste (<em>linkki sivustolle tulossa)<\/em><\/p>\n\n\n\n<p><strong>3 Yhteyshenkil\u00f6 rekisteri\u00e4 koskevissa asioissa, yhteystiedot virka-aikana<\/strong><\/p>\n\n\n\n<p>Rekisterist\u00e4 vastaava johtaja: Vararehtori Heikki Malinen<\/p>\n\n\n\n<p>Rekisterist\u00e4 vastaavan prosessin omistaja: Kansainv\u00e4lisen toiminnan p\u00e4\u00e4llikk\u00f6 Nina Bj\u00f6rn<\/p>\n\n\n\n<p>Sis\u00e4ll\u00f6lliset p\u00e4\u00e4k\u00e4ytt\u00e4j\u00e4t: Kansainv\u00e4listen asioiden suunnittelija Miska Lepist\u00f6<br>Tekninen p\u00e4\u00e4k\u00e4ytt\u00e4j\u00e4: J\u00e4rjestelm\u00e4suunnittelija Ulla Tiainen-Sallinen<br>etunimi.sukunimi[a]jamk.fi<\/p>\n\n\n\n<p><strong>4 Henkil\u00f6tietojen k\u00e4sittely ja sen tarkoitus<\/strong><\/p>\n\n\n\n<p><strong>&nbsp;<\/strong>Ammattikorkeakoulun kansainv\u00e4lisen opiskelu-, harjoittelu-, opettaja- ja asiantuntijaliikkuvuuden sek\u00e4 kansainv\u00e4listen liikkuvuusyhteisty\u00f6sopimusten hallinta ja raportointi.<\/p>\n\n\n\n<p><strong>5 Rekisterin tietosis\u00e4lt\u00f6<\/strong><\/p>\n\n\n\n<p>Rekister\u00f6idyt ryhm\u00e4t: Ulkomaille l\u00e4htev\u00e4t Jamkin opiskelijat ja henkil\u00f6st\u00f6, ulkomailta saapuvat vaihto-opiskelijat ja opettajat\/asiantuntijat<\/p>\n\n\n\n<p><strong>Kaikille pakolliset tiedot<\/strong><\/p>\n\n\n\n<ul class=\"wp-block-list\">\n<li>Nimi<\/li>\n\n\n\n<li>S\u00e4hk\u00f6postiosoite ja puhelinnumero<\/li>\n\n\n\n<li>Syntym\u00e4aika<\/li>\n\n\n\n<li>Sukupuoli<\/li>\n\n\n\n<li>Kansalaisuus<\/li>\n\n\n\n<li>\u00c4idinkieli<\/li>\n\n\n\n<li>Muu kielitaito<\/li>\n\n\n\n<li>Kotimaan osoite<\/li>\n\n\n\n<li>Ulkomaan osoite<\/li>\n\n\n\n<li>Mahdollisiin erityistarpeisiin ja esteett\u00f6myyteen liittyv\u00e4t tiedot<\/li>\n\n\n\n<li>Oppilaitoksen \/organisaation yhteystiedot, tutkinto- ja koulutusalatiedot<\/li>\n\n\n\n<li>Oppilaitoksen \/organisaation yhteyshenkil\u00f6n yhteystiedot<\/li>\n\n\n\n<li>Opiskelu\/opetustaso l\u00e4hett\u00e4v\u00e4ss\u00e4\/vastaanottavassa oppilaitoksessa<\/li>\n\n\n\n<li>Vaihto-ohjelma ja liikkuvuustyyppi<\/li>\n\n\n\n<li>Ulkomaanjakson alku- ja loppumisp\u00e4iv\u00e4m\u00e4\u00e4r\u00e4<\/li>\n\n\n\n<li>Ulkomaanjakson lukuvuosi ja lukukausi<\/li>\n\n\n\n<li>Perustelut ulkomaanjaksolle hakeutumiseen<\/li>\n\n\n\n<li>Palaute ulkomaanjaksosta<\/li>\n<\/ul>\n\n\n\n<p><strong>Opiskelijoiden tiedot<\/strong><\/p>\n\n\n\n<ul class=\"wp-block-list\">\n<li>L\u00e4hiomaisen tai muun yhteyshenkil\u00f6n nimi, osoite, puhelinnumero, s\u00e4hk\u00f6postiosoite<\/li>\n\n\n\n<li>Opintojen alkamisvuosi<\/li>\n\n\n\n<li>Aikaisemmat opiskelu\/harjoittelujaksot ulkomailla<\/li>\n\n\n\n<li>Opintosuoritus- ja harjoittelutiedot<\/li>\n\n\n\n<li>Opintorekisteriote<\/li>\n\n\n\n<li>CV<\/li>\n\n\n\n<li>Mahdollisten kielitestien tiedot<\/li>\n\n\n\n<li>Valintatulokset<\/li>\n\n\n\n<li>Vaihtopaikan vastaanottamistieto<\/li>\n\n\n\n<li>Tieto onko asia hoidettu: viisumi- ja oleskelulupa, vakuutusasiat, rokotukset, asumisj\u00e4rjestelyt<\/li>\n\n\n\n<li>Tieto sis\u00e4lt\u00e4\u00e4k\u00f6 ulkomaanjakso alaik\u00e4isten parissa tapahtuvaa harjoittelua<\/li>\n<\/ul>\n\n\n\n<p><strong>L\u00e4htev\u00e4lt\u00e4 opiskelijalta lis\u00e4ksi<\/strong><\/p>\n\n\n\n<ul class=\"wp-block-list\">\n<li>HAKA-tunnus<\/li>\n\n\n\n<li>Opiskelijanumero<\/li>\n\n\n\n<li>Henkil\u00f6tunnus<\/li>\n\n\n\n<li>Opiskeluoikeus<\/li>\n\n\n\n<li>Ryhm\u00e4tunnus<\/li>\n\n\n\n<li>Tieto onko ilmoittautunut l\u00e4sn\u00e4olevaksi opiskelijaksi<\/li>\n\n\n\n<li>Suostumus ulkomaanjaksoa koskevan vastuuvapauden ehtoihin<\/li>\n<\/ul>\n\n\n\n<p><strong>Saapuvalta opiskelijalta lis\u00e4ksi<\/strong><\/p>\n\n\n\n<ul class=\"wp-block-list\">\n<li>Passikopio<\/li>\n\n\n\n<li>Vakuutuksia koskevat tiedot (vakuutusnumero tai tieto miten aikoo ulkomaanjakson vakuutusasiat hoitaa)<\/li>\n\n\n\n<li>Suostumukset (opiskelijaterveydenhuolto, opiskelija-asuntos\u00e4\u00e4ti\u00f6, opiskelijakunta)<\/li>\n<\/ul>\n\n\n\n<p><strong>Henkil\u00f6st\u00f6n tiedot<\/strong><\/p>\n\n\n\n<ul class=\"wp-block-list\">\n<li>Toiminimike\/titteli sek\u00e4 ty\u00f6n kategoria<\/li>\n\n\n\n<li>Ty\u00f6kokemus vuosina<\/li>\n\n\n\n<li>Ulkomaanjakson ty\u00f6teht\u00e4v\u00e4t<\/li>\n<\/ul>\n\n\n\n<p><strong>L\u00e4htev\u00e4lt\u00e4 henkil\u00f6st\u00f6lt\u00e4 lis\u00e4ksi<\/strong><\/p>\n\n\n\n<ul class=\"wp-block-list\">\n<li>HAKA-tunnus<\/li>\n\n\n\n<li>Henkil\u00f6numero<\/li>\n\n\n\n<li>Henkil\u00f6tunnus<\/li>\n\n\n\n<li>Kustannuspaikka<\/li>\n<\/ul>\n\n\n\n<p><strong>Saapuvalta henkil\u00f6st\u00f6lt\u00e4 lis\u00e4ksi<\/strong><\/p>\n\n\n\n<ul class=\"wp-block-list\">\n<li>Vakuutuksia koskevat tiedot (vakuutusnumero tai tieto miten aikoo ulkomaanjakson vakuutusasiat hoitaa), silloin kun liikkuvuusjakson rahoittaja vaatii t\u00e4t\u00e4 tietoa<\/li>\n<\/ul>\n\n\n\n<p><strong>Jamkista apurahaa saavat <\/strong><\/p>\n\n\n\n<ul class=\"wp-block-list\">\n<li>Aikaisempiin ulkomaanjaksoihin saadut apurahat<\/li>\n\n\n\n<li>Tilitiedot (IBAN, SWIFT\/BIC, Bank Name and Bank Address)<\/li>\n\n\n\n<li>Tieto onko opiskelijalla alaik\u00e4isi\u00e4 huolettavia lapsia ja tarvittaessa maistraatin todistus perheellisen apurahan my\u00f6nt\u00e4mist\u00e4 varten<\/li>\n\n\n\n<li>Apurahap\u00e4\u00e4t\u00f6s<\/li>\n\n\n\n<li>Ulkomaanjakson peruuntuessa\/lyhentyess\u00e4 selvitys syist\u00e4, kuluerittely ulkomaanjakson kustannuksista, apurahan saajaa itse\u00e4\u00e4n koskevissa sairaustapauksissa kirjataan tieto l\u00e4\u00e4k\u00e4rintodistuksesta. (Varsinainen todistus toimitetaan tarvittaessa Opetushallitukselle tai muulle rahoituksen my\u00f6nt\u00e4neelle taholle.)<\/li>\n<\/ul>\n\n\n\n<p><strong>6 K\u00e4sittelyperuste<\/strong><\/p>\n\n\n\n<p>Henkil\u00f6tietojen k\u00e4sittelyperuste on lakis\u00e4\u00e4teinen teht\u00e4v\u00e4\/velvoite ja rekisterinpit\u00e4j\u00e4n oikeutettu etu.<\/p>\n\n\n\n<p><strong>7 S\u00e4\u00e4nn\u00f6nmukaiset tietol\u00e4hteet<\/strong><\/p>\n\n\n\n<p>Kansainv\u00e4liseen vaihtoon hakeutuvan tietoja saadaan<\/p>\n\n\n\n<ul class=\"wp-block-list\">\n<li>Henkil\u00f6lt\u00e4 itselt\u00e4\u00e4n<\/li>\n\n\n\n<li>Opiskelijahallinnon rekisterist\u00e4<\/li>\n\n\n\n<li>Vastaanottavan ja l\u00e4hett\u00e4v\u00e4n oppilaitoksen\/organisaation yhteyshenkil\u00f6lt\u00e4<\/li>\n<\/ul>\n\n\n\n<p><strong>8 S\u00e4\u00e4nn\u00f6nmukaiset tietojen luovutukset ja tietojen siirto EU:n tai Euroopan talousalueen ulkopuolelle<\/strong><\/p>\n\n\n\n<p>Tietoja siirret\u00e4\u00e4n Jyv\u00e4skyl\u00e4n ammattikorkeakoulun opiskelijahallinnon rekisteriin sek\u00e4 talous- ja henkil\u00f6st\u00f6hallinnon tietoj\u00e4rjestelmiin sek\u00e4 Jamkin asianhallintaan.<\/p>\n\n\n\n<p>Tietoja luovutetaan s\u00e4\u00e4nn\u00f6nmukaisesti kolmansille tahoille.<\/p>\n\n\n\n<ul class=\"wp-block-list\">\n<li>Vastaanottavan ja l\u00e4hett\u00e4v\u00e4n oppilaitoksen\/organisaation liikkuvuusjakson yhteyshenkil\u00f6lle ulkomaanjakson j\u00e4rjest\u00e4mist\u00e4 ja toteuttamista varten.<\/li>\n\n\n\n<li>Saapuvien vaihto-opiskelijoiden osalta tietoja luovutetaan rekister\u00f6idyn suostumuksella my\u00f6s tutoroinnista vastaavalle taholle, opiskelijaterveydenhuollolle, opiskelija-asuntos\u00e4\u00e4ti\u00f6lle tai muulle sovitulle asuntov\u00e4litt\u00e4j\u00e4lle, kirjastolle<\/li>\n\n\n\n<li>Kansallisiin ja kansainv\u00e4lisiin viranomaissiirtoihin ja \u2013tilastoihin (mm. kansallinen tietovaranto VIRTA, Vipunen, KOTA, Euroopan komission Mobility Tool sek\u00e4 mahdolliset ulkomaanjakson rahoittajan vaatimat tilastot\/raportit).<\/li>\n<\/ul>\n\n\n\n<p>Rekister\u00f6ity\u00e4 koskevia henkil\u00f6tietoja tietoa voidaan siirt\u00e4\u00e4 EU:n tai ETA-alueen ulkopuolelle ja\/tai kansainv\u00e4lisille j\u00e4rjest\u00f6ille silloin kun ulkomaanjakson vastaanottava korkeakoulu\/organisaatio sijaitsee EU:n tai ETA-alueen ulkopuolella tai on kansainv\u00e4linen j\u00e4rjest\u00f6.<\/p>\n\n\n\n<p>Rekisterin henkil\u00f6tietojen k\u00e4sittely\u00e4 ei ole ulkoistettu toimeksiantosopimuksella.<\/p>\n\n\n\n<p><strong>9 Rekisterin suojauksen periaatteet<\/strong><\/p>\n\n\n\n<p>Rekisteri toimitetaan tarvittaessa rekisterin ulkopuolelle turvas\u00e4hk\u00f6postilla.<\/p>\n\n\n\n<p>J\u00e4rjestelm\u00e4n k\u00e4ytt\u00f6 edellytt\u00e4\u00e4 henkil\u00f6kohtaista tunnusta ja salasanaa. Oikeudet n\u00e4hd\u00e4 ja tehd\u00e4 muutoksia tietosis\u00e4lt\u00f6\u00f6n m\u00e4\u00e4r\u00e4ytyv\u00e4t k\u00e4ytt\u00e4j\u00e4tunnuksen ja siihen liitetyn roolin perusteella. Ty\u00f6ntekij\u00f6ill\u00e4 on oikeus n\u00e4hd\u00e4\/muokata vain sellaisia tietoja, joita he ty\u00f6teht\u00e4viss\u00e4\u00e4n tarvitsevat. J\u00e4rjestelm\u00e4n k\u00e4ytt\u00f6oikeus poistetaan henkil\u00f6n siirtyess\u00e4 pois niist\u00e4 teht\u00e4vist\u00e4, joita varten h\u00e4nelle on my\u00f6nnetty k\u00e4ytt\u00f6oikeus.<\/p>\n\n\n\n<p>Palvelimet sijaitsevat palveluntarjoajan korkean tietoturvatason palvelinkeskuksissa It\u00e4vallassa. S\u00e4hk\u00f6isess\u00e4 muodossa olevat henkil\u00f6tiedot on suojattu palomuurein ja salasanoin. <em>(tarkennetaan viel\u00e4) <\/em><\/p>\n\n\n\n<p><strong>10 Henkil\u00f6tietojen s\u00e4ilytt\u00e4misaika tai s\u00e4ilytt\u00e4misajan m\u00e4\u00e4ritt\u00e4miskriteerit<\/strong><\/p>\n\n\n\n<p>Henkil\u00f6tietoja s\u00e4ilytet\u00e4\u00e4n Jyv\u00e4skyl\u00e4n ammattikorkeakoulun tiedonohjaussuunnitelman mukaisesti 10 vuotta, ottaen huomioon mahdollisten liikkuvuusjaksojen rahoittajien (mm. Euroopan komissio) ohjeet ja s\u00e4\u00e4nn\u00f6kset tietojen s\u00e4ilytysajasta. Tiedot poistetaan j\u00e4rjestelm\u00e4ss\u00e4 ajastamalla\/manuaalisesti.<\/p>\n\n\n\n<p>Opiskelun mahdollistamiseksi henkil\u00f6tiedot siirret\u00e4\u00e4n Jyv\u00e4skyl\u00e4n ammattikorkeakoulun yll\u00e4pit\u00e4m\u00e4\u00e4n opintotietoj\u00e4rjestelm\u00e4\u00e4n, jossa niit\u00e4 s\u00e4ilytet\u00e4\u00e4n Jamkin tiedonohjaussuunnitelman mukaisesti. Virta- opintotietopalvelussa tietoja s\u00e4ilytet\u00e4\u00e4n pysyv\u00e4sti. Jamk s\u00e4ilytt\u00e4\u00e4 pysyv\u00e4sti s\u00e4hk\u00f6isesti opintorekisteriin liittyv\u00e4t tiedot (Kansallisarkiston p\u00e4\u00e4t\u00f6s <a href=\"https:\/\/kansallisarkisto.fi\/documents\/141232930\/151200857\/AMK+paatos+AL+20757+2016.pdf\/f946d98b-8c19-5875-57f0-65a695e48279\/AMK+paatos+AL+20757+2016.pdf?t=1681365096445\">AL\/20757\/07.01.01.03.02\/2016 ). <\/a><\/p>\n\n\n\n<p><strong>11 Profilointi ja automaattinen p\u00e4\u00e4t\u00f6ksenteko<\/strong><\/p>\n\n\n\n<p>Henkil\u00f6tietoihin liittyv\u00e4\u00e4 automatisoitua profilointia eik\u00e4 p\u00e4\u00e4t\u00f6ksentekoa ei tehd\u00e4.<\/p>\n\n\n\n<p><strong>12 Rekister\u00f6idyn oikeudet<\/strong><\/p>\n\n\n\n<p>Lis\u00e4tietoa tietosuojavastaavasta ja rekister\u00f6idyn oikeuksista ja niiden toteuttamisesta\u00a0kerrotaan <a href=\"https:\/\/www.jamk.fi\/fi\/jamk\/tietosuoja-jamkissa\">Jamkin tietosuojalausekkeessa<\/a> ja <a href=\"https:\/\/www.jamk.fi\/fi\/jamk\/tietosuoja-jamkissa\">Rekister\u00f6idyn oikeudet<\/a>-sivulla.<\/p>\n","protected":false},"excerpt":{"rendered":"<p>EU -tietosuoja-asetus (2016\/679) P\u00e4ivitetty 20.2.2019 1 Rekisterin nimi Kansainv\u00e4lisen liikkuvuuden hallinnointi 2 Rekisterinpit\u00e4j\u00e4 Jyv\u00e4skyl\u00e4n ammattikorkeakoulu OyPL 207, 40101 Jyv\u00e4skyl\u00e4+358 20 743 8100 J\u00e4rjestelm\u00e4toimittajan tietosuojaseloste (linkki sivustolle tulossa) 3 Yhteyshenkil\u00f6 rekisteri\u00e4 koskevissa asioissa, yhteystiedot virka-aikana Rekisterist\u00e4 vastaava johtaja: Vararehtori Heikki Malinen Rekisterist\u00e4 vastaavan prosessin omistaja: Kansainv\u00e4lisen toiminnan p\u00e4\u00e4llikk\u00f6 Nina Bj\u00f6rn Sis\u00e4ll\u00f6lliset p\u00e4\u00e4k\u00e4ytt\u00e4j\u00e4t: Kansainv\u00e4listen asioiden suunnittelija Miska [&hellip;]<\/p>\n","protected":false},"author":178,"featured_media":0,"parent":541,"menu_order":0,"comment_status":"closed","ping_status":"closed","template":"","meta":{"_acf_changed":false,"_relevanssi_hide_post":"","_relevanssi_hide_content":"","_relevanssi_pin_for_all":"","_relevanssi_pin_keywords":"","_relevanssi_unpin_keywords":"","_relevanssi_related_keywords":"","_relevanssi_related_include_ids":"","_relevanssi_related_exclude_ids":"","_relevanssi_related_no_append":"","_relevanssi_related_not_related":"","_relevanssi_related_posts":"","_relevanssi_noindex_reason":"","footnotes":""},"categories":[1],"tags":[76],"class_list":["post-138","page","type-page","status-publish","hentry","category-yleinen","tag-tietosuojaseloste"],"acf":[],"yoast_head":"<!-- This site is optimized with the Yoast SEO plugin v27.4 - https:\/\/yoast.com\/product\/yoast-seo-wordpress\/ -->\n<title>Tietosuojaseloste - Kansainv\u00e4lisen liikkuvuuden hallinnointi - Tietosuoja<\/title>\n<meta name=\"robots\" content=\"index, follow, max-snippet:-1, max-image-preview:large, max-video-preview:-1\" \/>\n<link rel=\"canonical\" href=\"https:\/\/help.jamk.fi\/tietosuoja\/fi\/opiskelija-opetus\/kansainvalisen-liikkuvuuden-hallinnointi-tietosuojaseloste\/\" \/>\n<meta property=\"og:locale\" content=\"fi_FI\" \/>\n<meta property=\"og:type\" content=\"article\" \/>\n<meta property=\"og:title\" content=\"Tietosuojaseloste - Kansainv\u00e4lisen liikkuvuuden hallinnointi - Tietosuoja\" \/>\n<meta property=\"og:description\" content=\"EU -tietosuoja-asetus (2016\/679) P\u00e4ivitetty 20.2.2019 1 Rekisterin nimi Kansainv\u00e4lisen liikkuvuuden hallinnointi 2 Rekisterinpit\u00e4j\u00e4 Jyv\u00e4skyl\u00e4n ammattikorkeakoulu OyPL 207, 40101 Jyv\u00e4skyl\u00e4+358 20 743 8100 J\u00e4rjestelm\u00e4toimittajan tietosuojaseloste (linkki sivustolle tulossa) 3 Yhteyshenkil\u00f6 rekisteri\u00e4 koskevissa asioissa, yhteystiedot virka-aikana Rekisterist\u00e4 vastaava johtaja: Vararehtori Heikki Malinen Rekisterist\u00e4 vastaavan prosessin omistaja: Kansainv\u00e4lisen toiminnan p\u00e4\u00e4llikk\u00f6 Nina Bj\u00f6rn Sis\u00e4ll\u00f6lliset p\u00e4\u00e4k\u00e4ytt\u00e4j\u00e4t: Kansainv\u00e4listen asioiden suunnittelija Miska [&hellip;]\" \/>\n<meta property=\"og:url\" content=\"https:\/\/help.jamk.fi\/tietosuoja\/fi\/opiskelija-opetus\/kansainvalisen-liikkuvuuden-hallinnointi-tietosuojaseloste\/\" \/>\n<meta property=\"og:site_name\" content=\"Tietosuoja\" \/>\n<meta property=\"article:modified_time\" content=\"2024-01-02T11:42:16+00:00\" \/>\n<meta name=\"twitter:card\" content=\"summary_large_image\" \/>\n<meta name=\"twitter:label1\" content=\"Arvioitu lukuaika\" \/>\n\t<meta name=\"twitter:data1\" content=\"4 minuuttia\" \/>\n<script type=\"application\/ld+json\" class=\"yoast-schema-graph\">{\"@context\":\"https:\\\/\\\/schema.org\",\"@graph\":[{\"@type\":\"WebPage\",\"@id\":\"https:\\\/\\\/help.jamk.fi\\\/tietosuoja\\\/fi\\\/opiskelija-opetus\\\/kansainvalisen-liikkuvuuden-hallinnointi-tietosuojaseloste\\\/\",\"url\":\"https:\\\/\\\/help.jamk.fi\\\/tietosuoja\\\/fi\\\/opiskelija-opetus\\\/kansainvalisen-liikkuvuuden-hallinnointi-tietosuojaseloste\\\/\",\"name\":\"Tietosuojaseloste - Kansainv\u00e4lisen liikkuvuuden hallinnointi - Tietosuoja\",\"isPartOf\":{\"@id\":\"https:\\\/\\\/help.jamk.fi\\\/tietosuoja\\\/#website\"},\"datePublished\":\"2020-04-08T07:08:36+00:00\",\"dateModified\":\"2024-01-02T11:42:16+00:00\",\"breadcrumb\":{\"@id\":\"https:\\\/\\\/help.jamk.fi\\\/tietosuoja\\\/fi\\\/opiskelija-opetus\\\/kansainvalisen-liikkuvuuden-hallinnointi-tietosuojaseloste\\\/#breadcrumb\"},\"inLanguage\":\"fi\",\"potentialAction\":[{\"@type\":\"ReadAction\",\"target\":[\"https:\\\/\\\/help.jamk.fi\\\/tietosuoja\\\/fi\\\/opiskelija-opetus\\\/kansainvalisen-liikkuvuuden-hallinnointi-tietosuojaseloste\\\/\"]}]},{\"@type\":\"BreadcrumbList\",\"@id\":\"https:\\\/\\\/help.jamk.fi\\\/tietosuoja\\\/fi\\\/opiskelija-opetus\\\/kansainvalisen-liikkuvuuden-hallinnointi-tietosuojaseloste\\\/#breadcrumb\",\"itemListElement\":[{\"@type\":\"ListItem\",\"position\":1,\"name\":\"Etusivu\",\"item\":\"https:\\\/\\\/help.jamk.fi\\\/tietosuoja\\\/fi\\\/\"},{\"@type\":\"ListItem\",\"position\":2,\"name\":\"Opiskelija &#8211; Opetus\",\"item\":\"https:\\\/\\\/help.jamk.fi\\\/tietosuoja\\\/fi\\\/opiskelija-opetus\\\/\"},{\"@type\":\"ListItem\",\"position\":3,\"name\":\"Tietosuojaseloste &#8211; Kansainv\u00e4lisen liikkuvuuden hallinnointi\"}]},{\"@type\":\"WebSite\",\"@id\":\"https:\\\/\\\/help.jamk.fi\\\/tietosuoja\\\/#website\",\"url\":\"https:\\\/\\\/help.jamk.fi\\\/tietosuoja\\\/\",\"name\":\"Tietosuoja\",\"description\":\"\",\"potentialAction\":[{\"@type\":\"SearchAction\",\"target\":{\"@type\":\"EntryPoint\",\"urlTemplate\":\"https:\\\/\\\/help.jamk.fi\\\/tietosuoja\\\/?s={search_term_string}\"},\"query-input\":{\"@type\":\"PropertyValueSpecification\",\"valueRequired\":true,\"valueName\":\"search_term_string\"}}],\"inLanguage\":\"fi\"}]}<\/script>\n<!-- \/ Yoast SEO plugin. -->","yoast_head_json":{"title":"Tietosuojaseloste - Kansainv\u00e4lisen liikkuvuuden hallinnointi - Tietosuoja","robots":{"index":"index","follow":"follow","max-snippet":"max-snippet:-1","max-image-preview":"max-image-preview:large","max-video-preview":"max-video-preview:-1"},"canonical":"https:\/\/help.jamk.fi\/tietosuoja\/fi\/opiskelija-opetus\/kansainvalisen-liikkuvuuden-hallinnointi-tietosuojaseloste\/","og_locale":"fi_FI","og_type":"article","og_title":"Tietosuojaseloste - Kansainv\u00e4lisen liikkuvuuden hallinnointi - Tietosuoja","og_description":"EU -tietosuoja-asetus (2016\/679) P\u00e4ivitetty 20.2.2019 1 Rekisterin nimi Kansainv\u00e4lisen liikkuvuuden hallinnointi 2 Rekisterinpit\u00e4j\u00e4 Jyv\u00e4skyl\u00e4n ammattikorkeakoulu OyPL 207, 40101 Jyv\u00e4skyl\u00e4+358 20 743 8100 J\u00e4rjestelm\u00e4toimittajan tietosuojaseloste (linkki sivustolle tulossa) 3 Yhteyshenkil\u00f6 rekisteri\u00e4 koskevissa asioissa, yhteystiedot virka-aikana Rekisterist\u00e4 vastaava johtaja: Vararehtori Heikki Malinen Rekisterist\u00e4 vastaavan prosessin omistaja: Kansainv\u00e4lisen toiminnan p\u00e4\u00e4llikk\u00f6 Nina Bj\u00f6rn Sis\u00e4ll\u00f6lliset p\u00e4\u00e4k\u00e4ytt\u00e4j\u00e4t: Kansainv\u00e4listen asioiden suunnittelija Miska [&hellip;]","og_url":"https:\/\/help.jamk.fi\/tietosuoja\/fi\/opiskelija-opetus\/kansainvalisen-liikkuvuuden-hallinnointi-tietosuojaseloste\/","og_site_name":"Tietosuoja","article_modified_time":"2024-01-02T11:42:16+00:00","twitter_card":"summary_large_image","twitter_misc":{"Arvioitu lukuaika":"4 minuuttia"},"schema":{"@context":"https:\/\/schema.org","@graph":[{"@type":"WebPage","@id":"https:\/\/help.jamk.fi\/tietosuoja\/fi\/opiskelija-opetus\/kansainvalisen-liikkuvuuden-hallinnointi-tietosuojaseloste\/","url":"https:\/\/help.jamk.fi\/tietosuoja\/fi\/opiskelija-opetus\/kansainvalisen-liikkuvuuden-hallinnointi-tietosuojaseloste\/","name":"Tietosuojaseloste - Kansainv\u00e4lisen liikkuvuuden hallinnointi - Tietosuoja","isPartOf":{"@id":"https:\/\/help.jamk.fi\/tietosuoja\/#website"},"datePublished":"2020-04-08T07:08:36+00:00","dateModified":"2024-01-02T11:42:16+00:00","breadcrumb":{"@id":"https:\/\/help.jamk.fi\/tietosuoja\/fi\/opiskelija-opetus\/kansainvalisen-liikkuvuuden-hallinnointi-tietosuojaseloste\/#breadcrumb"},"inLanguage":"fi","potentialAction":[{"@type":"ReadAction","target":["https:\/\/help.jamk.fi\/tietosuoja\/fi\/opiskelija-opetus\/kansainvalisen-liikkuvuuden-hallinnointi-tietosuojaseloste\/"]}]},{"@type":"BreadcrumbList","@id":"https:\/\/help.jamk.fi\/tietosuoja\/fi\/opiskelija-opetus\/kansainvalisen-liikkuvuuden-hallinnointi-tietosuojaseloste\/#breadcrumb","itemListElement":[{"@type":"ListItem","position":1,"name":"Etusivu","item":"https:\/\/help.jamk.fi\/tietosuoja\/fi\/"},{"@type":"ListItem","position":2,"name":"Opiskelija &#8211; Opetus","item":"https:\/\/help.jamk.fi\/tietosuoja\/fi\/opiskelija-opetus\/"},{"@type":"ListItem","position":3,"name":"Tietosuojaseloste &#8211; Kansainv\u00e4lisen liikkuvuuden hallinnointi"}]},{"@type":"WebSite","@id":"https:\/\/help.jamk.fi\/tietosuoja\/#website","url":"https:\/\/help.jamk.fi\/tietosuoja\/","name":"Tietosuoja","description":"","potentialAction":[{"@type":"SearchAction","target":{"@type":"EntryPoint","urlTemplate":"https:\/\/help.jamk.fi\/tietosuoja\/?s={search_term_string}"},"query-input":{"@type":"PropertyValueSpecification","valueRequired":true,"valueName":"search_term_string"}}],"inLanguage":"fi"}]}},"_links":{"self":[{"href":"https:\/\/help.jamk.fi\/tietosuoja\/wp-json\/wp\/v2\/pages\/138","targetHints":{"allow":["GET"]}}],"collection":[{"href":"https:\/\/help.jamk.fi\/tietosuoja\/wp-json\/wp\/v2\/pages"}],"about":[{"href":"https:\/\/help.jamk.fi\/tietosuoja\/wp-json\/wp\/v2\/types\/page"}],"author":[{"embeddable":true,"href":"https:\/\/help.jamk.fi\/tietosuoja\/wp-json\/wp\/v2\/users\/178"}],"replies":[{"embeddable":true,"href":"https:\/\/help.jamk.fi\/tietosuoja\/wp-json\/wp\/v2\/comments?post=138"}],"version-history":[{"count":2,"href":"https:\/\/help.jamk.fi\/tietosuoja\/wp-json\/wp\/v2\/pages\/138\/revisions"}],"predecessor-version":[{"id":795,"href":"https:\/\/help.jamk.fi\/tietosuoja\/wp-json\/wp\/v2\/pages\/138\/revisions\/795"}],"up":[{"embeddable":true,"href":"https:\/\/help.jamk.fi\/tietosuoja\/wp-json\/wp\/v2\/pages\/541"}],"wp:attachment":[{"href":"https:\/\/help.jamk.fi\/tietosuoja\/wp-json\/wp\/v2\/media?parent=138"}],"wp:term":[{"taxonomy":"category","embeddable":true,"href":"https:\/\/help.jamk.fi\/tietosuoja\/wp-json\/wp\/v2\/categories?post=138"},{"taxonomy":"post_tag","embeddable":true,"href":"https:\/\/help.jamk.fi\/tietosuoja\/wp-json\/wp\/v2\/tags?post=138"}],"curies":[{"name":"wp","href":"https:\/\/api.w.org\/{rel}","templated":true}]}}