{"id":141,"date":"2020-05-14T12:46:09","date_gmt":"2020-05-14T09:46:09","guid":{"rendered":"https:\/\/help.jamk.fi\/tietosuoja\/valokuvamallirekisteri-tietosuojaseloste\/"},"modified":"2023-12-18T12:34:49","modified_gmt":"2023-12-18T10:34:49","slug":"valokuvamallirekisteri-tietosuojaseloste","status":"publish","type":"page","link":"https:\/\/help.jamk.fi\/tietosuoja\/fi\/sidosryhmat\/valokuvamallirekisteri-tietosuojaseloste\/","title":{"rendered":"Tietosuojaseloste &#8211; Valokuvamallirekisteri"},"content":{"rendered":"\n<p><a href=\"http:\/\/eur-lex.europa.eu\/legal-content\/FI\/TXT\/?uri=uriserv:OJ.L_.2016.119.01.0001.01.FIN&amp;toc=OJ:L:2016:119:FULL\"><strong>EU -tietosuoja-asetus (2016\/679)<\/strong><\/a><\/p>\n\n\n\n<p>P\u00e4ivitetty 14.5.2020<\/p>\n\n\n\n<p><strong>1 Rekisterin nimi<\/strong><\/p>\n\n\n\n<p>Valokuvamallirekisteri<\/p>\n\n\n\n<p><strong>2 Rekisterinpit\u00e4j\u00e4<\/strong><\/p>\n\n\n\n<p>Jyv\u00e4skyl\u00e4n ammattikorkeakoulu Oy<br>PL 207, 40101 Jyv\u00e4skyl\u00e4<br>+358 20 743 8100<\/p>\n\n\n\n<p><strong>3 Yhteyshenkil\u00f6 rekisteri\u00e4 koskevissa asioissa, yhteystiedot virka-aikana<\/strong><\/p>\n\n\n\n<p>Rekisterist\u00e4 vastaava johtaja: Hallintojohtaja Mikko R. Salminen<\/p>\n\n\n\n<p>Rekisterist\u00e4 vastaavan prosessin omistaja: Markkinointip\u00e4\u00e4llikk\u00f6 Heli Toivola<\/p>\n\n\n\n<p>Sis\u00e4ll\u00f6lliset p\u00e4\u00e4k\u00e4ytt\u00e4j\u00e4t: Markkinointipalvelut<br>Tekninen p\u00e4\u00e4k\u00e4ytt\u00e4j\u00e4: ICT-palvelut<\/p>\n\n\n\n<p>etunimi.sukunimi[a]jamk.fi<\/p>\n\n\n\n<p><strong>4 Henkil\u00f6tietojen k\u00e4sittely ja sen tarkoitus<\/strong><\/p>\n\n\n\n<p>Jamkin markkinointi, henkil\u00f6iden ilmoittautuminen valokuvausmalliksi<\/p>\n\n\n\n<p><strong>5 Rekisterin tietosis\u00e4lt\u00f6<\/strong><\/p>\n\n\n\n<p>Rekister\u00f6idyt ryhm\u00e4t: Jamkin valokuvamallit<\/p>\n\n\n\n<p><strong>Ker\u00e4t\u00e4\u00e4n pakolliset tiedot<\/strong><\/p>\n\n\n\n<ul class=\"wp-block-list\">\n<li>Nimi<\/li>\n\n\n\n<li>S\u00e4hk\u00f6postiosoite ja puhelinnumero<\/li>\n\n\n\n<li>Valokuva<\/li>\n<\/ul>\n\n\n\n<p><strong>6 K\u00e4sittelyperuste<\/strong><\/p>\n\n\n\n<p>Henkil\u00f6tietojen k\u00e4sittelyperuste on suostumus.<\/p>\n\n\n\n<p><strong>7 S\u00e4\u00e4nn\u00f6nmukaiset tietol\u00e4hteet<\/strong><\/p>\n\n\n\n<p>Henkil\u00f6ilt\u00e4 itselt\u00e4\u00e4n<\/p>\n\n\n\n<p><strong>8 S\u00e4\u00e4nn\u00f6nmukaiset tietojen luovutukset ja tietojen siirto EU:n tai Euroopan talousalueen ulkopuolelle<\/strong><\/p>\n\n\n\n<p>Tietoja ei luovuteta kolmansille tahoille eik\u00e4 EU:n ja ETA:n ulkopuolelle.<\/p>\n\n\n\n<p>Rekisterin henkil\u00f6tietojen k\u00e4sittely on ulkoistettu toimeksiantosopimuksella Kari Media Group Oy:n v\u00e4liaikaiseen tietokantaan, jonka j\u00e4lkeen ne siirret\u00e4\u00e4n Jyv\u00e4skyl\u00e4n Ammattikorkeakoulu Oy:n rekisteriin. Siirron j\u00e4lkeen henkil\u00f6tiedot tuhotaan v\u00e4liaikaisesta tietokannasta.<\/p>\n\n\n\n<p><strong>9 Rekisterin suojauksen periaatteet<\/strong><\/p>\n\n\n\n<p>Tiedot on suojattu k\u00e4ytt\u00f6oikeuksilla (henkil\u00f6kohtainen tunnus, salasana) ja laitteiden fyysisell\u00e4 suojauksella. Oikeudet n\u00e4hd\u00e4 ja tehd\u00e4 muutoksia tietosis\u00e4lt\u00f6\u00f6n m\u00e4\u00e4r\u00e4ytyv\u00e4t k\u00e4ytt\u00e4j\u00e4tunnuksen ja siihen liitetyn roolin perusteella. Ty\u00f6ntekij\u00f6ill\u00e4 on oikeus n\u00e4hd\u00e4\/muokata vain sellaisia tietoja, joita he ty\u00f6teht\u00e4viss\u00e4\u00e4n tarvitsevat. J\u00e4rjestelm\u00e4n k\u00e4ytt\u00f6oikeus poistetaan henkil\u00f6n siirtyess\u00e4 pois niist\u00e4 teht\u00e4vist\u00e4, joita varten h\u00e4nelle on my\u00f6nnetty k\u00e4ytt\u00f6oikeus.<\/p>\n\n\n\n<p><strong>10 Henkil\u00f6tietojen s\u00e4ilytt\u00e4misaika tai s\u00e4ilytt\u00e4misajan m\u00e4\u00e4ritt\u00e4miskriteerit<\/strong><\/p>\n\n\n\n<p>Henkil\u00f6tietoja s\u00e4ilytet\u00e4\u00e4n Jyv\u00e4skyl\u00e4n ammattikorkeakoulun asiakastiedon j\u00e4rjestelm\u00e4ss\u00e4 jatkok\u00e4ytt\u00f6\u00e4 varten (kuvaukset).<\/p>\n\n\n\n<p><strong>11 Profilointi ja automaattinen p\u00e4\u00e4t\u00f6ksenteko<\/strong><\/p>\n\n\n\n<p>Henkil\u00f6tietoihin liittyv\u00e4\u00e4 automatisoitua profilointia eik\u00e4 p\u00e4\u00e4t\u00f6ksentekoa ei tehd\u00e4.<\/p>\n\n\n\n<p><strong>12 Rekister\u00f6idyn oikeudet<\/strong><\/p>\n\n\n\n<p>Lis\u00e4tietoa tietosuojasta, rekister\u00f6idyn oikeuksista ja niiden toteuttamisesta&nbsp;kerrotaan <a href=\"https:\/\/www.jamk.fi\/fi\/jamk\/tietosuoja-jamkissa\">Jamkin tietosuojalausekkeessa<\/a> ja <a href=\"https:\/\/www.jamk.fi\/fi\/jamk\/tietosuoja-jamkissa\">Rekister\u00f6idyn oikeudet<\/a>-sivulla.<\/p>\n","protected":false},"excerpt":{"rendered":"<p>EU -tietosuoja-asetus (2016\/679) P\u00e4ivitetty 14.5.2020 1 Rekisterin nimi Valokuvamallirekisteri 2 Rekisterinpit\u00e4j\u00e4 Jyv\u00e4skyl\u00e4n ammattikorkeakoulu OyPL 207, 40101 Jyv\u00e4skyl\u00e4+358 20 743 8100 3 Yhteyshenkil\u00f6 rekisteri\u00e4 koskevissa asioissa, yhteystiedot virka-aikana Rekisterist\u00e4 vastaava johtaja: Hallintojohtaja Mikko R. Salminen Rekisterist\u00e4 vastaavan prosessin omistaja: Markkinointip\u00e4\u00e4llikk\u00f6 Heli Toivola Sis\u00e4ll\u00f6lliset p\u00e4\u00e4k\u00e4ytt\u00e4j\u00e4t: MarkkinointipalvelutTekninen p\u00e4\u00e4k\u00e4ytt\u00e4j\u00e4: ICT-palvelut etunimi.sukunimi[a]jamk.fi 4 Henkil\u00f6tietojen k\u00e4sittely ja sen tarkoitus Jamkin markkinointi, [&hellip;]<\/p>\n","protected":false},"author":178,"featured_media":0,"parent":544,"menu_order":0,"comment_status":"closed","ping_status":"closed","template":"","meta":{"_acf_changed":false,"_relevanssi_hide_post":"","_relevanssi_hide_content":"","_relevanssi_pin_for_all":"","_relevanssi_pin_keywords":"","_relevanssi_unpin_keywords":"","_relevanssi_related_keywords":"","_relevanssi_related_include_ids":"","_relevanssi_related_exclude_ids":"","_relevanssi_related_no_append":"","_relevanssi_related_not_related":"","_relevanssi_related_posts":"","_relevanssi_noindex_reason":"","footnotes":""},"categories":[],"tags":[76],"class_list":["post-141","page","type-page","status-publish","hentry","tag-tietosuojaseloste"],"acf":[],"yoast_head":"<!-- This site is optimized with the Yoast SEO plugin v27.4 - https:\/\/yoast.com\/product\/yoast-seo-wordpress\/ -->\n<title>Tietosuojaseloste - Valokuvamallirekisteri - Tietosuoja<\/title>\n<meta name=\"robots\" content=\"index, follow, max-snippet:-1, max-image-preview:large, max-video-preview:-1\" \/>\n<link rel=\"canonical\" href=\"https:\/\/help.jamk.fi\/tietosuoja\/fi\/sidosryhmat\/valokuvamallirekisteri-tietosuojaseloste\/\" \/>\n<meta property=\"og:locale\" content=\"fi_FI\" \/>\n<meta property=\"og:type\" content=\"article\" \/>\n<meta property=\"og:title\" content=\"Tietosuojaseloste - Valokuvamallirekisteri - Tietosuoja\" \/>\n<meta property=\"og:description\" content=\"EU -tietosuoja-asetus (2016\/679) P\u00e4ivitetty 14.5.2020 1 Rekisterin nimi Valokuvamallirekisteri 2 Rekisterinpit\u00e4j\u00e4 Jyv\u00e4skyl\u00e4n ammattikorkeakoulu OyPL 207, 40101 Jyv\u00e4skyl\u00e4+358 20 743 8100 3 Yhteyshenkil\u00f6 rekisteri\u00e4 koskevissa asioissa, yhteystiedot virka-aikana Rekisterist\u00e4 vastaava johtaja: Hallintojohtaja Mikko R. Salminen Rekisterist\u00e4 vastaavan prosessin omistaja: Markkinointip\u00e4\u00e4llikk\u00f6 Heli Toivola Sis\u00e4ll\u00f6lliset p\u00e4\u00e4k\u00e4ytt\u00e4j\u00e4t: MarkkinointipalvelutTekninen p\u00e4\u00e4k\u00e4ytt\u00e4j\u00e4: ICT-palvelut etunimi.sukunimi[a]jamk.fi 4 Henkil\u00f6tietojen k\u00e4sittely ja sen tarkoitus Jamkin markkinointi, [&hellip;]\" \/>\n<meta property=\"og:url\" content=\"https:\/\/help.jamk.fi\/tietosuoja\/fi\/sidosryhmat\/valokuvamallirekisteri-tietosuojaseloste\/\" \/>\n<meta property=\"og:site_name\" content=\"Tietosuoja\" \/>\n<meta property=\"article:modified_time\" content=\"2023-12-18T10:34:49+00:00\" \/>\n<meta name=\"twitter:card\" content=\"summary_large_image\" \/>\n<meta name=\"twitter:label1\" content=\"Arvioitu lukuaika\" \/>\n\t<meta name=\"twitter:data1\" content=\"2 minuuttia\" \/>\n<script type=\"application\/ld+json\" class=\"yoast-schema-graph\">{\"@context\":\"https:\\\/\\\/schema.org\",\"@graph\":[{\"@type\":\"WebPage\",\"@id\":\"https:\\\/\\\/help.jamk.fi\\\/tietosuoja\\\/fi\\\/sidosryhmat\\\/valokuvamallirekisteri-tietosuojaseloste\\\/\",\"url\":\"https:\\\/\\\/help.jamk.fi\\\/tietosuoja\\\/fi\\\/sidosryhmat\\\/valokuvamallirekisteri-tietosuojaseloste\\\/\",\"name\":\"Tietosuojaseloste - Valokuvamallirekisteri - Tietosuoja\",\"isPartOf\":{\"@id\":\"https:\\\/\\\/help.jamk.fi\\\/tietosuoja\\\/#website\"},\"datePublished\":\"2020-05-14T09:46:09+00:00\",\"dateModified\":\"2023-12-18T10:34:49+00:00\",\"breadcrumb\":{\"@id\":\"https:\\\/\\\/help.jamk.fi\\\/tietosuoja\\\/fi\\\/sidosryhmat\\\/valokuvamallirekisteri-tietosuojaseloste\\\/#breadcrumb\"},\"inLanguage\":\"fi\",\"potentialAction\":[{\"@type\":\"ReadAction\",\"target\":[\"https:\\\/\\\/help.jamk.fi\\\/tietosuoja\\\/fi\\\/sidosryhmat\\\/valokuvamallirekisteri-tietosuojaseloste\\\/\"]}]},{\"@type\":\"BreadcrumbList\",\"@id\":\"https:\\\/\\\/help.jamk.fi\\\/tietosuoja\\\/fi\\\/sidosryhmat\\\/valokuvamallirekisteri-tietosuojaseloste\\\/#breadcrumb\",\"itemListElement\":[{\"@type\":\"ListItem\",\"position\":1,\"name\":\"Etusivu\",\"item\":\"https:\\\/\\\/help.jamk.fi\\\/tietosuoja\\\/fi\\\/\"},{\"@type\":\"ListItem\",\"position\":2,\"name\":\"Sidosryhm\u00e4t\",\"item\":\"https:\\\/\\\/help.jamk.fi\\\/tietosuoja\\\/fi\\\/sidosryhmat\\\/\"},{\"@type\":\"ListItem\",\"position\":3,\"name\":\"Tietosuojaseloste &#8211; Valokuvamallirekisteri\"}]},{\"@type\":\"WebSite\",\"@id\":\"https:\\\/\\\/help.jamk.fi\\\/tietosuoja\\\/#website\",\"url\":\"https:\\\/\\\/help.jamk.fi\\\/tietosuoja\\\/\",\"name\":\"Tietosuoja\",\"description\":\"\",\"potentialAction\":[{\"@type\":\"SearchAction\",\"target\":{\"@type\":\"EntryPoint\",\"urlTemplate\":\"https:\\\/\\\/help.jamk.fi\\\/tietosuoja\\\/?s={search_term_string}\"},\"query-input\":{\"@type\":\"PropertyValueSpecification\",\"valueRequired\":true,\"valueName\":\"search_term_string\"}}],\"inLanguage\":\"fi\"}]}<\/script>\n<!-- \/ Yoast SEO plugin. -->","yoast_head_json":{"title":"Tietosuojaseloste - Valokuvamallirekisteri - Tietosuoja","robots":{"index":"index","follow":"follow","max-snippet":"max-snippet:-1","max-image-preview":"max-image-preview:large","max-video-preview":"max-video-preview:-1"},"canonical":"https:\/\/help.jamk.fi\/tietosuoja\/fi\/sidosryhmat\/valokuvamallirekisteri-tietosuojaseloste\/","og_locale":"fi_FI","og_type":"article","og_title":"Tietosuojaseloste - Valokuvamallirekisteri - Tietosuoja","og_description":"EU -tietosuoja-asetus (2016\/679) P\u00e4ivitetty 14.5.2020 1 Rekisterin nimi Valokuvamallirekisteri 2 Rekisterinpit\u00e4j\u00e4 Jyv\u00e4skyl\u00e4n ammattikorkeakoulu OyPL 207, 40101 Jyv\u00e4skyl\u00e4+358 20 743 8100 3 Yhteyshenkil\u00f6 rekisteri\u00e4 koskevissa asioissa, yhteystiedot virka-aikana Rekisterist\u00e4 vastaava johtaja: Hallintojohtaja Mikko R. Salminen Rekisterist\u00e4 vastaavan prosessin omistaja: Markkinointip\u00e4\u00e4llikk\u00f6 Heli Toivola Sis\u00e4ll\u00f6lliset p\u00e4\u00e4k\u00e4ytt\u00e4j\u00e4t: MarkkinointipalvelutTekninen p\u00e4\u00e4k\u00e4ytt\u00e4j\u00e4: ICT-palvelut etunimi.sukunimi[a]jamk.fi 4 Henkil\u00f6tietojen k\u00e4sittely ja sen tarkoitus Jamkin markkinointi, [&hellip;]","og_url":"https:\/\/help.jamk.fi\/tietosuoja\/fi\/sidosryhmat\/valokuvamallirekisteri-tietosuojaseloste\/","og_site_name":"Tietosuoja","article_modified_time":"2023-12-18T10:34:49+00:00","twitter_card":"summary_large_image","twitter_misc":{"Arvioitu lukuaika":"2 minuuttia"},"schema":{"@context":"https:\/\/schema.org","@graph":[{"@type":"WebPage","@id":"https:\/\/help.jamk.fi\/tietosuoja\/fi\/sidosryhmat\/valokuvamallirekisteri-tietosuojaseloste\/","url":"https:\/\/help.jamk.fi\/tietosuoja\/fi\/sidosryhmat\/valokuvamallirekisteri-tietosuojaseloste\/","name":"Tietosuojaseloste - Valokuvamallirekisteri - Tietosuoja","isPartOf":{"@id":"https:\/\/help.jamk.fi\/tietosuoja\/#website"},"datePublished":"2020-05-14T09:46:09+00:00","dateModified":"2023-12-18T10:34:49+00:00","breadcrumb":{"@id":"https:\/\/help.jamk.fi\/tietosuoja\/fi\/sidosryhmat\/valokuvamallirekisteri-tietosuojaseloste\/#breadcrumb"},"inLanguage":"fi","potentialAction":[{"@type":"ReadAction","target":["https:\/\/help.jamk.fi\/tietosuoja\/fi\/sidosryhmat\/valokuvamallirekisteri-tietosuojaseloste\/"]}]},{"@type":"BreadcrumbList","@id":"https:\/\/help.jamk.fi\/tietosuoja\/fi\/sidosryhmat\/valokuvamallirekisteri-tietosuojaseloste\/#breadcrumb","itemListElement":[{"@type":"ListItem","position":1,"name":"Etusivu","item":"https:\/\/help.jamk.fi\/tietosuoja\/fi\/"},{"@type":"ListItem","position":2,"name":"Sidosryhm\u00e4t","item":"https:\/\/help.jamk.fi\/tietosuoja\/fi\/sidosryhmat\/"},{"@type":"ListItem","position":3,"name":"Tietosuojaseloste &#8211; Valokuvamallirekisteri"}]},{"@type":"WebSite","@id":"https:\/\/help.jamk.fi\/tietosuoja\/#website","url":"https:\/\/help.jamk.fi\/tietosuoja\/","name":"Tietosuoja","description":"","potentialAction":[{"@type":"SearchAction","target":{"@type":"EntryPoint","urlTemplate":"https:\/\/help.jamk.fi\/tietosuoja\/?s={search_term_string}"},"query-input":{"@type":"PropertyValueSpecification","valueRequired":true,"valueName":"search_term_string"}}],"inLanguage":"fi"}]}},"_links":{"self":[{"href":"https:\/\/help.jamk.fi\/tietosuoja\/wp-json\/wp\/v2\/pages\/141","targetHints":{"allow":["GET"]}}],"collection":[{"href":"https:\/\/help.jamk.fi\/tietosuoja\/wp-json\/wp\/v2\/pages"}],"about":[{"href":"https:\/\/help.jamk.fi\/tietosuoja\/wp-json\/wp\/v2\/types\/page"}],"author":[{"embeddable":true,"href":"https:\/\/help.jamk.fi\/tietosuoja\/wp-json\/wp\/v2\/users\/178"}],"replies":[{"embeddable":true,"href":"https:\/\/help.jamk.fi\/tietosuoja\/wp-json\/wp\/v2\/comments?post=141"}],"version-history":[{"count":2,"href":"https:\/\/help.jamk.fi\/tietosuoja\/wp-json\/wp\/v2\/pages\/141\/revisions"}],"predecessor-version":[{"id":684,"href":"https:\/\/help.jamk.fi\/tietosuoja\/wp-json\/wp\/v2\/pages\/141\/revisions\/684"}],"up":[{"embeddable":true,"href":"https:\/\/help.jamk.fi\/tietosuoja\/wp-json\/wp\/v2\/pages\/544"}],"wp:attachment":[{"href":"https:\/\/help.jamk.fi\/tietosuoja\/wp-json\/wp\/v2\/media?parent=141"}],"wp:term":[{"taxonomy":"category","embeddable":true,"href":"https:\/\/help.jamk.fi\/tietosuoja\/wp-json\/wp\/v2\/categories?post=141"},{"taxonomy":"post_tag","embeddable":true,"href":"https:\/\/help.jamk.fi\/tietosuoja\/wp-json\/wp\/v2\/tags?post=141"}],"curies":[{"name":"wp","href":"https:\/\/api.w.org\/{rel}","templated":true}]}}