{"id":176,"date":"2022-01-11T13:40:04","date_gmt":"2022-01-11T11:40:04","guid":{"rendered":"https:\/\/help.jamk.fi\/tietosuoja\/lyhytkurssijarjestelman-tietosuojaseloste\/"},"modified":"2024-01-05T15:57:05","modified_gmt":"2024-01-05T13:57:05","slug":"lyhytkurssijarjestelman-tietosuojaseloste","status":"publish","type":"page","link":"https:\/\/help.jamk.fi\/tietosuoja\/fi\/opiskelija-opetus\/lyhytkurssijarjestelman-tietosuojaseloste\/","title":{"rendered":"Tietosuojaseloste &#8211; Lyhytkurssij\u00e4rjestelm\u00e4n"},"content":{"rendered":"\n<p>Lyhytkurssij\u00e4rjestelm\u00e4n tietosuojaseloste<\/p>\n\n\n\n<p>Tietosuojaseloste perustuu kansalliseen tietosuojalains\u00e4\u00e4d\u00e4nt\u00f6\u00f6n 5.12.2018\/1050.<\/p>\n\n\n\n<h2 class=\"wp-block-heading\">1 Rekisterinpit\u00e4j\u00e4<\/h2>\n\n\n\n<p>Jyv\u00e4skyl\u00e4n ammattikorkeakoulu Oy<br>PL 207, 40101 Jyv\u00e4skyl\u00e4<br>+358 20 743 8100<\/p>\n\n\n\n<h2 class=\"wp-block-heading\">2 Yhteyshenkil\u00f6 rekisteri\u00e4 koskevissa asioissa, yhteystiedot virka-aikana<\/h2>\n\n\n\n<p>Sis\u00e4ll\u00f6lliset p\u00e4\u00e4k\u00e4ytt\u00e4j\u00e4t: Anne Luukkonen<br>Tekninen p\u00e4\u00e4k\u00e4ytt\u00e4j\u00e4: Kimmo H\u00e4m\u00e4l\u00e4inen<br>etunimi.sukunimi@jamk.fi<br>Rajakatu 35, 40200 Jyv\u00e4skyl\u00e4<\/p>\n\n\n\n<h2 class=\"wp-block-heading\">3 Rekisterin nimi<\/h2>\n\n\n\n<p>Lyhytkurssij\u00e4rjestelm\u00e4<\/p>\n\n\n\n<h2 class=\"wp-block-heading\">4 Henkil\u00f6tietojen k\u00e4sittely ja sen tarkoitus<\/h2>\n\n\n\n<p>Henkil\u00f6tietoja ker\u00e4t\u00e4\u00e4n Jyv\u00e4skyl\u00e4n ammattikorkeakoulun (Jamk) avoimen ammattikorkeakoulun, t\u00e4ydennys- ja erikoistumiskoulutusten sek\u00e4 tilauskoulutusten j\u00e4rjest\u00e4miseksi. Jamkin verkkotunnuksen luomiseen ja tietojen k\u00e4sittelyyn Peppi-opintotietoj\u00e4rjestelm\u00e4ss\u00e4 tarvitaan my\u00f6s henkil\u00f6tunnus. Maksullinen koulutus edellytt\u00e4\u00e4 my\u00f6s maksajan (henkil\u00f6n\/ty\u00f6nantajan) yhteystietoja.<\/p>\n\n\n\n<p>Henkil\u00f6tietoja k\u00e4sitell\u00e4\u00e4n ja yll\u00e4pidet\u00e4\u00e4n kansallisen tietosuojalains\u00e4\u00e4d\u00e4nn\u00f6n ja tietosuoja-asetuksen mukaisesti. Tietoja k\u00e4sittelev\u00e4t vain ne Jyv\u00e4skyl\u00e4n ammattikorkeakoulun ty\u00f6ntekij\u00e4t, joille on my\u00f6nnetty p\u00e4\u00e4sy j\u00e4rjestelm\u00e4\u00e4n ja joiden teht\u00e4viin henkil\u00f6tietojen k\u00e4sittely kuuluu.<\/p>\n\n\n\n<p>Henkil\u00f6tiedot tallennetaan j\u00e4rjestelm\u00e4n henkil\u00f6rekisteriin. Opiskelun mahdollistamiseksi ne siirret\u00e4\u00e4n ohjelmallisesti Jyv\u00e4skyl\u00e4n ammattikorkeakoulun yll\u00e4pit\u00e4m\u00e4\u00e4n Peppi-opintotietoj\u00e4rjestelm\u00e4\u00e4n.<\/p>\n\n\n\n<p>Henkil\u00f6tiedot h\u00e4vitet\u00e4\u00e4n j\u00e4rjestelm\u00e4st\u00e4 sen j\u00e4lkeen, kun koulutuksesta on kulunut kaksi (2) vuotta. Tietoja voi poistaa vain sis\u00e4ll\u00f6llinen p\u00e4\u00e4k\u00e4ytt\u00e4j\u00e4.<\/p>\n\n\n\n<h2 class=\"wp-block-heading\">5 Rekisterin tietosis\u00e4lt\u00f6<\/h2>\n\n\n\n<p>Henkil\u00f6 antaa itse ilmoittautumisen yhteydess\u00e4 seuraavat tiedot:<\/p>\n\n\n\n<p>Pakolliset tiedot<\/p>\n\n\n\n<ul class=\"wp-block-list\">\n<li>Nimi<\/li>\n\n\n\n<li>Henkil\u00f6tunnus (niill\u00e4, joilla on suomalainen henkil\u00f6tunnus)<\/li>\n\n\n\n<li>Syntym\u00e4aika (riitt\u00e4\u00e4 vain niilt\u00e4, joilla ei ole suomalaista henkil\u00f6tunnusta)<\/li>\n\n\n\n<li>Kotiosoite<\/li>\n\n\n\n<li>Postinumero<\/li>\n\n\n\n<li>Postitoimipaikka<\/li>\n\n\n\n<li>Kotikunta<\/li>\n\n\n\n<li>S\u00e4hk\u00f6postiosoite<\/li>\n\n\n\n<li>Puhelinnumero<\/li>\n<\/ul>\n\n\n\n<p>Vapaaehtoiset tiedot<\/p>\n\n\n\n<ul class=\"wp-block-list\">\n<li>Sukupuoli<\/li>\n\n\n\n<li>Ammatti\/ nimike<\/li>\n\n\n\n<li>Ty\u00f6nantaja<\/li>\n\n\n\n<li>Maa (muu kuin Suomi)<\/li>\n\n\n\n<li>Kotimaa<\/li>\n<\/ul>\n\n\n\n<p><\/p>\n\n\n\n<h2 class=\"wp-block-heading\">6 S\u00e4\u00e4nn\u00f6nmukaiset tietol\u00e4hteet<\/h2>\n\n\n\n<p>Lyhytkurssij\u00e4rjestelm\u00e4n kautta ilmoittautuvat kirjaavat tietonsa s\u00e4hk\u00f6isell\u00e4 lomakkeella ilmoittautumisen yhteydess\u00e4.<br><\/p>\n\n\n\n<h2 class=\"wp-block-heading\">7 S\u00e4\u00e4nn\u00f6nmukaiset tietojen luovutukset ja tietojen siirto EU:n tai Euroopan talousalueen ulkopuolelle<\/h2>\n\n\n\n<p>Tietoja ei luovuteta ulkopuoliseen k\u00e4ytt\u00f6\u00f6n. J\u00e4rjestelm\u00e4toimittaja (Asio-Data Oy) voi tarvittaessa pyynn\u00f6st\u00e4 tarkistaa Lyhytkurssij\u00e4rjestelm\u00e4st\u00e4, jos jonkun k\u00e4ytt\u00f6oikeuksissa on ongelmia. N\u00e4ilt\u00e4 henkil\u00f6ilt\u00e4 on tiedossa vain nimi ja k\u00e4ytt\u00e4j\u00e4tunnus.<\/p>\n\n\n\n<p>Ei s\u00e4\u00e4nn\u00f6nmukaisia tietojen luovutuksia EU:n tai ETA:n ulkopuolelle.<br><\/p>\n\n\n\n<h2 class=\"wp-block-heading\">8 Rekisterin suojauksen periaatteet<\/h2>\n\n\n\n<h3 class=\"wp-block-heading\">A Manuaalinen aineisto<\/h3>\n\n\n\n<p>Ei manuaalista aineistoa.<\/p>\n\n\n\n<h3 class=\"wp-block-heading\">B. S\u00e4hk\u00f6isesti k\u00e4sitelt\u00e4v\u00e4t tiedot<\/h3>\n\n\n\n<p>J\u00e4rjestelm\u00e4\u00e4n p\u00e4\u00e4sy on rajattu Jamkissa ty\u00f6teht\u00e4vien mukaisesti tietyille henkil\u00f6ille. J\u00e4rjestelm\u00e4n k\u00e4ytt\u00f6 edellytt\u00e4\u00e4 henkil\u00f6kohtaista k\u00e4ytt\u00e4j\u00e4tunnusta ja salasanaa.<br><\/p>\n\n\n\n<h2 class=\"wp-block-heading\">9 Tarkastusoikeus<\/h2>\n\n\n\n<p>Jokaisella on oikeus saada tarkastaa itse\u00e4\u00e4n koskevat tiedot. Tarkastuspyynt\u00f6 tulee tehd\u00e4 kirjallisesti. Tarkastuspyynn\u00f6t osoitetaan: Jyv\u00e4skyl\u00e4n ammattikorkeakoulu, Koulutuksen kehitt\u00e4mispalvelut, PL 207, 40101 Jyv\u00e4skyl\u00e4. K\u00e4yntiosoite Rajakatu 35, 40200 Jyv\u00e4skyl\u00e4, puh. +358 20 743 8100.<br><\/p>\n\n\n\n<h2 class=\"wp-block-heading\">10 Oikeus vaatia tiedon korjaamista<\/h2>\n\n\n\n<p>Jokaisella on oikeus vaatia rekisteriss\u00e4 olevan virheellisen tiedon korjaamista. Korjaamispyynt\u00f6 on syyt\u00e4 tehd\u00e4 kirjallisesti ja riitt\u00e4v\u00e4n yksil\u00f6idysti. Tarkastuspyynn\u00f6t osoitetaan: Jyv\u00e4skyl\u00e4n ammattikorkeakoulu, Koulutuksen kehitt\u00e4mispalvelut, PL 207, 40101 Jyv\u00e4skyl\u00e4. K\u00e4yntiosoite Rajakatu 35, 40200 Jyv\u00e4skyl\u00e4, puh. +358 20 743 8100.<br><\/p>\n\n\n\n<h2 class=\"wp-block-heading\">11 Muut henkil\u00f6tietojen k\u00e4sittelyyn liittyv\u00e4t oikeudet<\/h2>\n\n\n\n<p>Jokainen voi kielt\u00e4\u00e4 itse\u00e4\u00e4n koskevien henkil\u00f6tietojen k\u00e4sittelyn. T\u00e4ll\u00f6in tiedot poistetaan rekisterist\u00e4. Mahdolliset tietojen k\u00e4sittelemist\u00e4 koskevat kiellot pyydet\u00e4\u00e4n l\u00e4hett\u00e4m\u00e4\u00e4n kirjallisesti osoitteeseen: Jyv\u00e4skyl\u00e4n ammattikorkeakoulu, Koulutuksen kehitt\u00e4mispalvelut, PL 207, 40101 Jyv\u00e4skyl\u00e4. K\u00e4yntiosoite Rajakatu 35, 40200 Jyv\u00e4skyl\u00e4, puh. +358 20 743 8100.<\/p>\n\n\n\n<p>P\u00e4ivitetty 10.1.2022<\/p>\n\n\n\n<p><a href=\"https:\/\/amp.jamk.fi\/asio\/kurssiilmo\/jamk\/index.php\">Palaa takaisin ilmoittautumaan<\/a><\/p>\n","protected":false},"excerpt":{"rendered":"<p>Lyhytkurssij\u00e4rjestelm\u00e4n tietosuojaseloste Tietosuojaseloste perustuu kansalliseen tietosuojalains\u00e4\u00e4d\u00e4nt\u00f6\u00f6n 5.12.2018\/1050. 1 Rekisterinpit\u00e4j\u00e4 Jyv\u00e4skyl\u00e4n ammattikorkeakoulu OyPL 207, 40101 Jyv\u00e4skyl\u00e4+358 20 743 8100 2 Yhteyshenkil\u00f6 rekisteri\u00e4 koskevissa asioissa, yhteystiedot virka-aikana Sis\u00e4ll\u00f6lliset p\u00e4\u00e4k\u00e4ytt\u00e4j\u00e4t: Anne LuukkonenTekninen p\u00e4\u00e4k\u00e4ytt\u00e4j\u00e4: Kimmo H\u00e4m\u00e4l\u00e4inenetunimi.sukunimi@jamk.fiRajakatu 35, 40200 Jyv\u00e4skyl\u00e4 3 Rekisterin nimi Lyhytkurssij\u00e4rjestelm\u00e4 4 Henkil\u00f6tietojen k\u00e4sittely ja sen tarkoitus Henkil\u00f6tietoja ker\u00e4t\u00e4\u00e4n Jyv\u00e4skyl\u00e4n ammattikorkeakoulun (Jamk) avoimen ammattikorkeakoulun, t\u00e4ydennys- ja erikoistumiskoulutusten [&hellip;]<\/p>\n","protected":false},"author":178,"featured_media":0,"parent":541,"menu_order":0,"comment_status":"closed","ping_status":"closed","template":"","meta":{"_acf_changed":false,"_relevanssi_hide_post":"","_relevanssi_hide_content":"","_relevanssi_pin_for_all":"","_relevanssi_pin_keywords":"","_relevanssi_unpin_keywords":"","_relevanssi_related_keywords":"","_relevanssi_related_include_ids":"","_relevanssi_related_exclude_ids":"","_relevanssi_related_no_append":"","_relevanssi_related_not_related":"","_relevanssi_related_posts":"","_relevanssi_noindex_reason":"","footnotes":""},"categories":[1],"tags":[76],"class_list":["post-176","page","type-page","status-publish","hentry","category-yleinen","tag-tietosuojaseloste"],"acf":[],"yoast_head":"<!-- This site is optimized with the Yoast SEO plugin v27.4 - https:\/\/yoast.com\/product\/yoast-seo-wordpress\/ -->\n<title>Tietosuojaseloste - Lyhytkurssij\u00e4rjestelm\u00e4n - Tietosuoja<\/title>\n<meta name=\"robots\" content=\"index, follow, max-snippet:-1, max-image-preview:large, max-video-preview:-1\" \/>\n<link rel=\"canonical\" href=\"https:\/\/help.jamk.fi\/tietosuoja\/fi\/opiskelija-opetus\/lyhytkurssijarjestelman-tietosuojaseloste\/\" \/>\n<meta property=\"og:locale\" content=\"fi_FI\" \/>\n<meta property=\"og:type\" content=\"article\" \/>\n<meta property=\"og:title\" content=\"Tietosuojaseloste - Lyhytkurssij\u00e4rjestelm\u00e4n - Tietosuoja\" \/>\n<meta property=\"og:description\" content=\"Lyhytkurssij\u00e4rjestelm\u00e4n tietosuojaseloste Tietosuojaseloste perustuu kansalliseen tietosuojalains\u00e4\u00e4d\u00e4nt\u00f6\u00f6n 5.12.2018\/1050. 1 Rekisterinpit\u00e4j\u00e4 Jyv\u00e4skyl\u00e4n ammattikorkeakoulu OyPL 207, 40101 Jyv\u00e4skyl\u00e4+358 20 743 8100 2 Yhteyshenkil\u00f6 rekisteri\u00e4 koskevissa asioissa, yhteystiedot virka-aikana Sis\u00e4ll\u00f6lliset p\u00e4\u00e4k\u00e4ytt\u00e4j\u00e4t: Anne LuukkonenTekninen p\u00e4\u00e4k\u00e4ytt\u00e4j\u00e4: Kimmo H\u00e4m\u00e4l\u00e4inenetunimi.sukunimi@jamk.fiRajakatu 35, 40200 Jyv\u00e4skyl\u00e4 3 Rekisterin nimi Lyhytkurssij\u00e4rjestelm\u00e4 4 Henkil\u00f6tietojen k\u00e4sittely ja sen tarkoitus Henkil\u00f6tietoja ker\u00e4t\u00e4\u00e4n Jyv\u00e4skyl\u00e4n ammattikorkeakoulun (Jamk) avoimen ammattikorkeakoulun, t\u00e4ydennys- ja erikoistumiskoulutusten [&hellip;]\" \/>\n<meta property=\"og:url\" content=\"https:\/\/help.jamk.fi\/tietosuoja\/fi\/opiskelija-opetus\/lyhytkurssijarjestelman-tietosuojaseloste\/\" \/>\n<meta property=\"og:site_name\" content=\"Tietosuoja\" \/>\n<meta property=\"article:modified_time\" content=\"2024-01-05T13:57:05+00:00\" \/>\n<meta name=\"twitter:card\" content=\"summary_large_image\" \/>\n<meta name=\"twitter:label1\" content=\"Arvioitu lukuaika\" \/>\n\t<meta name=\"twitter:data1\" content=\"3 minuuttia\" \/>\n<script type=\"application\/ld+json\" class=\"yoast-schema-graph\">{\"@context\":\"https:\\\/\\\/schema.org\",\"@graph\":[{\"@type\":\"WebPage\",\"@id\":\"https:\\\/\\\/help.jamk.fi\\\/tietosuoja\\\/fi\\\/opiskelija-opetus\\\/lyhytkurssijarjestelman-tietosuojaseloste\\\/\",\"url\":\"https:\\\/\\\/help.jamk.fi\\\/tietosuoja\\\/fi\\\/opiskelija-opetus\\\/lyhytkurssijarjestelman-tietosuojaseloste\\\/\",\"name\":\"Tietosuojaseloste - Lyhytkurssij\u00e4rjestelm\u00e4n - Tietosuoja\",\"isPartOf\":{\"@id\":\"https:\\\/\\\/help.jamk.fi\\\/tietosuoja\\\/#website\"},\"datePublished\":\"2022-01-11T11:40:04+00:00\",\"dateModified\":\"2024-01-05T13:57:05+00:00\",\"breadcrumb\":{\"@id\":\"https:\\\/\\\/help.jamk.fi\\\/tietosuoja\\\/fi\\\/opiskelija-opetus\\\/lyhytkurssijarjestelman-tietosuojaseloste\\\/#breadcrumb\"},\"inLanguage\":\"fi\",\"potentialAction\":[{\"@type\":\"ReadAction\",\"target\":[\"https:\\\/\\\/help.jamk.fi\\\/tietosuoja\\\/fi\\\/opiskelija-opetus\\\/lyhytkurssijarjestelman-tietosuojaseloste\\\/\"]}]},{\"@type\":\"BreadcrumbList\",\"@id\":\"https:\\\/\\\/help.jamk.fi\\\/tietosuoja\\\/fi\\\/opiskelija-opetus\\\/lyhytkurssijarjestelman-tietosuojaseloste\\\/#breadcrumb\",\"itemListElement\":[{\"@type\":\"ListItem\",\"position\":1,\"name\":\"Etusivu\",\"item\":\"https:\\\/\\\/help.jamk.fi\\\/tietosuoja\\\/fi\\\/\"},{\"@type\":\"ListItem\",\"position\":2,\"name\":\"Opiskelija &#8211; Opetus\",\"item\":\"https:\\\/\\\/help.jamk.fi\\\/tietosuoja\\\/fi\\\/opiskelija-opetus\\\/\"},{\"@type\":\"ListItem\",\"position\":3,\"name\":\"Tietosuojaseloste &#8211; Lyhytkurssij\u00e4rjestelm\u00e4n\"}]},{\"@type\":\"WebSite\",\"@id\":\"https:\\\/\\\/help.jamk.fi\\\/tietosuoja\\\/#website\",\"url\":\"https:\\\/\\\/help.jamk.fi\\\/tietosuoja\\\/\",\"name\":\"Tietosuoja\",\"description\":\"\",\"potentialAction\":[{\"@type\":\"SearchAction\",\"target\":{\"@type\":\"EntryPoint\",\"urlTemplate\":\"https:\\\/\\\/help.jamk.fi\\\/tietosuoja\\\/?s={search_term_string}\"},\"query-input\":{\"@type\":\"PropertyValueSpecification\",\"valueRequired\":true,\"valueName\":\"search_term_string\"}}],\"inLanguage\":\"fi\"}]}<\/script>\n<!-- \/ Yoast SEO plugin. -->","yoast_head_json":{"title":"Tietosuojaseloste - Lyhytkurssij\u00e4rjestelm\u00e4n - Tietosuoja","robots":{"index":"index","follow":"follow","max-snippet":"max-snippet:-1","max-image-preview":"max-image-preview:large","max-video-preview":"max-video-preview:-1"},"canonical":"https:\/\/help.jamk.fi\/tietosuoja\/fi\/opiskelija-opetus\/lyhytkurssijarjestelman-tietosuojaseloste\/","og_locale":"fi_FI","og_type":"article","og_title":"Tietosuojaseloste - Lyhytkurssij\u00e4rjestelm\u00e4n - Tietosuoja","og_description":"Lyhytkurssij\u00e4rjestelm\u00e4n tietosuojaseloste Tietosuojaseloste perustuu kansalliseen tietosuojalains\u00e4\u00e4d\u00e4nt\u00f6\u00f6n 5.12.2018\/1050. 1 Rekisterinpit\u00e4j\u00e4 Jyv\u00e4skyl\u00e4n ammattikorkeakoulu OyPL 207, 40101 Jyv\u00e4skyl\u00e4+358 20 743 8100 2 Yhteyshenkil\u00f6 rekisteri\u00e4 koskevissa asioissa, yhteystiedot virka-aikana Sis\u00e4ll\u00f6lliset p\u00e4\u00e4k\u00e4ytt\u00e4j\u00e4t: Anne LuukkonenTekninen p\u00e4\u00e4k\u00e4ytt\u00e4j\u00e4: Kimmo H\u00e4m\u00e4l\u00e4inenetunimi.sukunimi@jamk.fiRajakatu 35, 40200 Jyv\u00e4skyl\u00e4 3 Rekisterin nimi Lyhytkurssij\u00e4rjestelm\u00e4 4 Henkil\u00f6tietojen k\u00e4sittely ja sen tarkoitus Henkil\u00f6tietoja ker\u00e4t\u00e4\u00e4n Jyv\u00e4skyl\u00e4n ammattikorkeakoulun (Jamk) avoimen ammattikorkeakoulun, t\u00e4ydennys- ja erikoistumiskoulutusten [&hellip;]","og_url":"https:\/\/help.jamk.fi\/tietosuoja\/fi\/opiskelija-opetus\/lyhytkurssijarjestelman-tietosuojaseloste\/","og_site_name":"Tietosuoja","article_modified_time":"2024-01-05T13:57:05+00:00","twitter_card":"summary_large_image","twitter_misc":{"Arvioitu lukuaika":"3 minuuttia"},"schema":{"@context":"https:\/\/schema.org","@graph":[{"@type":"WebPage","@id":"https:\/\/help.jamk.fi\/tietosuoja\/fi\/opiskelija-opetus\/lyhytkurssijarjestelman-tietosuojaseloste\/","url":"https:\/\/help.jamk.fi\/tietosuoja\/fi\/opiskelija-opetus\/lyhytkurssijarjestelman-tietosuojaseloste\/","name":"Tietosuojaseloste - Lyhytkurssij\u00e4rjestelm\u00e4n - Tietosuoja","isPartOf":{"@id":"https:\/\/help.jamk.fi\/tietosuoja\/#website"},"datePublished":"2022-01-11T11:40:04+00:00","dateModified":"2024-01-05T13:57:05+00:00","breadcrumb":{"@id":"https:\/\/help.jamk.fi\/tietosuoja\/fi\/opiskelija-opetus\/lyhytkurssijarjestelman-tietosuojaseloste\/#breadcrumb"},"inLanguage":"fi","potentialAction":[{"@type":"ReadAction","target":["https:\/\/help.jamk.fi\/tietosuoja\/fi\/opiskelija-opetus\/lyhytkurssijarjestelman-tietosuojaseloste\/"]}]},{"@type":"BreadcrumbList","@id":"https:\/\/help.jamk.fi\/tietosuoja\/fi\/opiskelija-opetus\/lyhytkurssijarjestelman-tietosuojaseloste\/#breadcrumb","itemListElement":[{"@type":"ListItem","position":1,"name":"Etusivu","item":"https:\/\/help.jamk.fi\/tietosuoja\/fi\/"},{"@type":"ListItem","position":2,"name":"Opiskelija &#8211; Opetus","item":"https:\/\/help.jamk.fi\/tietosuoja\/fi\/opiskelija-opetus\/"},{"@type":"ListItem","position":3,"name":"Tietosuojaseloste &#8211; Lyhytkurssij\u00e4rjestelm\u00e4n"}]},{"@type":"WebSite","@id":"https:\/\/help.jamk.fi\/tietosuoja\/#website","url":"https:\/\/help.jamk.fi\/tietosuoja\/","name":"Tietosuoja","description":"","potentialAction":[{"@type":"SearchAction","target":{"@type":"EntryPoint","urlTemplate":"https:\/\/help.jamk.fi\/tietosuoja\/?s={search_term_string}"},"query-input":{"@type":"PropertyValueSpecification","valueRequired":true,"valueName":"search_term_string"}}],"inLanguage":"fi"}]}},"_links":{"self":[{"href":"https:\/\/help.jamk.fi\/tietosuoja\/wp-json\/wp\/v2\/pages\/176","targetHints":{"allow":["GET"]}}],"collection":[{"href":"https:\/\/help.jamk.fi\/tietosuoja\/wp-json\/wp\/v2\/pages"}],"about":[{"href":"https:\/\/help.jamk.fi\/tietosuoja\/wp-json\/wp\/v2\/types\/page"}],"author":[{"embeddable":true,"href":"https:\/\/help.jamk.fi\/tietosuoja\/wp-json\/wp\/v2\/users\/178"}],"replies":[{"embeddable":true,"href":"https:\/\/help.jamk.fi\/tietosuoja\/wp-json\/wp\/v2\/comments?post=176"}],"version-history":[{"count":4,"href":"https:\/\/help.jamk.fi\/tietosuoja\/wp-json\/wp\/v2\/pages\/176\/revisions"}],"predecessor-version":[{"id":834,"href":"https:\/\/help.jamk.fi\/tietosuoja\/wp-json\/wp\/v2\/pages\/176\/revisions\/834"}],"up":[{"embeddable":true,"href":"https:\/\/help.jamk.fi\/tietosuoja\/wp-json\/wp\/v2\/pages\/541"}],"wp:attachment":[{"href":"https:\/\/help.jamk.fi\/tietosuoja\/wp-json\/wp\/v2\/media?parent=176"}],"wp:term":[{"taxonomy":"category","embeddable":true,"href":"https:\/\/help.jamk.fi\/tietosuoja\/wp-json\/wp\/v2\/categories?post=176"},{"taxonomy":"post_tag","embeddable":true,"href":"https:\/\/help.jamk.fi\/tietosuoja\/wp-json\/wp\/v2\/tags?post=176"}],"curies":[{"name":"wp","href":"https:\/\/api.w.org\/{rel}","templated":true}]}}