{"id":182,"date":"2022-01-18T13:53:26","date_gmt":"2022-01-18T11:53:26","guid":{"rendered":"https:\/\/help.jamk.fi\/tietosuoja\/tietosuojaseloste-workseed\/"},"modified":"2023-12-18T12:34:10","modified_gmt":"2023-12-18T10:34:10","slug":"tietosuojaseloste-workseed","status":"publish","type":"page","link":"https:\/\/help.jamk.fi\/tietosuoja\/fi\/opiskelija-opetus\/tietosuojaseloste-workseed\/","title":{"rendered":"Tietosuojaseloste \u2013 Workseed"},"content":{"rendered":"\n<p><a href=\"https:\/\/eur-lex.europa.eu\/legal-content\/FI\/TXT\/?uri=uriserv:OJ.L_.2016.119.01.0001.01.FIN&amp;toc=OJ:L:2016:119:FULL\">EU yleinen tietosuoja-asetus<\/a> (2016\/679)<\/p>\n\n\n\n<p>P\u00e4ivitetty 17.1.2022<\/p>\n\n\n\n<p><strong>1 Rekisterin nimi<\/strong><\/p>\n\n\n\n<p>Workseed<\/p>\n\n\n\n<p><strong>2 Rekisterinpit\u00e4j\u00e4<\/strong><\/p>\n\n\n\n<p>Jyv\u00e4skyl\u00e4n Ammattikorkeakoulu Oy<br>PL 207, 40101 Jyv\u00e4skyl\u00e4<br>+358 20 743 8100<\/p>\n\n\n\n<p>Palveluntarjoajan\/j\u00e4rjestelm\u00e4toimittajan tietosuojaseloste saatavissa sis\u00e4ll\u00f6lliselt\u00e4 p\u00e4\u00e4k\u00e4ytt\u00e4j\u00e4lt\u00e4.<\/p>\n\n\n\n<p><strong>3 Yhteyshenkil\u00f6 rekisteri\u00e4 koskevissa asioissa, yhteystiedot virka-aikana<\/strong><\/p>\n\n\n\n<figure class=\"wp-block-table\"><table><tbody><tr><td>Rekisterist\u00e4 vastaava johtaja tai prosessin omistaja<\/td><td>Sirpa Tuomi<\/td><\/tr><tr><td>Nimike<\/td><td>Koulutuksen kehitt\u00e4misp\u00e4\u00e4llikk\u00f6<\/td><\/tr><tr><td>Yksikk\u00f6\/Tukipalvelu<\/td><td>Hallinto\/Koulutuksen kehitt\u00e4mispalvelut<\/td><\/tr><tr><td>Sis\u00e4ll\u00f6llinen p\u00e4\u00e4k\u00e4ytt\u00e4j\u00e4<\/td><td>Rika Nakamura<\/td><\/tr><tr><td>Nimike<\/td><td>Suunnittelija<\/td><\/tr><tr><td>Yksikk\u00f6\/Tukipalvelu<\/td><td>Hallinto\/Koulutuksen kehitt\u00e4mispalvelut<\/td><\/tr><tr><td>Tekninen p\u00e4\u00e4k\u00e4ytt\u00e4j\u00e4<\/td><td>Kimmo H\u00e4m\u00e4l\u00e4inen<\/td><\/tr><tr><td>Nimike<\/td><td>J\u00e4rjestelm\u00e4suunnittelija<\/td><\/tr><tr><td>Yksikk\u00f6\/Tukipalvelu<\/td><td>Hallinto\/ICT-palvelut<\/td><\/tr><\/tbody><\/table><\/figure>\n\n\n\n<p><strong>4 Henkil\u00f6tietojen k\u00e4sittelyn tarkoitus<\/strong><\/p>\n\n\n\n<p>Opetuksen j\u00e4rjest\u00e4minen, tarkemmin opiskelijoiden harjoittelu. Opiskelijoiden harjoitteluun ja opinnollistamiseen liittyvien sopimusten ja teht\u00e4vien laatiminen ja arviointi.<\/p>\n\n\n\n<p><strong>5 Rekisterin tietosis\u00e4lt\u00f6 ja rekister\u00f6ityjen ryhm\u00e4t<\/strong><\/p>\n\n\n\n<p>Yhteyshenkil\u00f6t vastaavat siit\u00e4, ett\u00e4 henkil\u00f6tietoja k\u00e4sitell\u00e4\u00e4n <a href=\"https:\/\/intra.jamk.fi\/opiskelijat\/Sivut\/Webropol_k\u00e4ytt\u00f6s\u00e4\u00e4nn\u00f6t.aspx\">Jamkin henkil\u00f6tietojen k\u00e4sittelyohjeen<\/a> mukaisesti.<\/p>\n\n\n\n<p>Rekister\u00f6ityjen ryhm\u00e4t: 1) Harjoittelun ohjaajat ty\u00f6paikalla, 2) Harjoittelun ohjaajat ja opinnollistamisesta vastaavat opettajat Jamkissa ja 3) Opiskelijat<\/p>\n\n\n\n<p>Workseedi\u00e4 k\u00e4ytt\u00e4vien opiskelijoiden henkil\u00f6tietoina rekisteriin voidaan tallentaa<\/p>\n\n\n\n<p>&#8211; Nimi<\/p>\n\n\n\n<p>&#8211; K\u00e4ytt\u00e4j\u00e4tunnus<\/p>\n\n\n\n<p>&#8211; Kuva<\/p>\n\n\n\n<p>&#8211; Yhteystiedot kuten s\u00e4hk\u00f6postiosoite<\/p>\n\n\n\n<p>Tiedot tallennetaan p\u00e4\u00e4syn mahdollistamiseksi Palveluun ja k\u00e4ytt\u00e4j\u00e4n tunnistamiseksi, jotta Workseedi\u00e4 voidaan k\u00e4ytt\u00e4\u00e4 aiotulla tavalla.<\/p>\n\n\n\n<p>&nbsp;Workseedi\u00e4 k\u00e4ytt\u00e4vien opettajien henkil\u00f6tietoina rekisteriin voidaan tallentaa<\/p>\n\n\n\n<p>&#8211; Nimi<\/p>\n\n\n\n<p>&#8211; K\u00e4ytt\u00e4j\u00e4tunnus<\/p>\n\n\n\n<p>&#8211; Kuva<\/p>\n\n\n\n<p>&#8211; Yhteystiedot kuten s\u00e4hk\u00f6postiosoite<\/p>\n\n\n\n<p>Tiedot tallennetaan p\u00e4\u00e4syn mahdollistamiseksi Workseediin ja k\u00e4ytt\u00e4j\u00e4n tunnistamiseksi sek\u00e4 jotta opiskelijoiden oppimisprosessin hallinnointiin ja opiskelijoiden arviointiin liittyv\u00e4t, Workseedin sis\u00e4ll\u00e4 toteutettavat teht\u00e4v\u00e4t, voidaan ohjata esim. oikeille opettajille.<\/p>\n\n\n\n<p>Workseedi\u00e4 k\u00e4ytt\u00e4vien harjoittelukohteissa toimivien opiskelijoiden ohjaajien ja muiden tukihenkil\u00f6iden henkil\u00f6tietoina rekisteriin voidaan tallentaa:<\/p>\n\n\n\n<p>&#8211; Nimi<\/p>\n\n\n\n<p>&#8211; Yhteystiedot kuten s\u00e4hk\u00f6postiosoite ja puhelinnumero<\/p>\n\n\n\n<p>&#8211; Yrityksen tai harjoittelukohteen nimi ja yhteystiedot, kuten osoitetiedot<\/p>\n\n\n\n<p>Tiedot tallennetaan k\u00e4ytt\u00e4j\u00e4n p\u00e4\u00e4syn mahdollistamiseksi Workseediin ja k\u00e4ytt\u00e4j\u00e4n tunnistamiseksi, ja jotta opiskelijoiden oppimisprosessin hallinnointiin ja opiskelijoiden arviointiin liittyv\u00e4t, Workseedin sis\u00e4ll\u00e4 toteutettavat teht\u00e4v\u00e4t voidaan ohjata esim. oikeille ohjaajille. Yrityksen tai harjoittelukohteen yhteystietojen avulla opettajat identifioivat harjoittelukohteen.<\/p>\n\n\n\n<p>Workseed voi my\u00f6s k\u00e4sitell\u00e4 k\u00e4ytt\u00e4jien henkil\u00f6tietoja k\u00e4ytt\u00e4j\u00e4n ilmoittaman vian tai h\u00e4iri\u00f6n etsimiseksi tai korjaamiseksi tai toimittaakseen k\u00e4ytt\u00e4j\u00e4lle palveluun liittyv\u00e4\u00e4 asiakastukea tai palvelun kehitt\u00e4miseksi. N\u00e4it\u00e4 tarkoituksia varten ker\u00e4t\u00e4\u00e4n my\u00f6s tieto k\u00e4ytt\u00e4jien IP- osoitteista. K\u00e4sittelyn tarkoituksena on palvelun laadun, tietoturvan ja j\u00e4rjestelmien toimintakyvyn varmistaminen. Workseed takaa, ett\u00e4 kyseisiss\u00e4 tilanteissa k\u00e4ytt\u00e4jien henkil\u00f6tietoa ja aineistoa k\u00e4sitell\u00e4\u00e4n luottamuksellisesti ja vain siin\u00e4 m\u00e4\u00e4rin kuin on v\u00e4ltt\u00e4m\u00e4t\u00f6nt\u00e4 edell\u00e4 mainittujen tarkoitusten saavuttamiseksi.<\/p>\n\n\n\n<p>Mik\u00e4li opiskelija laatii harjoittelusuunnitelman ja -sopimuksen Workseediss\u00e4, tallentuvat seuraavat tiedot:<\/p>\n\n\n\n<p>&#8211; harjoittelun alkamisp\u00e4iv\u00e4m\u00e4\u00e4r\u00e4<\/p>\n\n\n\n<p>&#8211; harjoittelun p\u00e4\u00e4ttymisp\u00e4iv\u00e4m\u00e4\u00e4r\u00e4<\/p>\n\n\n\n<p>&#8211; ty\u00f6tuntien m\u00e4\u00e4r\u00e4 harjoittelussa<\/p>\n\n\n\n<p>&#8211; opintopisteet (ECTS)<\/p>\n\n\n\n<p>&#8211; oppimistavoitteet<\/p>\n\n\n\n<p>&#8211; opiskelijan ty\u00f6teht\u00e4v\u00e4t harjoittelussa<\/p>\n\n\n\n<p>&#8211; tieto tekeek\u00f6 opiskelija ty\u00f6sopimuksen harjoittelupaikan kanssa (kyll\u00e4\/ei)<\/p>\n\n\n\n<p>&#8211; liittyyk\u00f6 harjoitteluun TKI-ty\u00f6t\u00e4 (kyll\u00e4\/ei)<\/p>\n\n\n\n<p>&#8211; j\u00e4ljenn\u00f6s ty\u00f6todistuksesta (t\u00e4ss\u00e4 kohtaa pyydet\u00e4\u00e4n opiskelijaa peitt\u00e4m\u00e4\u00e4n tarpeettomat henkil\u00f6tiedot)<\/p>\n\n\n\n<p><strong>6 K\u00e4sittelyperuste<\/strong><\/p>\n\n\n\n<p>Jamkilla on oikeus k\u00e4sitell\u00e4 henkil\u00f6tietoja rekisterinpit\u00e4j\u00e4n\u00e4, koska k\u00e4sittely on tarpeen lakis\u00e4\u00e4teisen teht\u00e4v\u00e4n ja velvoitteen vuoksi. Oikeus voi perustua my\u00f6s sopimukseen tai suostumukseen. Opetuksen j\u00e4rjest\u00e4minen, opintoasioiden hoitaminen sek\u00e4 opetuksen ja oppimisen suunnittelu edellytt\u00e4v\u00e4t rekisterin olemassaoloa.<\/p>\n\n\n\n<p><strong>7 S\u00e4\u00e4nn\u00f6nmukaiset tietol\u00e4hteet<\/strong><\/p>\n\n\n\n<p>Tietol\u00e4hteet saadaan Jamkin Peppi-tietoj\u00e4rjestelm\u00e4st\u00e4, henkil\u00f6lt\u00e4 itselt\u00e4\u00e4n ja opiskelija sy\u00f6tt\u00e4\u00e4 harjoittelun ohjaajan (ty\u00f6el\u00e4m\u00e4n edustaja) tiedot: nimi, s\u00e4hk\u00f6postiosoite, puhelinnumero, organisaation nimi.<\/p>\n\n\n\n<p><strong>8 S\u00e4\u00e4nn\u00f6nmukaiset tietojen luovutukset ja tietojen siirto EU:n tai Euroopan talousalueen ulkopuolelle<\/strong><\/p>\n\n\n\n<p>Tietoja ei siirret\u00e4 EU:n tai ETA-alueen ulkopuolelle ja\/tai kansainv\u00e4lisille j\u00e4rjest\u00f6ille.<\/p>\n\n\n\n<p><strong>9 Rekisterin suojauksen periaatteet<\/strong><\/p>\n\n\n\n<p>Rekisterin k\u00e4sittelyss\u00e4 noudatetaan huolellisuutta ja tietoj\u00e4rjestelmien avulla k\u00e4sitelt\u00e4v\u00e4t tiedot suojataan asianmukaisesti. Kun rekisteritietoja s\u00e4ilytet\u00e4\u00e4n Internet-palvelimilla, niiden laitteiston fyysisest\u00e4 ja digitaalisesta tietoturvasta huolehditaan asiaankuuluvasti. Rekisterink\u00e4sittelij\u00e4 huolehtii siit\u00e4, ett\u00e4 tallennettuja tietoja sek\u00e4 palvelimien k\u00e4ytt\u00f6oikeuksia ja muita henkil\u00f6tietojen turvallisuuden kannalta kriittisi\u00e4 tietoja k\u00e4sitell\u00e4\u00e4n luottamuksellisesti ja vain niiden ty\u00f6ntekij\u00f6iden toimesta, joiden ty\u00f6nkuvaan se kuuluu.<\/p>\n\n\n\n<p><strong>10 Henkil\u00f6tietojen s\u00e4ilytt\u00e4misaika tai s\u00e4ilytt\u00e4misajan m\u00e4\u00e4ritt\u00e4miskriteerit<\/strong><\/p>\n\n\n\n<p>Tiedot s\u00e4ilyv\u00e4t rekisteriss\u00e4 niin kauan kuin opiskelijalla on opiskeluoikeus Jamkissa. Tietoja ei arkistoida erikseen. Tiedot h\u00e4vitet\u00e4\u00e4n rekisterist\u00e4, kun opiskelijan opinto-oikeus p\u00e4\u00e4ttyy.<\/p>\n\n\n\n<p><strong>11 Profilointi ja automaattinen p\u00e4\u00e4t\u00f6ksenteko<\/strong><\/p>\n\n\n\n<p>Rekisterin tietoja ei k\u00e4ytet\u00e4 automatisoituihin yksitt\u00e4isp\u00e4\u00e4t\u00f6ksiin eik\u00e4 profilointiin.<\/p>\n\n\n\n<p><strong>12 Rekister\u00f6idyn oikeudet<\/strong><\/p>\n\n\n\n<p>Tietosuojavastaavasta ja rekister\u00f6idyn oikeuksista ja niiden toteuttamisesta kerrotaan <a href=\"https:\/\/www.jamk.fi\/fi\/jamk\/tietosuoja-jamkissa\">Jamkin tietosuojalausekkeessa<\/a> ja <a href=\"https:\/\/www.jamk.fi\/fi\/jamk\/tietosuoja-jamkissa\">Rekister\u00f6idyn oikeudet<\/a>-sivulla.<\/p>\n\n\n\n<p><\/p>\n","protected":false},"excerpt":{"rendered":"<p>EU yleinen tietosuoja-asetus (2016\/679) P\u00e4ivitetty 17.1.2022 1 Rekisterin nimi Workseed 2 Rekisterinpit\u00e4j\u00e4 Jyv\u00e4skyl\u00e4n Ammattikorkeakoulu OyPL 207, 40101 Jyv\u00e4skyl\u00e4+358 20 743 8100 Palveluntarjoajan\/j\u00e4rjestelm\u00e4toimittajan tietosuojaseloste saatavissa sis\u00e4ll\u00f6lliselt\u00e4 p\u00e4\u00e4k\u00e4ytt\u00e4j\u00e4lt\u00e4. 3 Yhteyshenkil\u00f6 rekisteri\u00e4 koskevissa asioissa, yhteystiedot virka-aikana Rekisterist\u00e4 vastaava johtaja tai prosessin omistaja Sirpa Tuomi Nimike Koulutuksen kehitt\u00e4misp\u00e4\u00e4llikk\u00f6 Yksikk\u00f6\/Tukipalvelu Hallinto\/Koulutuksen kehitt\u00e4mispalvelut Sis\u00e4ll\u00f6llinen p\u00e4\u00e4k\u00e4ytt\u00e4j\u00e4 Rika Nakamura Nimike Suunnittelija Yksikk\u00f6\/Tukipalvelu Hallinto\/Koulutuksen [&hellip;]<\/p>\n","protected":false},"author":178,"featured_media":0,"parent":541,"menu_order":0,"comment_status":"closed","ping_status":"closed","template":"","meta":{"_acf_changed":false,"_relevanssi_hide_post":"","_relevanssi_hide_content":"","_relevanssi_pin_for_all":"","_relevanssi_pin_keywords":"","_relevanssi_unpin_keywords":"","_relevanssi_related_keywords":"","_relevanssi_related_include_ids":"","_relevanssi_related_exclude_ids":"","_relevanssi_related_no_append":"","_relevanssi_related_not_related":"","_relevanssi_related_posts":"","_relevanssi_noindex_reason":"","footnotes":""},"categories":[],"tags":[76],"class_list":["post-182","page","type-page","status-publish","hentry","tag-tietosuojaseloste"],"acf":[],"yoast_head":"<!-- This site is optimized with the Yoast SEO plugin v27.4 - https:\/\/yoast.com\/product\/yoast-seo-wordpress\/ -->\n<title>Tietosuojaseloste \u2013 Workseed - Tietosuoja<\/title>\n<meta name=\"robots\" content=\"index, follow, max-snippet:-1, max-image-preview:large, max-video-preview:-1\" \/>\n<link rel=\"canonical\" href=\"https:\/\/help.jamk.fi\/tietosuoja\/fi\/opiskelija-opetus\/tietosuojaseloste-workseed\/\" \/>\n<meta property=\"og:locale\" content=\"fi_FI\" \/>\n<meta property=\"og:type\" content=\"article\" \/>\n<meta property=\"og:title\" content=\"Tietosuojaseloste \u2013 Workseed - Tietosuoja\" \/>\n<meta property=\"og:description\" content=\"EU yleinen tietosuoja-asetus (2016\/679) P\u00e4ivitetty 17.1.2022 1 Rekisterin nimi Workseed 2 Rekisterinpit\u00e4j\u00e4 Jyv\u00e4skyl\u00e4n Ammattikorkeakoulu OyPL 207, 40101 Jyv\u00e4skyl\u00e4+358 20 743 8100 Palveluntarjoajan\/j\u00e4rjestelm\u00e4toimittajan tietosuojaseloste saatavissa sis\u00e4ll\u00f6lliselt\u00e4 p\u00e4\u00e4k\u00e4ytt\u00e4j\u00e4lt\u00e4. 3 Yhteyshenkil\u00f6 rekisteri\u00e4 koskevissa asioissa, yhteystiedot virka-aikana Rekisterist\u00e4 vastaava johtaja tai prosessin omistaja Sirpa Tuomi Nimike Koulutuksen kehitt\u00e4misp\u00e4\u00e4llikk\u00f6 Yksikk\u00f6\/Tukipalvelu Hallinto\/Koulutuksen kehitt\u00e4mispalvelut Sis\u00e4ll\u00f6llinen p\u00e4\u00e4k\u00e4ytt\u00e4j\u00e4 Rika Nakamura Nimike Suunnittelija Yksikk\u00f6\/Tukipalvelu Hallinto\/Koulutuksen [&hellip;]\" \/>\n<meta property=\"og:url\" content=\"https:\/\/help.jamk.fi\/tietosuoja\/fi\/opiskelija-opetus\/tietosuojaseloste-workseed\/\" \/>\n<meta property=\"og:site_name\" content=\"Tietosuoja\" \/>\n<meta property=\"article:modified_time\" content=\"2023-12-18T10:34:10+00:00\" \/>\n<meta name=\"twitter:card\" content=\"summary_large_image\" \/>\n<meta name=\"twitter:label1\" content=\"Arvioitu lukuaika\" \/>\n\t<meta name=\"twitter:data1\" content=\"4 minuuttia\" \/>\n<script type=\"application\/ld+json\" class=\"yoast-schema-graph\">{\"@context\":\"https:\\\/\\\/schema.org\",\"@graph\":[{\"@type\":\"WebPage\",\"@id\":\"https:\\\/\\\/help.jamk.fi\\\/tietosuoja\\\/fi\\\/opiskelija-opetus\\\/tietosuojaseloste-workseed\\\/\",\"url\":\"https:\\\/\\\/help.jamk.fi\\\/tietosuoja\\\/fi\\\/opiskelija-opetus\\\/tietosuojaseloste-workseed\\\/\",\"name\":\"Tietosuojaseloste \u2013 Workseed - Tietosuoja\",\"isPartOf\":{\"@id\":\"https:\\\/\\\/help.jamk.fi\\\/tietosuoja\\\/#website\"},\"datePublished\":\"2022-01-18T11:53:26+00:00\",\"dateModified\":\"2023-12-18T10:34:10+00:00\",\"breadcrumb\":{\"@id\":\"https:\\\/\\\/help.jamk.fi\\\/tietosuoja\\\/fi\\\/opiskelija-opetus\\\/tietosuojaseloste-workseed\\\/#breadcrumb\"},\"inLanguage\":\"fi\",\"potentialAction\":[{\"@type\":\"ReadAction\",\"target\":[\"https:\\\/\\\/help.jamk.fi\\\/tietosuoja\\\/fi\\\/opiskelija-opetus\\\/tietosuojaseloste-workseed\\\/\"]}]},{\"@type\":\"BreadcrumbList\",\"@id\":\"https:\\\/\\\/help.jamk.fi\\\/tietosuoja\\\/fi\\\/opiskelija-opetus\\\/tietosuojaseloste-workseed\\\/#breadcrumb\",\"itemListElement\":[{\"@type\":\"ListItem\",\"position\":1,\"name\":\"Etusivu\",\"item\":\"https:\\\/\\\/help.jamk.fi\\\/tietosuoja\\\/fi\\\/\"},{\"@type\":\"ListItem\",\"position\":2,\"name\":\"Opiskelija &#8211; Opetus\",\"item\":\"https:\\\/\\\/help.jamk.fi\\\/tietosuoja\\\/fi\\\/opiskelija-opetus\\\/\"},{\"@type\":\"ListItem\",\"position\":3,\"name\":\"Tietosuojaseloste \u2013 Workseed\"}]},{\"@type\":\"WebSite\",\"@id\":\"https:\\\/\\\/help.jamk.fi\\\/tietosuoja\\\/#website\",\"url\":\"https:\\\/\\\/help.jamk.fi\\\/tietosuoja\\\/\",\"name\":\"Tietosuoja\",\"description\":\"\",\"potentialAction\":[{\"@type\":\"SearchAction\",\"target\":{\"@type\":\"EntryPoint\",\"urlTemplate\":\"https:\\\/\\\/help.jamk.fi\\\/tietosuoja\\\/?s={search_term_string}\"},\"query-input\":{\"@type\":\"PropertyValueSpecification\",\"valueRequired\":true,\"valueName\":\"search_term_string\"}}],\"inLanguage\":\"fi\"}]}<\/script>\n<!-- \/ Yoast SEO plugin. -->","yoast_head_json":{"title":"Tietosuojaseloste \u2013 Workseed - Tietosuoja","robots":{"index":"index","follow":"follow","max-snippet":"max-snippet:-1","max-image-preview":"max-image-preview:large","max-video-preview":"max-video-preview:-1"},"canonical":"https:\/\/help.jamk.fi\/tietosuoja\/fi\/opiskelija-opetus\/tietosuojaseloste-workseed\/","og_locale":"fi_FI","og_type":"article","og_title":"Tietosuojaseloste \u2013 Workseed - Tietosuoja","og_description":"EU yleinen tietosuoja-asetus (2016\/679) P\u00e4ivitetty 17.1.2022 1 Rekisterin nimi Workseed 2 Rekisterinpit\u00e4j\u00e4 Jyv\u00e4skyl\u00e4n Ammattikorkeakoulu OyPL 207, 40101 Jyv\u00e4skyl\u00e4+358 20 743 8100 Palveluntarjoajan\/j\u00e4rjestelm\u00e4toimittajan tietosuojaseloste saatavissa sis\u00e4ll\u00f6lliselt\u00e4 p\u00e4\u00e4k\u00e4ytt\u00e4j\u00e4lt\u00e4. 3 Yhteyshenkil\u00f6 rekisteri\u00e4 koskevissa asioissa, yhteystiedot virka-aikana Rekisterist\u00e4 vastaava johtaja tai prosessin omistaja Sirpa Tuomi Nimike Koulutuksen kehitt\u00e4misp\u00e4\u00e4llikk\u00f6 Yksikk\u00f6\/Tukipalvelu Hallinto\/Koulutuksen kehitt\u00e4mispalvelut Sis\u00e4ll\u00f6llinen p\u00e4\u00e4k\u00e4ytt\u00e4j\u00e4 Rika Nakamura Nimike Suunnittelija Yksikk\u00f6\/Tukipalvelu Hallinto\/Koulutuksen [&hellip;]","og_url":"https:\/\/help.jamk.fi\/tietosuoja\/fi\/opiskelija-opetus\/tietosuojaseloste-workseed\/","og_site_name":"Tietosuoja","article_modified_time":"2023-12-18T10:34:10+00:00","twitter_card":"summary_large_image","twitter_misc":{"Arvioitu lukuaika":"4 minuuttia"},"schema":{"@context":"https:\/\/schema.org","@graph":[{"@type":"WebPage","@id":"https:\/\/help.jamk.fi\/tietosuoja\/fi\/opiskelija-opetus\/tietosuojaseloste-workseed\/","url":"https:\/\/help.jamk.fi\/tietosuoja\/fi\/opiskelija-opetus\/tietosuojaseloste-workseed\/","name":"Tietosuojaseloste \u2013 Workseed - Tietosuoja","isPartOf":{"@id":"https:\/\/help.jamk.fi\/tietosuoja\/#website"},"datePublished":"2022-01-18T11:53:26+00:00","dateModified":"2023-12-18T10:34:10+00:00","breadcrumb":{"@id":"https:\/\/help.jamk.fi\/tietosuoja\/fi\/opiskelija-opetus\/tietosuojaseloste-workseed\/#breadcrumb"},"inLanguage":"fi","potentialAction":[{"@type":"ReadAction","target":["https:\/\/help.jamk.fi\/tietosuoja\/fi\/opiskelija-opetus\/tietosuojaseloste-workseed\/"]}]},{"@type":"BreadcrumbList","@id":"https:\/\/help.jamk.fi\/tietosuoja\/fi\/opiskelija-opetus\/tietosuojaseloste-workseed\/#breadcrumb","itemListElement":[{"@type":"ListItem","position":1,"name":"Etusivu","item":"https:\/\/help.jamk.fi\/tietosuoja\/fi\/"},{"@type":"ListItem","position":2,"name":"Opiskelija &#8211; Opetus","item":"https:\/\/help.jamk.fi\/tietosuoja\/fi\/opiskelija-opetus\/"},{"@type":"ListItem","position":3,"name":"Tietosuojaseloste \u2013 Workseed"}]},{"@type":"WebSite","@id":"https:\/\/help.jamk.fi\/tietosuoja\/#website","url":"https:\/\/help.jamk.fi\/tietosuoja\/","name":"Tietosuoja","description":"","potentialAction":[{"@type":"SearchAction","target":{"@type":"EntryPoint","urlTemplate":"https:\/\/help.jamk.fi\/tietosuoja\/?s={search_term_string}"},"query-input":{"@type":"PropertyValueSpecification","valueRequired":true,"valueName":"search_term_string"}}],"inLanguage":"fi"}]}},"_links":{"self":[{"href":"https:\/\/help.jamk.fi\/tietosuoja\/wp-json\/wp\/v2\/pages\/182","targetHints":{"allow":["GET"]}}],"collection":[{"href":"https:\/\/help.jamk.fi\/tietosuoja\/wp-json\/wp\/v2\/pages"}],"about":[{"href":"https:\/\/help.jamk.fi\/tietosuoja\/wp-json\/wp\/v2\/types\/page"}],"author":[{"embeddable":true,"href":"https:\/\/help.jamk.fi\/tietosuoja\/wp-json\/wp\/v2\/users\/178"}],"replies":[{"embeddable":true,"href":"https:\/\/help.jamk.fi\/tietosuoja\/wp-json\/wp\/v2\/comments?post=182"}],"version-history":[{"count":1,"href":"https:\/\/help.jamk.fi\/tietosuoja\/wp-json\/wp\/v2\/pages\/182\/revisions"}],"predecessor-version":[{"id":378,"href":"https:\/\/help.jamk.fi\/tietosuoja\/wp-json\/wp\/v2\/pages\/182\/revisions\/378"}],"up":[{"embeddable":true,"href":"https:\/\/help.jamk.fi\/tietosuoja\/wp-json\/wp\/v2\/pages\/541"}],"wp:attachment":[{"href":"https:\/\/help.jamk.fi\/tietosuoja\/wp-json\/wp\/v2\/media?parent=182"}],"wp:term":[{"taxonomy":"category","embeddable":true,"href":"https:\/\/help.jamk.fi\/tietosuoja\/wp-json\/wp\/v2\/categories?post=182"},{"taxonomy":"post_tag","embeddable":true,"href":"https:\/\/help.jamk.fi\/tietosuoja\/wp-json\/wp\/v2\/tags?post=182"}],"curies":[{"name":"wp","href":"https:\/\/api.w.org\/{rel}","templated":true}]}}