{"id":209,"date":"2022-09-30T11:23:42","date_gmt":"2022-09-30T08:23:42","guid":{"rendered":"https:\/\/help.jamk.fi\/tietosuoja\/tietosuojaseloste-budjetointijarjestelma\/"},"modified":"2025-11-17T10:05:08","modified_gmt":"2025-11-17T08:05:08","slug":"tietosuojaseloste-budjetointijarjestelma","status":"publish","type":"page","link":"https:\/\/help.jamk.fi\/tietosuoja\/fi\/talouspalvelut\/tietosuojaseloste-budjetointijarjestelma\/","title":{"rendered":"Tietosuojaseloste &#8211; Budjetointij\u00e4rjestelm\u00e4"},"content":{"rendered":"\n<p><a href=\"https:\/\/eur-lex.europa.eu\/legal-content\/FI\/TXT\/?uri=uriserv:OJ.L_.2016.119.01.0001.01.FIN&amp;toc=OJ:L:2016:119:FULL\">EU yleinen tietosuoja-asetus<\/a> (2016\/679)<\/p>\n\n\n\n<p>P\u00e4ivitetty 30.9.2022<\/p>\n\n\n\n<p><strong>1 Rekisterin nimi<\/strong><\/p>\n\n\n\n<p>Budjetointij\u00e4rjestelm\u00e4<\/p>\n\n\n\n<p><strong>2 Rekisterinpit\u00e4j\u00e4<\/strong><\/p>\n\n\n\n<p>Jyv\u00e4skyl\u00e4n Ammattikorkeakoulu Oy<br>PL 207, 40101 Jyv\u00e4skyl\u00e4<br>+358 20 743 8100<\/p>\n\n\n\n<p><\/p>\n\n\n\n<p><strong>3 Yhteyshenkil\u00f6 rekisteri\u00e4 koskevissa asioissa, yhteystiedot virka-aikana<\/strong><\/p>\n\n\n\n<figure class=\"wp-block-table\"><table><tbody><tr><td>Rekisterist\u00e4 vastaava johtaja tai prosessin omistaja<\/td><td><\/td><\/tr><tr><td>Nimike<\/td><td>Controller<\/td><\/tr><tr><td>Yksikk\u00f6\/Tukipalvelu<\/td><td>KOPA\/talouspalvelut<\/td><\/tr><tr><td>Sis\u00e4ll\u00f6llinen p\u00e4\u00e4k\u00e4ytt\u00e4j\u00e4<\/td><td><\/td><\/tr><tr><td>Nimike<\/td><td>Controller<\/td><\/tr><tr><td>Yksikk\u00f6\/Tukipalvelu<\/td><td>KOPA\/talouspalvelut<\/td><\/tr><tr><td>Tekninen p\u00e4\u00e4k\u00e4ytt\u00e4j\u00e4<\/td><td><\/td><\/tr><tr><td>Nimike<\/td><td>Controller<\/td><\/tr><tr><td>Yksikk\u00f6\/Tukipalvelu<\/td><td>KOPA\/talouspalvelut<\/td><\/tr><\/tbody><\/table><\/figure>\n\n\n\n<p><strong>4 Henkil\u00f6tietojen k\u00e4sittelyn tarkoitus<\/strong><\/p>\n\n\n\n<p>Henkil\u00f6tietoja k\u00e4sitell\u00e4\u00e4n budjetointiin liittyen.<\/p>\n\n\n\n<p><strong>5 Rekisterin tietosis\u00e4lt\u00f6 ja rekister\u00f6ityjen ryhm\u00e4t<\/strong><\/p>\n\n\n\n<p>Henkil\u00f6tietoja k\u00e4sitell\u00e4\u00e4n Jamkin henkil\u00f6tietojen k\u00e4sittelyohjeen mukaisesti. <br>Rekister\u00f6ityjen ryhm\u00e4t: Jamkin ty\u00f6ntekij\u00e4t<br>Henkil\u00f6tietoina rekisteriin voidaan tallentaa<\/p>\n\n\n\n<p>&#8211; Nimi<br>-Yksikk\u00f6<br>-Kustannuspaikka, toiminto<br>-Toiminimike<br>-Esimies<br>-Henkil\u00f6numero<br>-Palkkatieto<\/p>\n\n\n\n<p><strong>6 K\u00e4sittelyperuste<\/strong><\/p>\n\n\n\n<p>Jamkilla on oikeus k\u00e4sitell\u00e4 henkil\u00f6tietoja rekisterinpit\u00e4j\u00e4n\u00e4, koska k\u00e4sittely on tarpeen lakis\u00e4\u00e4teisen teht\u00e4v\u00e4n ja velvoitteen vuoksi. Budjetointi edellytt\u00e4\u00e4 rekisterin olemassaoloa.<\/p>\n\n\n\n<p><strong>7 S\u00e4\u00e4nn\u00f6nmukaiset tietol\u00e4hteet<\/strong><\/p>\n\n\n\n<p>Palkkaj\u00e4rjestelm\u00e4 Personec F.K\/F2<\/p>\n\n\n\n<p><strong>8 S\u00e4\u00e4nn\u00f6nmukaiset tietojen luovutukset ja tietojen siirto EU:n tai Euroopan talousalueen ulkopuolelle<\/strong><\/p>\n\n\n\n<p>Tietoja ei siirret\u00e4 EU:n tai ETA-alueen ulkopuolelle ja\/tai kansainv\u00e4lisille j\u00e4rjest\u00f6ille.<\/p>\n\n\n\n<p><strong>9 Rekisterin suojauksen periaatteet<\/strong><\/p>\n\n\n\n<p>Rekisterin k\u00e4sittelyss\u00e4 noudatetaan huolellisuutta ja tietoj\u00e4rjestelmien avulla k\u00e4sitelt\u00e4v\u00e4t tiedot suojataan asianmukaisesti. Rekisterink\u00e4sittelij\u00e4 huolehtii siit\u00e4, ett\u00e4 tallennettuja tietoja sek\u00e4 k\u00e4ytt\u00f6oikeuksia ja muita henkil\u00f6tietojen turvallisuuden kannalta kriittisi\u00e4 tietoja k\u00e4sitell\u00e4\u00e4n luottamuksellisesti ja vain niiden ty\u00f6ntekij\u00f6iden toimesta, joiden ty\u00f6nkuvaan se kuuluu. Aineistoja saa k\u00e4sitell\u00e4 vain budjetointij\u00e4rjestelm\u00e4n p\u00e4\u00e4k\u00e4ytt\u00e4j\u00e4t (4) sek\u00e4 rajatuilla k\u00e4ytt\u00f6oikeuksilla budjetoijat (esihenkil\u00f6t, projektisihteerit).<\/p>\n\n\n\n<p><strong>10 Henkil\u00f6tietojen s\u00e4ilytt\u00e4misaika tai s\u00e4ilytt\u00e4misajan m\u00e4\u00e4ritt\u00e4miskriteerit<\/strong><\/p>\n\n\n\n<p>Tiedot s\u00e4ilytet\u00e4\u00e4n 1 vuosi kerrallaan j\u00e4rjestelm\u00e4ss\u00e4, kunnes sinne ladataan uutta budjetointikierrosta varten uudet vastaavat tiedot.<\/p>\n\n\n\n<p><strong>11 Profilointi ja automaattinen p\u00e4\u00e4t\u00f6ksenteko<\/strong><\/p>\n\n\n\n<p>Rekisterin tietoja ei k\u00e4ytet\u00e4 automatisoituihin yksitt\u00e4isp\u00e4\u00e4t\u00f6ksiin eik\u00e4 profilointiin.<\/p>\n\n\n\n<p><strong>12 Rekister\u00f6idyn oikeudet<\/strong><\/p>\n\n\n\n<p>Tietosuojavastaavasta ja rekister\u00f6idyn oikeuksista ja niiden toteuttamisesta kerrotaan <a href=\"https:\/\/www.jamk.fi\/fi\/jamk\/tietosuoja-jamkissa\">Tietosuoja Jamkissa<\/a>-sivulla.<\/p>\n","protected":false},"excerpt":{"rendered":"<p>EU yleinen tietosuoja-asetus (2016\/679) P\u00e4ivitetty 30.9.2022 1 Rekisterin nimi Budjetointij\u00e4rjestelm\u00e4 2 Rekisterinpit\u00e4j\u00e4 Jyv\u00e4skyl\u00e4n Ammattikorkeakoulu OyPL 207, 40101 Jyv\u00e4skyl\u00e4+358 20 743 8100 3 Yhteyshenkil\u00f6 rekisteri\u00e4 koskevissa asioissa, yhteystiedot virka-aikana Rekisterist\u00e4 vastaava johtaja tai prosessin omistaja Nimike Controller Yksikk\u00f6\/Tukipalvelu KOPA\/talouspalvelut Sis\u00e4ll\u00f6llinen p\u00e4\u00e4k\u00e4ytt\u00e4j\u00e4 Nimike Controller Yksikk\u00f6\/Tukipalvelu KOPA\/talouspalvelut Tekninen p\u00e4\u00e4k\u00e4ytt\u00e4j\u00e4 Nimike Controller Yksikk\u00f6\/Tukipalvelu KOPA\/talouspalvelut 4 Henkil\u00f6tietojen k\u00e4sittelyn tarkoitus Henkil\u00f6tietoja [&hellip;]<\/p>\n","protected":false},"author":178,"featured_media":0,"parent":501,"menu_order":0,"comment_status":"closed","ping_status":"closed","template":"","meta":{"_acf_changed":false,"_relevanssi_hide_post":"","_relevanssi_hide_content":"","_relevanssi_pin_for_all":"","_relevanssi_pin_keywords":"","_relevanssi_unpin_keywords":"","_relevanssi_related_keywords":"","_relevanssi_related_include_ids":"","_relevanssi_related_exclude_ids":"","_relevanssi_related_no_append":"","_relevanssi_related_not_related":"","_relevanssi_related_posts":"","_relevanssi_noindex_reason":"","footnotes":""},"categories":[1],"tags":[356,76],"class_list":["post-209","page","type-page","status-publish","hentry","category-yleinen","tag-talouspalvelut","tag-tietosuojaseloste"],"acf":[],"yoast_head":"<!-- This site is optimized with the Yoast SEO plugin v27.4 - https:\/\/yoast.com\/product\/yoast-seo-wordpress\/ -->\n<title>Tietosuojaseloste - Budjetointij\u00e4rjestelm\u00e4 - Tietosuoja<\/title>\n<meta name=\"robots\" content=\"index, follow, max-snippet:-1, max-image-preview:large, max-video-preview:-1\" \/>\n<link rel=\"canonical\" href=\"https:\/\/help.jamk.fi\/tietosuoja\/fi\/talouspalvelut\/tietosuojaseloste-budjetointijarjestelma\/\" \/>\n<meta property=\"og:locale\" content=\"fi_FI\" \/>\n<meta property=\"og:type\" content=\"article\" \/>\n<meta property=\"og:title\" content=\"Tietosuojaseloste - Budjetointij\u00e4rjestelm\u00e4 - Tietosuoja\" \/>\n<meta property=\"og:description\" content=\"EU yleinen tietosuoja-asetus (2016\/679) P\u00e4ivitetty 30.9.2022 1 Rekisterin nimi Budjetointij\u00e4rjestelm\u00e4 2 Rekisterinpit\u00e4j\u00e4 Jyv\u00e4skyl\u00e4n Ammattikorkeakoulu OyPL 207, 40101 Jyv\u00e4skyl\u00e4+358 20 743 8100 3 Yhteyshenkil\u00f6 rekisteri\u00e4 koskevissa asioissa, yhteystiedot virka-aikana Rekisterist\u00e4 vastaava johtaja tai prosessin omistaja Nimike Controller Yksikk\u00f6\/Tukipalvelu KOPA\/talouspalvelut Sis\u00e4ll\u00f6llinen p\u00e4\u00e4k\u00e4ytt\u00e4j\u00e4 Nimike Controller Yksikk\u00f6\/Tukipalvelu KOPA\/talouspalvelut Tekninen p\u00e4\u00e4k\u00e4ytt\u00e4j\u00e4 Nimike Controller Yksikk\u00f6\/Tukipalvelu KOPA\/talouspalvelut 4 Henkil\u00f6tietojen k\u00e4sittelyn tarkoitus Henkil\u00f6tietoja [&hellip;]\" \/>\n<meta property=\"og:url\" content=\"https:\/\/help.jamk.fi\/tietosuoja\/fi\/talouspalvelut\/tietosuojaseloste-budjetointijarjestelma\/\" \/>\n<meta property=\"og:site_name\" content=\"Tietosuoja\" \/>\n<meta property=\"article:modified_time\" content=\"2025-11-17T08:05:08+00:00\" \/>\n<meta name=\"twitter:card\" content=\"summary_large_image\" \/>\n<meta name=\"twitter:label1\" content=\"Arvioitu lukuaika\" \/>\n\t<meta name=\"twitter:data1\" content=\"2 minuuttia\" \/>\n<script type=\"application\/ld+json\" class=\"yoast-schema-graph\">{\"@context\":\"https:\\\/\\\/schema.org\",\"@graph\":[{\"@type\":\"WebPage\",\"@id\":\"https:\\\/\\\/help.jamk.fi\\\/tietosuoja\\\/fi\\\/talouspalvelut\\\/tietosuojaseloste-budjetointijarjestelma\\\/\",\"url\":\"https:\\\/\\\/help.jamk.fi\\\/tietosuoja\\\/fi\\\/talouspalvelut\\\/tietosuojaseloste-budjetointijarjestelma\\\/\",\"name\":\"Tietosuojaseloste - Budjetointij\u00e4rjestelm\u00e4 - Tietosuoja\",\"isPartOf\":{\"@id\":\"https:\\\/\\\/help.jamk.fi\\\/tietosuoja\\\/#website\"},\"datePublished\":\"2022-09-30T08:23:42+00:00\",\"dateModified\":\"2025-11-17T08:05:08+00:00\",\"breadcrumb\":{\"@id\":\"https:\\\/\\\/help.jamk.fi\\\/tietosuoja\\\/fi\\\/talouspalvelut\\\/tietosuojaseloste-budjetointijarjestelma\\\/#breadcrumb\"},\"inLanguage\":\"fi\",\"potentialAction\":[{\"@type\":\"ReadAction\",\"target\":[\"https:\\\/\\\/help.jamk.fi\\\/tietosuoja\\\/fi\\\/talouspalvelut\\\/tietosuojaseloste-budjetointijarjestelma\\\/\"]}]},{\"@type\":\"BreadcrumbList\",\"@id\":\"https:\\\/\\\/help.jamk.fi\\\/tietosuoja\\\/fi\\\/talouspalvelut\\\/tietosuojaseloste-budjetointijarjestelma\\\/#breadcrumb\",\"itemListElement\":[{\"@type\":\"ListItem\",\"position\":1,\"name\":\"Etusivu\",\"item\":\"https:\\\/\\\/help.jamk.fi\\\/tietosuoja\\\/fi\\\/\"},{\"@type\":\"ListItem\",\"position\":2,\"name\":\"Talouspalvelut\",\"item\":\"https:\\\/\\\/help.jamk.fi\\\/tietosuoja\\\/fi\\\/talouspalvelut\\\/\"},{\"@type\":\"ListItem\",\"position\":3,\"name\":\"Tietosuojaseloste &#8211; Budjetointij\u00e4rjestelm\u00e4\"}]},{\"@type\":\"WebSite\",\"@id\":\"https:\\\/\\\/help.jamk.fi\\\/tietosuoja\\\/#website\",\"url\":\"https:\\\/\\\/help.jamk.fi\\\/tietosuoja\\\/\",\"name\":\"Tietosuoja\",\"description\":\"\",\"potentialAction\":[{\"@type\":\"SearchAction\",\"target\":{\"@type\":\"EntryPoint\",\"urlTemplate\":\"https:\\\/\\\/help.jamk.fi\\\/tietosuoja\\\/?s={search_term_string}\"},\"query-input\":{\"@type\":\"PropertyValueSpecification\",\"valueRequired\":true,\"valueName\":\"search_term_string\"}}],\"inLanguage\":\"fi\"}]}<\/script>\n<!-- \/ Yoast SEO plugin. -->","yoast_head_json":{"title":"Tietosuojaseloste - Budjetointij\u00e4rjestelm\u00e4 - Tietosuoja","robots":{"index":"index","follow":"follow","max-snippet":"max-snippet:-1","max-image-preview":"max-image-preview:large","max-video-preview":"max-video-preview:-1"},"canonical":"https:\/\/help.jamk.fi\/tietosuoja\/fi\/talouspalvelut\/tietosuojaseloste-budjetointijarjestelma\/","og_locale":"fi_FI","og_type":"article","og_title":"Tietosuojaseloste - Budjetointij\u00e4rjestelm\u00e4 - Tietosuoja","og_description":"EU yleinen tietosuoja-asetus (2016\/679) P\u00e4ivitetty 30.9.2022 1 Rekisterin nimi Budjetointij\u00e4rjestelm\u00e4 2 Rekisterinpit\u00e4j\u00e4 Jyv\u00e4skyl\u00e4n Ammattikorkeakoulu OyPL 207, 40101 Jyv\u00e4skyl\u00e4+358 20 743 8100 3 Yhteyshenkil\u00f6 rekisteri\u00e4 koskevissa asioissa, yhteystiedot virka-aikana Rekisterist\u00e4 vastaava johtaja tai prosessin omistaja Nimike Controller Yksikk\u00f6\/Tukipalvelu KOPA\/talouspalvelut Sis\u00e4ll\u00f6llinen p\u00e4\u00e4k\u00e4ytt\u00e4j\u00e4 Nimike Controller Yksikk\u00f6\/Tukipalvelu KOPA\/talouspalvelut Tekninen p\u00e4\u00e4k\u00e4ytt\u00e4j\u00e4 Nimike Controller Yksikk\u00f6\/Tukipalvelu KOPA\/talouspalvelut 4 Henkil\u00f6tietojen k\u00e4sittelyn tarkoitus Henkil\u00f6tietoja [&hellip;]","og_url":"https:\/\/help.jamk.fi\/tietosuoja\/fi\/talouspalvelut\/tietosuojaseloste-budjetointijarjestelma\/","og_site_name":"Tietosuoja","article_modified_time":"2025-11-17T08:05:08+00:00","twitter_card":"summary_large_image","twitter_misc":{"Arvioitu lukuaika":"2 minuuttia"},"schema":{"@context":"https:\/\/schema.org","@graph":[{"@type":"WebPage","@id":"https:\/\/help.jamk.fi\/tietosuoja\/fi\/talouspalvelut\/tietosuojaseloste-budjetointijarjestelma\/","url":"https:\/\/help.jamk.fi\/tietosuoja\/fi\/talouspalvelut\/tietosuojaseloste-budjetointijarjestelma\/","name":"Tietosuojaseloste - Budjetointij\u00e4rjestelm\u00e4 - Tietosuoja","isPartOf":{"@id":"https:\/\/help.jamk.fi\/tietosuoja\/#website"},"datePublished":"2022-09-30T08:23:42+00:00","dateModified":"2025-11-17T08:05:08+00:00","breadcrumb":{"@id":"https:\/\/help.jamk.fi\/tietosuoja\/fi\/talouspalvelut\/tietosuojaseloste-budjetointijarjestelma\/#breadcrumb"},"inLanguage":"fi","potentialAction":[{"@type":"ReadAction","target":["https:\/\/help.jamk.fi\/tietosuoja\/fi\/talouspalvelut\/tietosuojaseloste-budjetointijarjestelma\/"]}]},{"@type":"BreadcrumbList","@id":"https:\/\/help.jamk.fi\/tietosuoja\/fi\/talouspalvelut\/tietosuojaseloste-budjetointijarjestelma\/#breadcrumb","itemListElement":[{"@type":"ListItem","position":1,"name":"Etusivu","item":"https:\/\/help.jamk.fi\/tietosuoja\/fi\/"},{"@type":"ListItem","position":2,"name":"Talouspalvelut","item":"https:\/\/help.jamk.fi\/tietosuoja\/fi\/talouspalvelut\/"},{"@type":"ListItem","position":3,"name":"Tietosuojaseloste &#8211; Budjetointij\u00e4rjestelm\u00e4"}]},{"@type":"WebSite","@id":"https:\/\/help.jamk.fi\/tietosuoja\/#website","url":"https:\/\/help.jamk.fi\/tietosuoja\/","name":"Tietosuoja","description":"","potentialAction":[{"@type":"SearchAction","target":{"@type":"EntryPoint","urlTemplate":"https:\/\/help.jamk.fi\/tietosuoja\/?s={search_term_string}"},"query-input":{"@type":"PropertyValueSpecification","valueRequired":true,"valueName":"search_term_string"}}],"inLanguage":"fi"}]}},"_links":{"self":[{"href":"https:\/\/help.jamk.fi\/tietosuoja\/wp-json\/wp\/v2\/pages\/209","targetHints":{"allow":["GET"]}}],"collection":[{"href":"https:\/\/help.jamk.fi\/tietosuoja\/wp-json\/wp\/v2\/pages"}],"about":[{"href":"https:\/\/help.jamk.fi\/tietosuoja\/wp-json\/wp\/v2\/types\/page"}],"author":[{"embeddable":true,"href":"https:\/\/help.jamk.fi\/tietosuoja\/wp-json\/wp\/v2\/users\/178"}],"replies":[{"embeddable":true,"href":"https:\/\/help.jamk.fi\/tietosuoja\/wp-json\/wp\/v2\/comments?post=209"}],"version-history":[{"count":3,"href":"https:\/\/help.jamk.fi\/tietosuoja\/wp-json\/wp\/v2\/pages\/209\/revisions"}],"predecessor-version":[{"id":1103,"href":"https:\/\/help.jamk.fi\/tietosuoja\/wp-json\/wp\/v2\/pages\/209\/revisions\/1103"}],"up":[{"embeddable":true,"href":"https:\/\/help.jamk.fi\/tietosuoja\/wp-json\/wp\/v2\/pages\/501"}],"wp:attachment":[{"href":"https:\/\/help.jamk.fi\/tietosuoja\/wp-json\/wp\/v2\/media?parent=209"}],"wp:term":[{"taxonomy":"category","embeddable":true,"href":"https:\/\/help.jamk.fi\/tietosuoja\/wp-json\/wp\/v2\/categories?post=209"},{"taxonomy":"post_tag","embeddable":true,"href":"https:\/\/help.jamk.fi\/tietosuoja\/wp-json\/wp\/v2\/tags?post=209"}],"curies":[{"name":"wp","href":"https:\/\/api.w.org\/{rel}","templated":true}]}}