{"id":218,"date":"2023-01-20T11:21:28","date_gmt":"2023-01-20T09:21:28","guid":{"rendered":"https:\/\/help.jamk.fi\/tietosuoja\/tietosuojaseloste-chat-palvelu\/"},"modified":"2023-12-18T12:34:10","modified_gmt":"2023-12-18T10:34:10","slug":"tietosuojaseloste-chat-palvelu","status":"publish","type":"page","link":"https:\/\/help.jamk.fi\/tietosuoja\/fi\/opiskelija-opetus\/tietosuojaseloste-chat-palvelu\/","title":{"rendered":"Tietosuojaseloste Chat -palvelu"},"content":{"rendered":"\n<p>Tietosuoja-asetus 2016\/679<\/p>\n\n\n\n<p>P\u00e4ivitetty 16.12.2022<\/p>\n\n\n\n<p><\/p>\n\n\n\n<p>1.Rekisterinpit\u00e4j\u00e4<\/p>\n\n\n\n<p>Jyv\u00e4skyl\u00e4n Ammattikorkeakoulu Oy<\/p>\n\n\n\n<p>PL 207, 40101 Jyv\u00e4skyl\u00e4<\/p>\n\n\n\n<p>+358 20 743 8100<\/p>\n\n\n\n<p>2.Rekisterinpit\u00e4j\u00e4n yhteyshenkil\u00f6t<\/p>\n\n\n\n<p>Prosessin omistaja: koulutuksen kehitt\u00e4misp\u00e4\u00e4llikk\u00f6, korkeakoulupalvelut<\/p>\n\n\n\n<p>Sis\u00e4ll\u00f6llinen p\u00e4\u00e4k\u00e4ytt\u00e4j\u00e4: suunnittelija, koulutuksen kehitt\u00e4mispalvelut<\/p>\n\n\n\n<p>Tekninen p\u00e4\u00e4k\u00e4ytt\u00e4j\u00e4: j\u00e4rjestelm\u00e4suunnittelija, ICT-palvelut<\/p>\n\n\n\n<p>etunimi.sukunimi@jamk.fi<br><\/p>\n\n\n\n<p>3.Rekisterin tiedot<\/p>\n\n\n\n<p>Jamk ker\u00e4\u00e4 rekisterinpit\u00e4j\u00e4n\u00e4 henkil\u00f6tietoja antaessaan neuvonta- ja ohjauspalvelua Chat-palvelussa, jonka toimittaja on Pubble SaaS Ireland Ltd (palveluntarjoaja).<\/p>\n\n\n\n<p>Chat-palvelun tarkoitus on tarjota reaaliaikaista neuvonta- ja ohjauspalvelua Jamkin koulutuksista kiinnostuneille, opiskelijoille ja henkil\u00f6kunnalle. Chat-palvelu auttaa ja neuvoo yleisluontoisissa kysymyksiss\u00e4 ja ongelmissa sek\u00e4 ohjaa asiakasta Jamkin verkkosivuilla.<\/p>\n\n\n\n<p>Henkil\u00f6 antaa ja rekisteriin ker\u00e4t\u00e4\u00e4n seuraavia tietoja:<\/p>\n\n\n\n<ul class=\"wp-block-list\">\n<li>s\u00e4hk\u00f6postiosoite<\/li>\n\n\n\n<li>tutkinto-ohjelma<\/li>\n\n\n\n<li>opintoala<\/li>\n\n\n\n<li>koulutustieto<\/li>\n\n\n\n<li>paikannustietoa<\/li>\n<\/ul>\n\n\n\n<p>Ker\u00e4tt\u00e4vi\u00e4 tietoja voivat olla my\u00f6s muut neuvonnan ja ohjauksen kannalta oleelliset lis\u00e4tiedot.<\/p>\n\n\n\n<p>Chat-palvelun varsinainen k\u00e4ytt\u00f6 ei velvoita chat-palvelun k\u00e4ytt\u00e4j\u00e4\u00e4 ilmoittamaan mit\u00e4\u00e4n henkil\u00f6tietoja.<\/p>\n\n\n\n<p>Asiakkaan paikannettu sijainti yleisell\u00e4 tasolla n\u00e4kyy asiakkaan kanssa keskusteleville asiantuntijoille, mutta se ei ole tarkka, eik\u00e4 sen perusteella n\u00e4e asiakkaan yhteystietoja tai muita tietoja.<\/p>\n\n\n\n<p>4.Henkil\u00f6tietojen k\u00e4sittelyn tarkoitus ja perusteet, rekister\u00f6ityjen ryhm\u00e4t<\/p>\n\n\n\n<p>Jamk ker\u00e4\u00e4 ja k\u00e4sittelee rekisterinpit\u00e4j\u00e4n\u00e4 henkil\u00f6tietoja suorittaakseen opetuksen j\u00e4rjest\u00e4miseen ja opiskelijahallintoon liittyvi\u00e4 toimenpiteit\u00e4. Henkil\u00f6tietoja k\u00e4sitell\u00e4\u00e4n henkil\u00f6n suostumuksen nojalla sek\u00e4 Jamkin lakis\u00e4\u00e4teisen teht\u00e4v\u00e4n (Ammattikorkeakoululaki 932\/2014) suorittamista varten. Suostumus on aina kertaluonteinen, keskustelukohtainen. Suostumus tulee antaa joka kerta uudestaan. Henkil\u00f6tietoja k\u00e4sitell\u00e4\u00e4n Jamkin henkil\u00f6tietojen k\u00e4sittelyohjeen ja yleisen tietosuojaselosteen <a href=\"https:\/\/www.jamk.fi\/fi\/jamk\/tietosuoja-jamkissa\">https:\/\/www.jamk.fi\/fi\/jamk\/tietosuoja-jamkissa<\/a> mukaisesti.<\/p>\n\n\n\n<p>Rekister\u00f6ityjen ryhm\u00e4t:<\/p>\n\n\n\n<p>Asiakkaat<\/p>\n\n\n\n<p>Opiskelijat<\/p>\n\n\n\n<p>Ty\u00f6ntekij\u00e4t<\/p>\n\n\n\n<p>5.Henkil\u00f6tietojen k\u00e4sittelij\u00e4t<\/p>\n\n\n\n<p>Henkil\u00f6tietoja k\u00e4sittelev\u00e4t Jamkissa neuvontaan ja ohjaukseen osallistuvat ty\u00f6ntekij\u00e4t. K\u00e4ytt\u00f6oikeuksien hallinnointi on keskitetty. Palvelusta ei synny manuaalista tietoaineistoa.<\/p>\n\n\n\n<p>Lis\u00e4ksi henkil\u00f6tietoja k\u00e4sittelee rekisterinpit\u00e4j\u00e4n palveluntarjoaja Chatify HQ tuottaakseen rekisterinpit\u00e4j\u00e4lle teknist\u00e4 alustaa toimenpiteiden toteuttamiseksi.<\/p>\n\n\n\n<p>Palveluntarjoajan\/j\u00e4rjestelm\u00e4toimittajan tietosuojaseloste: <a href=\"https:\/\/www.chatify.com\/privacy\">https:\/\/www.chatify.com\/privacy<\/a><\/p>\n\n\n\n<p>6.Tietol\u00e4hteet<\/p>\n\n\n\n<p>Tietol\u00e4hteen\u00e4 on henkil\u00f6 itse antamalla henkil\u00f6tietoja saadessaan neuvontaa ja ohjausta sek\u00e4 antaessaan pyydett\u00e4ess\u00e4 lis\u00e4tietoa.<\/p>\n\n\n\n<p>7.Henkil\u00f6tietojen s\u00e4ilytysaika<\/p>\n\n\n\n<p>Henkil\u00f6tietoja s\u00e4ilytet\u00e4\u00e4n enint\u00e4\u00e4n 1 kuukausi (chat-palvelun keskusteluhistoria), jonka j\u00e4lkeen ICT-palvelut h\u00e4vitt\u00e4\u00e4 tiedot. Tietoja ei arkistoida.<\/p>\n\n\n\n<p>8.Rekister\u00f6idyn oikeudet ja niiden toteuttaminen<\/p>\n\n\n\n<p><br>Rekister\u00f6idyll\u00e4 on tietosuoja-asetuksen nojalla oikeus:<\/p>\n\n\n\n<ul class=\"wp-block-list\">\n<li>Suostumuksen peruuttamiseen<\/li>\n\n\n\n<li>P\u00e4\u00e4sy omiin henkil\u00f6tietoihin<\/li>\n\n\n\n<li>Oikeus saada virheet korjatuksi<\/li>\n\n\n\n<li>Oikeus kielt\u00e4\u00e4 suoramarkkinointi<\/li>\n\n\n\n<li>Oikeus vastustaa k\u00e4sittely\u00e4<\/li>\n\n\n\n<li>Oikeus rajoittaa k\u00e4sittely\u00e4<\/li>\n\n\n\n<li>Oikeus saada tiedot siirretyksi.<\/li>\n<\/ul>\n\n\n\n<p>Rekister\u00f6idyn oikeuksien toteuttamiseksi pyydet\u00e4\u00e4n tekem\u00e4\u00e4n pyynt\u00f6 Jamkin tietosuojavastaavalle tietosuoja@jamk.fi. Jamkin tietosuojavastaavasta ja rekister\u00f6idyn oikeuksista ja niiden toteuttamisesta kerrotaan lis\u00e4\u00e4 Jamkin henkil\u00f6tietojen k\u00e4sittelyohjeessa ja yleisess\u00e4 tietosuojaselosteessa <a href=\"https:\/\/www.jamk.fi\/fi\/jamk\/tietosuoja-jamkissa\">https:\/\/www.jamk.fi\/fi\/jamk\/tietosuoja-jamkissa<\/a><\/p>\n\n\n\n<p>9.Tietoturva<\/p>\n\n\n\n<p>Henkil\u00f6tietoja s\u00e4ilytet\u00e4\u00e4n palveluntarjoajan palvelimilla, jotka ovat suojattu alan yleisten k\u00e4yt\u00e4nt\u00f6jen mukaisesti. Ker\u00e4tt\u00e4v\u00e4 ja k\u00e4sitelt\u00e4v\u00e4 henkil\u00f6tieto pidet\u00e4\u00e4n luottamuksellisena eik\u00e4 sit\u00e4 ilmaista muille kuin sit\u00e4 ty\u00f6ss\u00e4\u00e4n tarvitseville taikka luottamuksellisesti ja rajoitetusti palvelusopimusten perusteella rekisterinpit\u00e4j\u00e4n asiakkaille. P\u00e4\u00e4sy henkil\u00f6tietoihin on suojattu k\u00e4ytt\u00e4j\u00e4kohtaisin tunnuksin, salasanoin ja k\u00e4ytt\u00f6oikeuksin.<\/p>\n\n\n\n<p>Mik\u00e4li henkil\u00f6 on tallentanut henkil\u00f6tietoja Jamkin palveluun, tietojenk\u00e4sittelyn ainoa tarkoitus on t\u00e4ytt\u00e4\u00e4 neuvonnan ja ohjauksen vaatimat toimenpiteet. Palveluntarjoaja vastaa teknisest\u00e4 ja tietoturvallisesta suojauksesta. Palveluntarjoaja voi esimerkiksi teknisiss\u00e4 selvityksiss\u00e4 joutua k\u00e4sittelem\u00e4\u00e4n henkil\u00f6tietoja.<\/p>\n\n\n\n<p>10.Tietojensiirto<\/p>\n\n\n\n<p>Henkil\u00f6tietoja tallennetaan vain EU- ja ETA-alueella ja k\u00e4sitell\u00e4\u00e4n vain EU- ja ETA-alueella.<\/p>\n\n\n\n<p>11.Automaattinen p\u00e4\u00e4t\u00f6ksenteko ja profilointi<\/p>\n\n\n\n<p>Rekisterin henkil\u00f6tietoihin ei kohdistu automaattista p\u00e4\u00e4t\u00f6ksentekoa eik\u00e4 profilointia.<\/p>\n","protected":false},"excerpt":{"rendered":"<p>Tietosuoja-asetus 2016\/679 P\u00e4ivitetty 16.12.2022 1.Rekisterinpit\u00e4j\u00e4 Jyv\u00e4skyl\u00e4n Ammattikorkeakoulu Oy PL 207, 40101 Jyv\u00e4skyl\u00e4 +358 20 743 8100 2.Rekisterinpit\u00e4j\u00e4n yhteyshenkil\u00f6t Prosessin omistaja: koulutuksen kehitt\u00e4misp\u00e4\u00e4llikk\u00f6, korkeakoulupalvelut Sis\u00e4ll\u00f6llinen p\u00e4\u00e4k\u00e4ytt\u00e4j\u00e4: suunnittelija, koulutuksen kehitt\u00e4mispalvelut Tekninen p\u00e4\u00e4k\u00e4ytt\u00e4j\u00e4: j\u00e4rjestelm\u00e4suunnittelija, ICT-palvelut etunimi.sukunimi@jamk.fi 3.Rekisterin tiedot Jamk ker\u00e4\u00e4 rekisterinpit\u00e4j\u00e4n\u00e4 henkil\u00f6tietoja antaessaan neuvonta- ja ohjauspalvelua Chat-palvelussa, jonka toimittaja on Pubble SaaS Ireland Ltd (palveluntarjoaja). Chat-palvelun tarkoitus on [&hellip;]<\/p>\n","protected":false},"author":178,"featured_media":0,"parent":541,"menu_order":0,"comment_status":"closed","ping_status":"closed","template":"","meta":{"_acf_changed":false,"_relevanssi_hide_post":"","_relevanssi_hide_content":"","_relevanssi_pin_for_all":"","_relevanssi_pin_keywords":"","_relevanssi_unpin_keywords":"","_relevanssi_related_keywords":"","_relevanssi_related_include_ids":"","_relevanssi_related_exclude_ids":"","_relevanssi_related_no_append":"","_relevanssi_related_not_related":"","_relevanssi_related_posts":"","_relevanssi_noindex_reason":"","footnotes":""},"categories":[],"tags":[76],"class_list":["post-218","page","type-page","status-publish","hentry","tag-tietosuojaseloste"],"acf":[],"yoast_head":"<!-- This site is optimized with the Yoast SEO plugin v27.3 - https:\/\/yoast.com\/product\/yoast-seo-wordpress\/ -->\n<title>Tietosuojaseloste Chat -palvelu - Tietosuoja<\/title>\n<meta name=\"robots\" content=\"index, follow, max-snippet:-1, max-image-preview:large, max-video-preview:-1\" \/>\n<link rel=\"canonical\" href=\"https:\/\/help.jamk.fi\/tietosuoja\/fi\/opiskelija-opetus\/tietosuojaseloste-chat-palvelu\/\" \/>\n<meta property=\"og:locale\" content=\"fi_FI\" \/>\n<meta property=\"og:type\" content=\"article\" \/>\n<meta property=\"og:title\" content=\"Tietosuojaseloste Chat -palvelu - Tietosuoja\" \/>\n<meta property=\"og:description\" content=\"Tietosuoja-asetus 2016\/679 P\u00e4ivitetty 16.12.2022 1.Rekisterinpit\u00e4j\u00e4 Jyv\u00e4skyl\u00e4n Ammattikorkeakoulu Oy PL 207, 40101 Jyv\u00e4skyl\u00e4 +358 20 743 8100 2.Rekisterinpit\u00e4j\u00e4n yhteyshenkil\u00f6t Prosessin omistaja: koulutuksen kehitt\u00e4misp\u00e4\u00e4llikk\u00f6, korkeakoulupalvelut Sis\u00e4ll\u00f6llinen p\u00e4\u00e4k\u00e4ytt\u00e4j\u00e4: suunnittelija, koulutuksen kehitt\u00e4mispalvelut Tekninen p\u00e4\u00e4k\u00e4ytt\u00e4j\u00e4: j\u00e4rjestelm\u00e4suunnittelija, ICT-palvelut etunimi.sukunimi@jamk.fi 3.Rekisterin tiedot Jamk ker\u00e4\u00e4 rekisterinpit\u00e4j\u00e4n\u00e4 henkil\u00f6tietoja antaessaan neuvonta- ja ohjauspalvelua Chat-palvelussa, jonka toimittaja on Pubble SaaS Ireland Ltd (palveluntarjoaja). Chat-palvelun tarkoitus on [&hellip;]\" \/>\n<meta property=\"og:url\" content=\"https:\/\/help.jamk.fi\/tietosuoja\/fi\/opiskelija-opetus\/tietosuojaseloste-chat-palvelu\/\" \/>\n<meta property=\"og:site_name\" content=\"Tietosuoja\" \/>\n<meta property=\"article:modified_time\" content=\"2023-12-18T10:34:10+00:00\" \/>\n<meta name=\"twitter:card\" content=\"summary_large_image\" \/>\n<meta name=\"twitter:label1\" content=\"Arvioitu lukuaika\" \/>\n\t<meta name=\"twitter:data1\" content=\"3 minuuttia\" \/>\n<script type=\"application\/ld+json\" class=\"yoast-schema-graph\">{\"@context\":\"https:\\\/\\\/schema.org\",\"@graph\":[{\"@type\":\"WebPage\",\"@id\":\"https:\\\/\\\/help.jamk.fi\\\/tietosuoja\\\/fi\\\/opiskelija-opetus\\\/tietosuojaseloste-chat-palvelu\\\/\",\"url\":\"https:\\\/\\\/help.jamk.fi\\\/tietosuoja\\\/fi\\\/opiskelija-opetus\\\/tietosuojaseloste-chat-palvelu\\\/\",\"name\":\"Tietosuojaseloste Chat -palvelu - Tietosuoja\",\"isPartOf\":{\"@id\":\"https:\\\/\\\/help.jamk.fi\\\/tietosuoja\\\/#website\"},\"datePublished\":\"2023-01-20T09:21:28+00:00\",\"dateModified\":\"2023-12-18T10:34:10+00:00\",\"breadcrumb\":{\"@id\":\"https:\\\/\\\/help.jamk.fi\\\/tietosuoja\\\/fi\\\/opiskelija-opetus\\\/tietosuojaseloste-chat-palvelu\\\/#breadcrumb\"},\"inLanguage\":\"fi\",\"potentialAction\":[{\"@type\":\"ReadAction\",\"target\":[\"https:\\\/\\\/help.jamk.fi\\\/tietosuoja\\\/fi\\\/opiskelija-opetus\\\/tietosuojaseloste-chat-palvelu\\\/\"]}]},{\"@type\":\"BreadcrumbList\",\"@id\":\"https:\\\/\\\/help.jamk.fi\\\/tietosuoja\\\/fi\\\/opiskelija-opetus\\\/tietosuojaseloste-chat-palvelu\\\/#breadcrumb\",\"itemListElement\":[{\"@type\":\"ListItem\",\"position\":1,\"name\":\"Etusivu\",\"item\":\"https:\\\/\\\/help.jamk.fi\\\/tietosuoja\\\/fi\\\/\"},{\"@type\":\"ListItem\",\"position\":2,\"name\":\"Opiskelija &#8211; Opetus\",\"item\":\"https:\\\/\\\/help.jamk.fi\\\/tietosuoja\\\/fi\\\/opiskelija-opetus\\\/\"},{\"@type\":\"ListItem\",\"position\":3,\"name\":\"Tietosuojaseloste Chat -palvelu\"}]},{\"@type\":\"WebSite\",\"@id\":\"https:\\\/\\\/help.jamk.fi\\\/tietosuoja\\\/#website\",\"url\":\"https:\\\/\\\/help.jamk.fi\\\/tietosuoja\\\/\",\"name\":\"Tietosuoja\",\"description\":\"\",\"potentialAction\":[{\"@type\":\"SearchAction\",\"target\":{\"@type\":\"EntryPoint\",\"urlTemplate\":\"https:\\\/\\\/help.jamk.fi\\\/tietosuoja\\\/?s={search_term_string}\"},\"query-input\":{\"@type\":\"PropertyValueSpecification\",\"valueRequired\":true,\"valueName\":\"search_term_string\"}}],\"inLanguage\":\"fi\"}]}<\/script>\n<!-- \/ Yoast SEO plugin. -->","yoast_head_json":{"title":"Tietosuojaseloste Chat -palvelu - Tietosuoja","robots":{"index":"index","follow":"follow","max-snippet":"max-snippet:-1","max-image-preview":"max-image-preview:large","max-video-preview":"max-video-preview:-1"},"canonical":"https:\/\/help.jamk.fi\/tietosuoja\/fi\/opiskelija-opetus\/tietosuojaseloste-chat-palvelu\/","og_locale":"fi_FI","og_type":"article","og_title":"Tietosuojaseloste Chat -palvelu - Tietosuoja","og_description":"Tietosuoja-asetus 2016\/679 P\u00e4ivitetty 16.12.2022 1.Rekisterinpit\u00e4j\u00e4 Jyv\u00e4skyl\u00e4n Ammattikorkeakoulu Oy PL 207, 40101 Jyv\u00e4skyl\u00e4 +358 20 743 8100 2.Rekisterinpit\u00e4j\u00e4n yhteyshenkil\u00f6t Prosessin omistaja: koulutuksen kehitt\u00e4misp\u00e4\u00e4llikk\u00f6, korkeakoulupalvelut Sis\u00e4ll\u00f6llinen p\u00e4\u00e4k\u00e4ytt\u00e4j\u00e4: suunnittelija, koulutuksen kehitt\u00e4mispalvelut Tekninen p\u00e4\u00e4k\u00e4ytt\u00e4j\u00e4: j\u00e4rjestelm\u00e4suunnittelija, ICT-palvelut etunimi.sukunimi@jamk.fi 3.Rekisterin tiedot Jamk ker\u00e4\u00e4 rekisterinpit\u00e4j\u00e4n\u00e4 henkil\u00f6tietoja antaessaan neuvonta- ja ohjauspalvelua Chat-palvelussa, jonka toimittaja on Pubble SaaS Ireland Ltd (palveluntarjoaja). Chat-palvelun tarkoitus on [&hellip;]","og_url":"https:\/\/help.jamk.fi\/tietosuoja\/fi\/opiskelija-opetus\/tietosuojaseloste-chat-palvelu\/","og_site_name":"Tietosuoja","article_modified_time":"2023-12-18T10:34:10+00:00","twitter_card":"summary_large_image","twitter_misc":{"Arvioitu lukuaika":"3 minuuttia"},"schema":{"@context":"https:\/\/schema.org","@graph":[{"@type":"WebPage","@id":"https:\/\/help.jamk.fi\/tietosuoja\/fi\/opiskelija-opetus\/tietosuojaseloste-chat-palvelu\/","url":"https:\/\/help.jamk.fi\/tietosuoja\/fi\/opiskelija-opetus\/tietosuojaseloste-chat-palvelu\/","name":"Tietosuojaseloste Chat -palvelu - Tietosuoja","isPartOf":{"@id":"https:\/\/help.jamk.fi\/tietosuoja\/#website"},"datePublished":"2023-01-20T09:21:28+00:00","dateModified":"2023-12-18T10:34:10+00:00","breadcrumb":{"@id":"https:\/\/help.jamk.fi\/tietosuoja\/fi\/opiskelija-opetus\/tietosuojaseloste-chat-palvelu\/#breadcrumb"},"inLanguage":"fi","potentialAction":[{"@type":"ReadAction","target":["https:\/\/help.jamk.fi\/tietosuoja\/fi\/opiskelija-opetus\/tietosuojaseloste-chat-palvelu\/"]}]},{"@type":"BreadcrumbList","@id":"https:\/\/help.jamk.fi\/tietosuoja\/fi\/opiskelija-opetus\/tietosuojaseloste-chat-palvelu\/#breadcrumb","itemListElement":[{"@type":"ListItem","position":1,"name":"Etusivu","item":"https:\/\/help.jamk.fi\/tietosuoja\/fi\/"},{"@type":"ListItem","position":2,"name":"Opiskelija &#8211; Opetus","item":"https:\/\/help.jamk.fi\/tietosuoja\/fi\/opiskelija-opetus\/"},{"@type":"ListItem","position":3,"name":"Tietosuojaseloste Chat -palvelu"}]},{"@type":"WebSite","@id":"https:\/\/help.jamk.fi\/tietosuoja\/#website","url":"https:\/\/help.jamk.fi\/tietosuoja\/","name":"Tietosuoja","description":"","potentialAction":[{"@type":"SearchAction","target":{"@type":"EntryPoint","urlTemplate":"https:\/\/help.jamk.fi\/tietosuoja\/?s={search_term_string}"},"query-input":{"@type":"PropertyValueSpecification","valueRequired":true,"valueName":"search_term_string"}}],"inLanguage":"fi"}]}},"_links":{"self":[{"href":"https:\/\/help.jamk.fi\/tietosuoja\/wp-json\/wp\/v2\/pages\/218","targetHints":{"allow":["GET"]}}],"collection":[{"href":"https:\/\/help.jamk.fi\/tietosuoja\/wp-json\/wp\/v2\/pages"}],"about":[{"href":"https:\/\/help.jamk.fi\/tietosuoja\/wp-json\/wp\/v2\/types\/page"}],"author":[{"embeddable":true,"href":"https:\/\/help.jamk.fi\/tietosuoja\/wp-json\/wp\/v2\/users\/178"}],"replies":[{"embeddable":true,"href":"https:\/\/help.jamk.fi\/tietosuoja\/wp-json\/wp\/v2\/comments?post=218"}],"version-history":[{"count":1,"href":"https:\/\/help.jamk.fi\/tietosuoja\/wp-json\/wp\/v2\/pages\/218\/revisions"}],"predecessor-version":[{"id":381,"href":"https:\/\/help.jamk.fi\/tietosuoja\/wp-json\/wp\/v2\/pages\/218\/revisions\/381"}],"up":[{"embeddable":true,"href":"https:\/\/help.jamk.fi\/tietosuoja\/wp-json\/wp\/v2\/pages\/541"}],"wp:attachment":[{"href":"https:\/\/help.jamk.fi\/tietosuoja\/wp-json\/wp\/v2\/media?parent=218"}],"wp:term":[{"taxonomy":"category","embeddable":true,"href":"https:\/\/help.jamk.fi\/tietosuoja\/wp-json\/wp\/v2\/categories?post=218"},{"taxonomy":"post_tag","embeddable":true,"href":"https:\/\/help.jamk.fi\/tietosuoja\/wp-json\/wp\/v2\/tags?post=218"}],"curies":[{"name":"wp","href":"https:\/\/api.w.org\/{rel}","templated":true}]}}