{"id":439,"date":"2023-03-22T23:44:00","date_gmt":"2023-03-22T21:44:00","guid":{"rendered":"https:\/\/help.jamk.fi\/tietosuoja\/?page_id=439"},"modified":"2023-12-18T12:35:02","modified_gmt":"2023-12-18T10:35:02","slug":"tietosuojaseloste-vaarinkaytosilmoituskanava","status":"publish","type":"page","link":"https:\/\/help.jamk.fi\/tietosuoja\/fi\/muut-palvelut\/tietosuojaseloste-vaarinkaytosilmoituskanava\/","title":{"rendered":"Tietosuojaseloste v\u00e4\u00e4rink\u00e4yt\u00f6silmoituskanava"},"content":{"rendered":"\n<p><\/p>\n\n\n\n<p>Tietosuoja-asetus 2016\/679 P\u00e4ivitetty 22.3.2023<\/p>\n\n\n\n<p>1.Rekisterinpit\u00e4j\u00e4<\/p>\n\n\n\n<p>Jyv\u00e4skyl\u00e4n Ammattikorkeakoulu Oy<\/p>\n\n\n\n<p>PL 207, 40101 Jyv\u00e4skyl\u00e4<\/p>\n\n\n\n<p>+358 20 743 8100<\/p>\n\n\n\n<p>2.Rekisterinpit\u00e4j\u00e4n yhteyshenkil\u00f6t<\/p>\n\n\n\n<p>Prosessin omistaja: Korkeakoulupalvelut\/ hallintojohtaja<\/p>\n\n\n\n<p>Sis\u00e4ll\u00f6llinen p\u00e4\u00e4k\u00e4ytt\u00e4j\u00e4: anonyymi<\/p>\n\n\n\n<p>Tekninen p\u00e4\u00e4k\u00e4ytt\u00e4j\u00e4: j\u00e4rjestelm\u00e4suunnittelija &nbsp;<\/p>\n\n\n\n<p>etunimi.sukunimi@jamk.fi<\/p>\n\n\n\n<p>3.Rekisterin tiedot<\/p>\n\n\n\n<p>Jamk ker\u00e4\u00e4 rekisterinpit\u00e4j\u00e4n\u00e4 henkil\u00f6tietoja j\u00e4rjestelm\u00e4\u00e4n, jonka toimittaja on Webropol Oy.<\/p>\n\n\n\n<p>Rekisteriin ker\u00e4t\u00e4\u00e4n seuraavia tietoja:<\/p>\n\n\n\n<ul class=\"wp-block-list\">\n<li>ilmoitusten k\u00e4sittelij\u00f6iden etunimet, sukunimet, s\u00e4hk\u00f6posti<\/li>\n\n\n\n<li>ilmoituksen j\u00e4tt\u00e4j\u00e4 voi halutessaan j\u00e4tt\u00e4\u00e4 ilmoituksen anonyymisti, mutta ilmoittaja saattaa itse sis\u00e4llytt\u00e4\u00e4 osaksi ilmoitusta omia, toisen henkil\u00f6n\/henkil\u00f6iden tietoja osana kirjallista ilmoitusta tai liitetiedostoja &nbsp;<\/li>\n\n\n\n<li>k\u00e4sitelt\u00e4vi\u00e4 henkil\u00f6tietoja ovat l\u00e4ht\u00f6kohtaisesti etu- ja sukunimet sek\u00e4 yhteystiedot. Ilmoitettu v\u00e4\u00e4rink\u00e4yt\u00f6sep\u00e4ily saattaa edellytt\u00e4\u00e4 my\u00f6s muiden henkil\u00f6tietojen k\u00e4sittely\u00e4.<\/li>\n<\/ul>\n\n\n\n<ul class=\"wp-block-list\">\n<li>Henkil\u00f6tietojen k\u00e4sittelyn tarkoitus ja perusteet<\/li>\n<\/ul>\n\n\n\n<p>Jamk ker\u00e4\u00e4 ja k\u00e4sittelee henkil\u00f6tietoja ilmoituskanavalla l\u00e4hetettyj\u00e4 ja kanavalla vastaanotettuja tietoja ilmoitusten tarkoittamien v\u00e4\u00e4rink\u00e4yt\u00f6sep\u00e4ilyjen selvitt\u00e4miseksi ja ilmoituksiin vastaamiseksi. V\u00e4\u00e4rink\u00e4yt\u00f6sep\u00e4ilyn selvitt\u00e4minen saattaa edellytt\u00e4\u00e4 henkil\u00f6iden kuulemista, selvitysten dokumentointia ja p\u00e4\u00e4t\u00f6ksi\u00e4 selvityksen johdosta teht\u00e4vist\u00e4 toimenpiteist\u00e4.<\/p>\n\n\n\n<p>Henkil\u00f6tietoja k\u00e4sitell\u00e4\u00e4n Jamkin henkil\u00f6tietojen k\u00e4sittelyohjeen ja yleisen tietosuojaselosteen <a href=\"https:\/\/www.jamk.fi\/fi\/jamk\/tietosuoja-jamkissa\">https:\/\/www.jamk.fi\/fi\/jamk\/tietosuoja-jamkissa<\/a> mukaisesti.<\/p>\n\n\n\n<p>4.Henkil\u00f6tietojen k\u00e4sittelij\u00e4t<\/p>\n\n\n\n<p>Henkil\u00f6tietoja k\u00e4sittelev\u00e4t Jamkin v\u00e4\u00e4rink\u00e4yt\u00f6sten ilmoituskanavan k\u00e4sittelij\u00f6iksi nimetyt henkil\u00f6t.<\/p>\n\n\n\n<p>Lis\u00e4ksi henkil\u00f6tietoja k\u00e4sittelee rekisterinpit\u00e4j\u00e4n ilmoituskanavan palveluntarjoaja Webropol Oy, joka tuottaa rekisterinpit\u00e4j\u00e4lle teknisen alustan ilmoituskanavan toteuttamiseksi.<\/p>\n\n\n\n<p>5.Tietol\u00e4hteet<\/p>\n\n\n\n<p>Tietol\u00e4hteen\u00e4 on ilmoittajan itse antamat henkil\u00f6tiedot, mik\u00e4li h\u00e4n ne ilmoittaa. Mahdollisia muita henkil\u00f6\u00e4 koskevia henkil\u00f6tietoja saadaan ilmoittajalta h\u00e4nen tehdess\u00e4\u00e4n v\u00e4\u00e4rink\u00e4yt\u00f6silmoituksen ja antaessaan pyydett\u00e4ess\u00e4 lis\u00e4tietoa.<\/p>\n\n\n\n<p>6.Henkil\u00f6tietojen s\u00e4ilytysaika<\/p>\n\n\n\n<p>Jamk s\u00e4ilytt\u00e4\u00e4 henkil\u00f6tietoja viiden vuoden ajan tai vain niin pitk\u00e4\u00e4n kuin niit\u00e4 tarvitaan v\u00e4\u00e4rink\u00e4yt\u00f6silmoituksen selvitt\u00e4miseen tai lakis\u00e4\u00e4teisten velvoitteiden t\u00e4ytt\u00e4misess\u00e4. Ilmoitukset poistetaan ilmoituskanavapalvelusta tietoturvallisesti viiden vuoden s\u00e4ilytysajan j\u00e4lkeen. &nbsp;<\/p>\n\n\n\n<p>7.Rekister\u00f6idyn oikeudet ja niiden toteuttaminen<\/p>\n\n\n\n<p>Rekister\u00f6idyll\u00e4 on tietosuoja-asetuksen nojalla oikeus:<\/p>\n\n\n\n<ul class=\"wp-block-list\">\n<li>Suostumuksen peruuttamiseen<\/li>\n\n\n\n<li>P\u00e4\u00e4sy omiin henkil\u00f6tietoihin<\/li>\n\n\n\n<li>Oikeus saada virheet korjatuksi<\/li>\n\n\n\n<li>Oikeus kielt\u00e4\u00e4 suoramarkkinointi<\/li>\n\n\n\n<li>Oikeus vastustaa k\u00e4sittely\u00e4<\/li>\n\n\n\n<li>Oikeus rajoittaa k\u00e4sittely\u00e4<\/li>\n\n\n\n<li>Oikeus saada tiedot siirretyksi.<\/li>\n<\/ul>\n\n\n\n<p>Rekister\u00f6idyn oikeuksien toteuttamiseksi pyydet\u00e4\u00e4n tekem\u00e4\u00e4n pyynt\u00f6 Jamkin tietosuojavastaavalle tietosuoja@jamk.fi. Jamkin tietosuojavastaavasta ja rekister\u00f6idyn oikeuksista ja niiden toteuttamisesta kerrotaan lis\u00e4\u00e4 Jamkin henkil\u00f6tietojen k\u00e4sittelyohjeessa ja yleisess\u00e4 tietosuojaselosteessa&nbsp;<a href=\"https:\/\/www.jamk.fi\/fi\/jamk\/tietosuoja-jamkissa\">https:\/\/www.jamk.fi\/fi\/jamk\/tietosuoja-jamkissa<\/a><\/p>\n\n\n\n<p>8.Tietoturva<\/p>\n\n\n\n<p>Henkil\u00f6tietoja s\u00e4ilytet\u00e4\u00e4n palveluntarjoajan palvelimilla, jotka ovat suojattu alan yleisten k\u00e4yt\u00e4nt\u00f6jen mukaisesti. Ker\u00e4tt\u00e4v\u00e4 ja k\u00e4sitelt\u00e4v\u00e4 henkil\u00f6tieto pidet\u00e4\u00e4n luottamuksellisena eik\u00e4 sit\u00e4 ilmaista muille kuin v\u00e4\u00e4rink\u00e4yt\u00f6silmoituksen k\u00e4sittelij\u00f6ille ja selvitt\u00e4misty\u00f6ss\u00e4 tietoja tarvitseville. P\u00e4\u00e4sy henkil\u00f6tietoihin on suojattu k\u00e4ytt\u00e4j\u00e4kohtaisin tunnuksin, salasanoin ja k\u00e4ytt\u00f6oikeuksin.<\/p>\n\n\n\n<p>Mik\u00e4li henkil\u00f6 on tallentanut henkil\u00f6tietoja Jamkin v\u00e4\u00e4rink\u00e4yt\u00f6s ilmoituskanavaan, tietojenk\u00e4sittelyn ainoa tarkoitus on t\u00e4ytt\u00e4\u00e4 ilmoitusk\u00e4sittelyn vaatimat toimenpiteet. Palveluntarjoaja vastaa teknisest\u00e4 ja tietoturvallisesta suojauksesta. Palveluntarjoaja voi esimerkiksi teknisiss\u00e4 selvityksiss\u00e4 joutua k\u00e4sittelem\u00e4\u00e4n henkil\u00f6tietoja. Palveluntarjoajan henkil\u00f6st\u00f6 on allekirjoittanut vaitiolosopimuksen, sek\u00e4 sitoutuu k\u00e4sittelem\u00e4\u00e4n henkil\u00f6tietoja tietoturvallisesti, luottamuksellisesti ja vain tuottaakseen palvelua.<\/p>\n\n\n\n<p>9.Tietojensiirto<\/p>\n\n\n\n<p>Henkil\u00f6tietoja tallennetaan vain EU- ja ETA-alueella ja k\u00e4sitell\u00e4\u00e4n vain EU- ja ETA-alueella. Tietojensiirtoa EU- ja ETA-alueen ulkopuolelle voi tapahtua vain viranomaisvaatimuksen niin pakottaessa. T\u00e4ll\u00f6in palveluntarjoaja huolehtii, ett\u00e4 henkil\u00f6tietoja k\u00e4sitell\u00e4\u00e4n tietosuoja-asetuksen vaatimusten mukaisesti.<\/p>\n\n\n\n<p>10.Automaattinen p\u00e4\u00e4t\u00f6ksenteko ja profilointi<\/p>\n\n\n\n<p>Rekisterin henkil\u00f6tietoihin ei kohdistu automaattista p\u00e4\u00e4t\u00f6ksentekoa eik\u00e4 profilointia.<\/p>\n","protected":false},"excerpt":{"rendered":"<p>Tietosuoja-asetus 2016\/679 P\u00e4ivitetty 22.3.2023 1.Rekisterinpit\u00e4j\u00e4 Jyv\u00e4skyl\u00e4n Ammattikorkeakoulu Oy PL 207, 40101 Jyv\u00e4skyl\u00e4 +358 20 743 8100 2.Rekisterinpit\u00e4j\u00e4n yhteyshenkil\u00f6t Prosessin omistaja: Korkeakoulupalvelut\/ hallintojohtaja Sis\u00e4ll\u00f6llinen p\u00e4\u00e4k\u00e4ytt\u00e4j\u00e4: anonyymi Tekninen p\u00e4\u00e4k\u00e4ytt\u00e4j\u00e4: j\u00e4rjestelm\u00e4suunnittelija &nbsp; etunimi.sukunimi@jamk.fi 3.Rekisterin tiedot Jamk ker\u00e4\u00e4 rekisterinpit\u00e4j\u00e4n\u00e4 henkil\u00f6tietoja j\u00e4rjestelm\u00e4\u00e4n, jonka toimittaja on Webropol Oy. Rekisteriin ker\u00e4t\u00e4\u00e4n seuraavia tietoja: Jamk ker\u00e4\u00e4 ja k\u00e4sittelee henkil\u00f6tietoja ilmoituskanavalla l\u00e4hetettyj\u00e4 ja kanavalla [&hellip;]<\/p>\n","protected":false},"author":178,"featured_media":0,"parent":546,"menu_order":0,"comment_status":"closed","ping_status":"closed","template":"","meta":{"_acf_changed":false,"_relevanssi_hide_post":"","_relevanssi_hide_content":"","_relevanssi_pin_for_all":"","_relevanssi_pin_keywords":"","_relevanssi_unpin_keywords":"","_relevanssi_related_keywords":"","_relevanssi_related_include_ids":"","_relevanssi_related_exclude_ids":"","_relevanssi_related_no_append":"","_relevanssi_related_not_related":"","_relevanssi_related_posts":"","_relevanssi_noindex_reason":"","footnotes":""},"categories":[],"tags":[],"class_list":["post-439","page","type-page","status-publish","hentry"],"acf":[],"yoast_head":"<!-- This site is optimized with the Yoast SEO plugin v27.3 - https:\/\/yoast.com\/product\/yoast-seo-wordpress\/ -->\n<title>Tietosuojaseloste v\u00e4\u00e4rink\u00e4yt\u00f6silmoituskanava - Tietosuoja<\/title>\n<meta name=\"robots\" content=\"index, follow, max-snippet:-1, max-image-preview:large, max-video-preview:-1\" \/>\n<link rel=\"canonical\" href=\"https:\/\/help.jamk.fi\/tietosuoja\/fi\/muut-palvelut\/tietosuojaseloste-vaarinkaytosilmoituskanava\/\" \/>\n<meta property=\"og:locale\" content=\"fi_FI\" \/>\n<meta property=\"og:type\" content=\"article\" \/>\n<meta property=\"og:title\" content=\"Tietosuojaseloste v\u00e4\u00e4rink\u00e4yt\u00f6silmoituskanava - Tietosuoja\" \/>\n<meta property=\"og:description\" content=\"Tietosuoja-asetus 2016\/679 P\u00e4ivitetty 22.3.2023 1.Rekisterinpit\u00e4j\u00e4 Jyv\u00e4skyl\u00e4n Ammattikorkeakoulu Oy PL 207, 40101 Jyv\u00e4skyl\u00e4 +358 20 743 8100 2.Rekisterinpit\u00e4j\u00e4n yhteyshenkil\u00f6t Prosessin omistaja: Korkeakoulupalvelut\/ hallintojohtaja Sis\u00e4ll\u00f6llinen p\u00e4\u00e4k\u00e4ytt\u00e4j\u00e4: anonyymi Tekninen p\u00e4\u00e4k\u00e4ytt\u00e4j\u00e4: j\u00e4rjestelm\u00e4suunnittelija &nbsp; etunimi.sukunimi@jamk.fi 3.Rekisterin tiedot Jamk ker\u00e4\u00e4 rekisterinpit\u00e4j\u00e4n\u00e4 henkil\u00f6tietoja j\u00e4rjestelm\u00e4\u00e4n, jonka toimittaja on Webropol Oy. Rekisteriin ker\u00e4t\u00e4\u00e4n seuraavia tietoja: Jamk ker\u00e4\u00e4 ja k\u00e4sittelee henkil\u00f6tietoja ilmoituskanavalla l\u00e4hetettyj\u00e4 ja kanavalla [&hellip;]\" \/>\n<meta property=\"og:url\" content=\"https:\/\/help.jamk.fi\/tietosuoja\/fi\/muut-palvelut\/tietosuojaseloste-vaarinkaytosilmoituskanava\/\" \/>\n<meta property=\"og:site_name\" content=\"Tietosuoja\" \/>\n<meta property=\"article:modified_time\" content=\"2023-12-18T10:35:02+00:00\" \/>\n<meta name=\"twitter:card\" content=\"summary_large_image\" \/>\n<meta name=\"twitter:label1\" content=\"Arvioitu lukuaika\" \/>\n\t<meta name=\"twitter:data1\" content=\"3 minuuttia\" \/>\n<script type=\"application\/ld+json\" class=\"yoast-schema-graph\">{\"@context\":\"https:\\\/\\\/schema.org\",\"@graph\":[{\"@type\":\"WebPage\",\"@id\":\"https:\\\/\\\/help.jamk.fi\\\/tietosuoja\\\/fi\\\/muut-palvelut\\\/tietosuojaseloste-vaarinkaytosilmoituskanava\\\/\",\"url\":\"https:\\\/\\\/help.jamk.fi\\\/tietosuoja\\\/fi\\\/muut-palvelut\\\/tietosuojaseloste-vaarinkaytosilmoituskanava\\\/\",\"name\":\"Tietosuojaseloste v\u00e4\u00e4rink\u00e4yt\u00f6silmoituskanava - Tietosuoja\",\"isPartOf\":{\"@id\":\"https:\\\/\\\/help.jamk.fi\\\/tietosuoja\\\/#website\"},\"datePublished\":\"2023-03-22T21:44:00+00:00\",\"dateModified\":\"2023-12-18T10:35:02+00:00\",\"breadcrumb\":{\"@id\":\"https:\\\/\\\/help.jamk.fi\\\/tietosuoja\\\/fi\\\/muut-palvelut\\\/tietosuojaseloste-vaarinkaytosilmoituskanava\\\/#breadcrumb\"},\"inLanguage\":\"fi\",\"potentialAction\":[{\"@type\":\"ReadAction\",\"target\":[\"https:\\\/\\\/help.jamk.fi\\\/tietosuoja\\\/fi\\\/muut-palvelut\\\/tietosuojaseloste-vaarinkaytosilmoituskanava\\\/\"]}]},{\"@type\":\"BreadcrumbList\",\"@id\":\"https:\\\/\\\/help.jamk.fi\\\/tietosuoja\\\/fi\\\/muut-palvelut\\\/tietosuojaseloste-vaarinkaytosilmoituskanava\\\/#breadcrumb\",\"itemListElement\":[{\"@type\":\"ListItem\",\"position\":1,\"name\":\"Etusivu\",\"item\":\"https:\\\/\\\/help.jamk.fi\\\/tietosuoja\\\/fi\\\/\"},{\"@type\":\"ListItem\",\"position\":2,\"name\":\"Muut palvelut\",\"item\":\"https:\\\/\\\/help.jamk.fi\\\/tietosuoja\\\/fi\\\/muut-palvelut\\\/\"},{\"@type\":\"ListItem\",\"position\":3,\"name\":\"Tietosuojaseloste v\u00e4\u00e4rink\u00e4yt\u00f6silmoituskanava\"}]},{\"@type\":\"WebSite\",\"@id\":\"https:\\\/\\\/help.jamk.fi\\\/tietosuoja\\\/#website\",\"url\":\"https:\\\/\\\/help.jamk.fi\\\/tietosuoja\\\/\",\"name\":\"Tietosuoja\",\"description\":\"\",\"potentialAction\":[{\"@type\":\"SearchAction\",\"target\":{\"@type\":\"EntryPoint\",\"urlTemplate\":\"https:\\\/\\\/help.jamk.fi\\\/tietosuoja\\\/?s={search_term_string}\"},\"query-input\":{\"@type\":\"PropertyValueSpecification\",\"valueRequired\":true,\"valueName\":\"search_term_string\"}}],\"inLanguage\":\"fi\"}]}<\/script>\n<!-- \/ Yoast SEO plugin. -->","yoast_head_json":{"title":"Tietosuojaseloste v\u00e4\u00e4rink\u00e4yt\u00f6silmoituskanava - Tietosuoja","robots":{"index":"index","follow":"follow","max-snippet":"max-snippet:-1","max-image-preview":"max-image-preview:large","max-video-preview":"max-video-preview:-1"},"canonical":"https:\/\/help.jamk.fi\/tietosuoja\/fi\/muut-palvelut\/tietosuojaseloste-vaarinkaytosilmoituskanava\/","og_locale":"fi_FI","og_type":"article","og_title":"Tietosuojaseloste v\u00e4\u00e4rink\u00e4yt\u00f6silmoituskanava - Tietosuoja","og_description":"Tietosuoja-asetus 2016\/679 P\u00e4ivitetty 22.3.2023 1.Rekisterinpit\u00e4j\u00e4 Jyv\u00e4skyl\u00e4n Ammattikorkeakoulu Oy PL 207, 40101 Jyv\u00e4skyl\u00e4 +358 20 743 8100 2.Rekisterinpit\u00e4j\u00e4n yhteyshenkil\u00f6t Prosessin omistaja: Korkeakoulupalvelut\/ hallintojohtaja Sis\u00e4ll\u00f6llinen p\u00e4\u00e4k\u00e4ytt\u00e4j\u00e4: anonyymi Tekninen p\u00e4\u00e4k\u00e4ytt\u00e4j\u00e4: j\u00e4rjestelm\u00e4suunnittelija &nbsp; etunimi.sukunimi@jamk.fi 3.Rekisterin tiedot Jamk ker\u00e4\u00e4 rekisterinpit\u00e4j\u00e4n\u00e4 henkil\u00f6tietoja j\u00e4rjestelm\u00e4\u00e4n, jonka toimittaja on Webropol Oy. Rekisteriin ker\u00e4t\u00e4\u00e4n seuraavia tietoja: Jamk ker\u00e4\u00e4 ja k\u00e4sittelee henkil\u00f6tietoja ilmoituskanavalla l\u00e4hetettyj\u00e4 ja kanavalla [&hellip;]","og_url":"https:\/\/help.jamk.fi\/tietosuoja\/fi\/muut-palvelut\/tietosuojaseloste-vaarinkaytosilmoituskanava\/","og_site_name":"Tietosuoja","article_modified_time":"2023-12-18T10:35:02+00:00","twitter_card":"summary_large_image","twitter_misc":{"Arvioitu lukuaika":"3 minuuttia"},"schema":{"@context":"https:\/\/schema.org","@graph":[{"@type":"WebPage","@id":"https:\/\/help.jamk.fi\/tietosuoja\/fi\/muut-palvelut\/tietosuojaseloste-vaarinkaytosilmoituskanava\/","url":"https:\/\/help.jamk.fi\/tietosuoja\/fi\/muut-palvelut\/tietosuojaseloste-vaarinkaytosilmoituskanava\/","name":"Tietosuojaseloste v\u00e4\u00e4rink\u00e4yt\u00f6silmoituskanava - Tietosuoja","isPartOf":{"@id":"https:\/\/help.jamk.fi\/tietosuoja\/#website"},"datePublished":"2023-03-22T21:44:00+00:00","dateModified":"2023-12-18T10:35:02+00:00","breadcrumb":{"@id":"https:\/\/help.jamk.fi\/tietosuoja\/fi\/muut-palvelut\/tietosuojaseloste-vaarinkaytosilmoituskanava\/#breadcrumb"},"inLanguage":"fi","potentialAction":[{"@type":"ReadAction","target":["https:\/\/help.jamk.fi\/tietosuoja\/fi\/muut-palvelut\/tietosuojaseloste-vaarinkaytosilmoituskanava\/"]}]},{"@type":"BreadcrumbList","@id":"https:\/\/help.jamk.fi\/tietosuoja\/fi\/muut-palvelut\/tietosuojaseloste-vaarinkaytosilmoituskanava\/#breadcrumb","itemListElement":[{"@type":"ListItem","position":1,"name":"Etusivu","item":"https:\/\/help.jamk.fi\/tietosuoja\/fi\/"},{"@type":"ListItem","position":2,"name":"Muut palvelut","item":"https:\/\/help.jamk.fi\/tietosuoja\/fi\/muut-palvelut\/"},{"@type":"ListItem","position":3,"name":"Tietosuojaseloste v\u00e4\u00e4rink\u00e4yt\u00f6silmoituskanava"}]},{"@type":"WebSite","@id":"https:\/\/help.jamk.fi\/tietosuoja\/#website","url":"https:\/\/help.jamk.fi\/tietosuoja\/","name":"Tietosuoja","description":"","potentialAction":[{"@type":"SearchAction","target":{"@type":"EntryPoint","urlTemplate":"https:\/\/help.jamk.fi\/tietosuoja\/?s={search_term_string}"},"query-input":{"@type":"PropertyValueSpecification","valueRequired":true,"valueName":"search_term_string"}}],"inLanguage":"fi"}]}},"_links":{"self":[{"href":"https:\/\/help.jamk.fi\/tietosuoja\/wp-json\/wp\/v2\/pages\/439","targetHints":{"allow":["GET"]}}],"collection":[{"href":"https:\/\/help.jamk.fi\/tietosuoja\/wp-json\/wp\/v2\/pages"}],"about":[{"href":"https:\/\/help.jamk.fi\/tietosuoja\/wp-json\/wp\/v2\/types\/page"}],"author":[{"embeddable":true,"href":"https:\/\/help.jamk.fi\/tietosuoja\/wp-json\/wp\/v2\/users\/178"}],"replies":[{"embeddable":true,"href":"https:\/\/help.jamk.fi\/tietosuoja\/wp-json\/wp\/v2\/comments?post=439"}],"version-history":[{"count":1,"href":"https:\/\/help.jamk.fi\/tietosuoja\/wp-json\/wp\/v2\/pages\/439\/revisions"}],"predecessor-version":[{"id":440,"href":"https:\/\/help.jamk.fi\/tietosuoja\/wp-json\/wp\/v2\/pages\/439\/revisions\/440"}],"up":[{"embeddable":true,"href":"https:\/\/help.jamk.fi\/tietosuoja\/wp-json\/wp\/v2\/pages\/546"}],"wp:attachment":[{"href":"https:\/\/help.jamk.fi\/tietosuoja\/wp-json\/wp\/v2\/media?parent=439"}],"wp:term":[{"taxonomy":"category","embeddable":true,"href":"https:\/\/help.jamk.fi\/tietosuoja\/wp-json\/wp\/v2\/categories?post=439"},{"taxonomy":"post_tag","embeddable":true,"href":"https:\/\/help.jamk.fi\/tietosuoja\/wp-json\/wp\/v2\/tags?post=439"}],"curies":[{"name":"wp","href":"https:\/\/api.w.org\/{rel}","templated":true}]}}