{"id":483,"date":"2023-11-09T16:18:06","date_gmt":"2023-11-09T14:18:06","guid":{"rendered":"https:\/\/help.jamk.fi\/tietosuoja\/?page_id=483"},"modified":"2023-12-18T12:33:57","modified_gmt":"2023-12-18T10:33:57","slug":"tietosuojaseloste-te-plan","status":"publish","type":"page","link":"https:\/\/help.jamk.fi\/tietosuoja\/fi\/henkilostopalvelut\/tietosuojaseloste-te-plan\/","title":{"rendered":"Tietosuojaseloste &#8211; TE-Plan"},"content":{"rendered":"\n<p>Tietosuoja-asetus 2016\/679<\/p>\n\n\n\n<p>P\u00e4ivitetty 16.8.2023<\/p>\n\n\n\n<ol class=\"wp-block-list\" type=\"1\" start=\"1\">\n<li><strong>Rekisterinpit\u00e4j\u00e4<\/strong><\/li>\n<\/ol>\n\n\n\n<p>Jyv\u00e4skyl\u00e4n Ammattikorkeakoulu Oy<\/p>\n\n\n\n<p>PL 207, 40101 Jyv\u00e4skyl\u00e4<\/p>\n\n\n\n<p>+358 20 743 8100<\/p>\n\n\n\n<ol class=\"wp-block-list\" type=\"1\" start=\"2\">\n<li><strong>Rekisterinpit\u00e4j\u00e4n yhteyshenkil\u00f6t<\/strong><\/li>\n<\/ol>\n\n\n\n<p>Prosessin omistaja: hallintojohtaja<\/p>\n\n\n\n<p>Sis\u00e4ll\u00f6llinen p\u00e4\u00e4k\u00e4ytt\u00e4j\u00e4: HR-palvelut HR-suunnittelija<\/p>\n\n\n\n<p>Tekninen p\u00e4\u00e4k\u00e4ytt\u00e4j\u00e4: j\u00e4rjestelm\u00e4suunnittelija ICT-palvelut<\/p>\n\n\n\n<p>etunimi.sukunimi@jamk.fi<\/p>\n\n\n\n<ol class=\"wp-block-list\" type=\"1\" start=\"3\">\n<li><strong>Rekisterin tiedot<\/strong><\/li>\n<\/ol>\n\n\n\n<p>Jamk ker\u00e4\u00e4 rekisterinpit\u00e4j\u00e4n\u00e4 henkil\u00f6tietoja henkil\u00f6st\u00f6n ty\u00f6ajansuunnittelusta TE-Plan-j\u00e4rjestelm\u00e4\u00e4n, jonka toimittaja on Solenovo Oy (palveluntarjoaja).<\/p>\n\n\n\n<p>Rekisteriin ker\u00e4t\u00e4\u00e4n seuraavia tietoja:<\/p>\n\n\n\n<ul class=\"wp-block-list\">\n<li>ty\u00f6aikaresursoitavan henkil\u00f6n nimi<\/li>\n\n\n\n<li>resursoitavat teht\u00e4v\u00e4t, opetus, tki, kehitt\u00e4minen yms.<\/li>\n\n\n\n<li>kustannuspaikka<\/li>\n\n\n\n<li>teht\u00e4v\u00e4tunniste (opintojakso, projektinumero tai vast.)<\/li>\n<\/ul>\n\n\n\n<p>Tiedot tallennetaan p\u00e4\u00e4syn mahdollistamiseksi j\u00e4rjestelm\u00e4\u00e4n sek\u00e4 k\u00e4ytt\u00e4jien ja resursoitavien tunnistamiseksi, jotta TE-Plania voidaan k\u00e4ytt\u00e4\u00e4 aiotulla tavalla.<\/p>\n\n\n\n<p>P\u00e4\u00e4k\u00e4ytt\u00e4jin\u00e4 toimivat HR-palveluissa HR-suunnittelijat. Esihenkil\u00f6t ja yksik\u00f6iden suunnittelijat n\u00e4kev\u00e4t kaiken resurssitiedon, jotta voivat tarkistaa oman vastuualueensa lis\u00e4ksi toisilta vastuualueilta, onko yhteisesti sovitut tuntivaraukset tehty sovitusti. J\u00e4rjestelm\u00e4n k\u00e4ytt\u00e4j\u00e4t (resurssitietojen k\u00e4sittely) k\u00e4sittelev\u00e4t vain oman tulosalueen tai korkeintaan oman yksik\u00f6n tietoja. Resursoitavat ty\u00f6ntekij\u00e4t n\u00e4kev\u00e4t omat tietonsa.<\/p>\n\n\n\n<ol class=\"wp-block-list\" type=\"1\" start=\"4\">\n<li><strong>Henkil\u00f6tietojen k\u00e4sittelyn tarkoitus ja perusteet<\/strong><\/li>\n<\/ol>\n\n\n\n<p>Jamk ker\u00e4\u00e4 ja k\u00e4sittelee rekisterinpit\u00e4j\u00e4n\u00e4 henkil\u00f6tietoja suorittaakseen opetuksen, TKI:n, kehitt\u00e4misen yms. resursointia ja ty\u00f6ajan suunnittelua. Henkil\u00f6tietoja k\u00e4sitell\u00e4\u00e4n ty\u00f6nantajan ns. oikeutetun edun nojalla. J\u00e4rjestelm\u00e4st\u00e4 on tehty ns. tasapainotesti. Resursoinnin ja ty\u00f6aikasuunnittelun j\u00e4rjest\u00e4minen ja hoitaminen edellytt\u00e4v\u00e4t j\u00e4rjestelm\u00e4n olemassaoloa.<\/p>\n\n\n\n<p>Henkil\u00f6tietoja k\u00e4sitell\u00e4\u00e4n Jamkin henkil\u00f6tietojen k\u00e4sittelyohjeen ja yleisen tietosuojaselosteen <a href=\"https:\/\/www.jamk.fi\/fi\/jamk\/tietosuoja-jamkissa\">https:\/\/www.jamk.fi\/fi\/jamk\/tietosuoja-jamkissa<\/a>&nbsp; mukaisesti.<\/p>\n\n\n\n<ol class=\"wp-block-list\" type=\"1\" start=\"5\">\n<li><strong>Henkil\u00f6tietojen k\u00e4sittelij\u00e4t ja rekister\u00f6ityjen ryhm\u00e4t<\/strong><\/li>\n<\/ol>\n\n\n\n<p>Ks. k\u00e4sittelij\u00e4t kohta 3. Lis\u00e4ksi henkil\u00f6tietoja k\u00e4sittelee rekisterinpit\u00e4j\u00e4n palveluntarjoaja Solenovo Oy tuottaakseen rekisterinpit\u00e4j\u00e4lle teknist\u00e4 alustaa suunnittelutoimenpiteiden toteuttamiseksi.<\/p>\n\n\n\n<p>Rekister\u00f6ityjen ryhm\u00e4t: a) opetushenkil\u00f6st\u00f6, b) TKI-henkil\u00f6st\u00f6<\/p>\n\n\n\n<ol class=\"wp-block-list\" type=\"1\" start=\"6\">\n<li><strong>Tietol\u00e4hteet<\/strong><\/li>\n<\/ol>\n\n\n\n<p>Tietol\u00e4hteen\u00e4 ovat IDM, Peppi-j\u00e4rjestelm\u00e4 ja Reportronic-j\u00e4rjestelm\u00e4. Tietoa siirtyy FPM:\u00e4\u00e4n ja tulevaisuudessa anonymisoituna tietovarastoon.<\/p>\n\n\n\n<ol class=\"wp-block-list\" type=\"1\" start=\"7\">\n<li><strong>Henkil\u00f6tietojen s\u00e4ilytysaika<\/strong><\/li>\n<\/ol>\n\n\n\n<p>Henkil\u00f6tietoja s\u00e4ilytet\u00e4\u00e4n ty\u00f6aikasuunnitteluprosessin n\u00e4k\u00f6kulmasta n. 3 vuotta (vuosi taaksep\u00e4in ja 2 vuotta eteenp\u00e4in). Tietoja ei arkistoida erikseen ja tiedot h\u00e4vitet\u00e4\u00e4n rekisterist\u00e4, kun ty\u00f6aikasuunnittelun n\u00e4k\u00f6kulmasta niit\u00e4 ei en\u00e4\u00e4 tarvita.<\/p>\n\n\n\n<ol class=\"wp-block-list\" type=\"1\" start=\"8\">\n<li><strong>Rekister\u00f6idyn oikeudet ja niiden toteuttaminen<\/strong><\/li>\n<\/ol>\n\n\n\n<p>Rekister\u00f6idyll\u00e4 on tietosuoja-asetuksen nojalla oikeus:<\/p>\n\n\n\n<ul class=\"wp-block-list\">\n<li>Suostumuksen peruuttamiseen<\/li>\n\n\n\n<li>P\u00e4\u00e4sy omiin henkil\u00f6tietoihin<\/li>\n\n\n\n<li>Oikeus saada virheet korjatuksi<\/li>\n\n\n\n<li>Oikeus kielt\u00e4\u00e4 suoramarkkinointi<\/li>\n\n\n\n<li>Oikeus vastustaa k\u00e4sittely\u00e4<\/li>\n\n\n\n<li>Oikeus rajoittaa k\u00e4sittely\u00e4<\/li>\n\n\n\n<li>Oikeus saada tiedot siirretyksi.<\/li>\n<\/ul>\n\n\n\n<p>Rekister\u00f6idyn oikeuksien toteuttamiseksi pyydet\u00e4\u00e4n tekem\u00e4\u00e4n pyynt\u00f6 Jamkin tietosuojavastaavalle tietosuoja@jamk.fi. Jamkin tietosuojavastaavasta ja rekister\u00f6idyn oikeuksista ja niiden toteuttamisesta kerrotaan lis\u00e4\u00e4 Jamkin henkil\u00f6tietojen k\u00e4sittelyohjeessa ja yleisess\u00e4 tietosuojaselosteessa <a href=\"https:\/\/www.jamk.fi\/fi\/jamk\/tietosuoja-jamkissa\">https:\/\/www.jamk.fi\/fi\/jamk\/tietosuoja-jamkissa<\/a><\/p>\n\n\n\n<ol class=\"wp-block-list\" type=\"1\" start=\"9\">\n<li><strong>Tietoturva<\/strong><\/li>\n<\/ol>\n\n\n\n<p>Henkil\u00f6tietoja s\u00e4ilytet\u00e4\u00e4n palveluntarjoajan palvelimilla, jotka ovat suojattu alan yleisten k\u00e4yt\u00e4nt\u00f6jen mukaisesti. Ker\u00e4tt\u00e4v\u00e4 ja k\u00e4sitelt\u00e4v\u00e4 henkil\u00f6tieto pidet\u00e4\u00e4n luottamuksellisena eik\u00e4 sit\u00e4 ilmaista muille kuin sit\u00e4 ty\u00f6ss\u00e4\u00e4n tarvitseville taikka luottamuksellisesti ja rajoitetusti palvelusopimusten perusteella rekisterinpit\u00e4j\u00e4n asiakkaille. P\u00e4\u00e4sy henkil\u00f6tietoihin on suojattu k\u00e4ytt\u00e4j\u00e4kohtaisin tunnuksin, salasanoin ja k\u00e4ytt\u00f6oikeuksin.<\/p>\n\n\n\n<p>Palveluntarjoaja vastaa teknisest\u00e4 ja tietoturvallisesta suojauksesta. Palveluntarjoaja voi esimerkiksi teknisiss\u00e4 selvityksiss\u00e4 joutua k\u00e4sittelem\u00e4\u00e4n henkil\u00f6tietoja. Palveluntarjoajan henkil\u00f6st\u00f6 on allekirjoittanut vaitiolosopimuksen, sek\u00e4 sitoutuu k\u00e4sittelem\u00e4\u00e4n henkil\u00f6tietoja tietoturvallisesti, luottamuksellisesti ja vain tuottaakseen palvelua.<\/p>\n\n\n\n<ol class=\"wp-block-list\" type=\"1\" start=\"10\">\n<li><strong>Tietojensiirto<\/strong><\/li>\n<\/ol>\n\n\n\n<p>Henkil\u00f6tietoja tallennetaan vain EU- ja ETA-alueella ja k\u00e4sitell\u00e4\u00e4n vain EU- ja ETA-alueella. Tietojensiirtoa EU- ja ETA-alueen ulkopuolelle voi tapahtua vain viranomaisvaatimuksen niin pakottaessa. T\u00e4ll\u00f6in palveluntarjoaja huolehtii, ett\u00e4 henkil\u00f6tietoja k\u00e4sitell\u00e4\u00e4n tietosuoja-asetuksen vaatimusten mukaisesti ja asetuksen mukainen k\u00e4sittely on sovittu asetuksen vaatimin tietojenk\u00e4sittelysopimuksin.<\/p>\n\n\n\n<ol class=\"wp-block-list\" type=\"1\" start=\"11\">\n<li><strong>Automaattinen p\u00e4\u00e4t\u00f6ksenteko ja profilointi<\/strong><\/li>\n<\/ol>\n\n\n\n<p>Rekisterin henkil\u00f6tietoihin ei kohdistu automaattista p\u00e4\u00e4t\u00f6ksentekoa eik\u00e4 profilointia.<\/p>\n","protected":false},"excerpt":{"rendered":"<p>Tietosuoja-asetus 2016\/679 P\u00e4ivitetty 16.8.2023 Jyv\u00e4skyl\u00e4n Ammattikorkeakoulu Oy PL 207, 40101 Jyv\u00e4skyl\u00e4 +358 20 743 8100 Prosessin omistaja: hallintojohtaja Sis\u00e4ll\u00f6llinen p\u00e4\u00e4k\u00e4ytt\u00e4j\u00e4: HR-palvelut HR-suunnittelija Tekninen p\u00e4\u00e4k\u00e4ytt\u00e4j\u00e4: j\u00e4rjestelm\u00e4suunnittelija ICT-palvelut etunimi.sukunimi@jamk.fi Jamk ker\u00e4\u00e4 rekisterinpit\u00e4j\u00e4n\u00e4 henkil\u00f6tietoja henkil\u00f6st\u00f6n ty\u00f6ajansuunnittelusta TE-Plan-j\u00e4rjestelm\u00e4\u00e4n, jonka toimittaja on Solenovo Oy (palveluntarjoaja). Rekisteriin ker\u00e4t\u00e4\u00e4n seuraavia tietoja: Tiedot tallennetaan p\u00e4\u00e4syn mahdollistamiseksi j\u00e4rjestelm\u00e4\u00e4n sek\u00e4 k\u00e4ytt\u00e4jien ja resursoitavien tunnistamiseksi, jotta [&hellip;]<\/p>\n","protected":false},"author":178,"featured_media":0,"parent":504,"menu_order":0,"comment_status":"closed","ping_status":"closed","template":"","meta":{"_acf_changed":false,"_relevanssi_hide_post":"","_relevanssi_hide_content":"","_relevanssi_pin_for_all":"","_relevanssi_pin_keywords":"","_relevanssi_unpin_keywords":"","_relevanssi_related_keywords":"","_relevanssi_related_include_ids":"","_relevanssi_related_exclude_ids":"","_relevanssi_related_no_append":"","_relevanssi_related_not_related":"","_relevanssi_related_posts":"","_relevanssi_noindex_reason":"","footnotes":""},"categories":[],"tags":[354,76],"class_list":["post-483","page","type-page","status-publish","hentry","tag-henkilostopalvelut","tag-tietosuojaseloste"],"acf":[],"yoast_head":"<!-- This site is optimized with the Yoast SEO plugin v27.3 - https:\/\/yoast.com\/product\/yoast-seo-wordpress\/ -->\n<title>Tietosuojaseloste - TE-Plan - Tietosuoja<\/title>\n<meta name=\"robots\" content=\"index, follow, max-snippet:-1, max-image-preview:large, max-video-preview:-1\" \/>\n<link rel=\"canonical\" href=\"https:\/\/help.jamk.fi\/tietosuoja\/fi\/henkilostopalvelut\/tietosuojaseloste-te-plan\/\" \/>\n<meta property=\"og:locale\" content=\"fi_FI\" \/>\n<meta property=\"og:type\" content=\"article\" \/>\n<meta property=\"og:title\" content=\"Tietosuojaseloste - TE-Plan - Tietosuoja\" \/>\n<meta property=\"og:description\" content=\"Tietosuoja-asetus 2016\/679 P\u00e4ivitetty 16.8.2023 Jyv\u00e4skyl\u00e4n Ammattikorkeakoulu Oy PL 207, 40101 Jyv\u00e4skyl\u00e4 +358 20 743 8100 Prosessin omistaja: hallintojohtaja Sis\u00e4ll\u00f6llinen p\u00e4\u00e4k\u00e4ytt\u00e4j\u00e4: HR-palvelut HR-suunnittelija Tekninen p\u00e4\u00e4k\u00e4ytt\u00e4j\u00e4: j\u00e4rjestelm\u00e4suunnittelija ICT-palvelut etunimi.sukunimi@jamk.fi Jamk ker\u00e4\u00e4 rekisterinpit\u00e4j\u00e4n\u00e4 henkil\u00f6tietoja henkil\u00f6st\u00f6n ty\u00f6ajansuunnittelusta TE-Plan-j\u00e4rjestelm\u00e4\u00e4n, jonka toimittaja on Solenovo Oy (palveluntarjoaja). Rekisteriin ker\u00e4t\u00e4\u00e4n seuraavia tietoja: Tiedot tallennetaan p\u00e4\u00e4syn mahdollistamiseksi j\u00e4rjestelm\u00e4\u00e4n sek\u00e4 k\u00e4ytt\u00e4jien ja resursoitavien tunnistamiseksi, jotta [&hellip;]\" \/>\n<meta property=\"og:url\" content=\"https:\/\/help.jamk.fi\/tietosuoja\/fi\/henkilostopalvelut\/tietosuojaseloste-te-plan\/\" \/>\n<meta property=\"og:site_name\" content=\"Tietosuoja\" \/>\n<meta property=\"article:modified_time\" content=\"2023-12-18T10:33:57+00:00\" \/>\n<meta name=\"twitter:card\" content=\"summary_large_image\" \/>\n<meta name=\"twitter:label1\" content=\"Arvioitu lukuaika\" \/>\n\t<meta name=\"twitter:data1\" content=\"3 minuuttia\" \/>\n<script type=\"application\/ld+json\" class=\"yoast-schema-graph\">{\"@context\":\"https:\\\/\\\/schema.org\",\"@graph\":[{\"@type\":\"WebPage\",\"@id\":\"https:\\\/\\\/help.jamk.fi\\\/tietosuoja\\\/fi\\\/henkilostopalvelut\\\/tietosuojaseloste-te-plan\\\/\",\"url\":\"https:\\\/\\\/help.jamk.fi\\\/tietosuoja\\\/fi\\\/henkilostopalvelut\\\/tietosuojaseloste-te-plan\\\/\",\"name\":\"Tietosuojaseloste - TE-Plan - Tietosuoja\",\"isPartOf\":{\"@id\":\"https:\\\/\\\/help.jamk.fi\\\/tietosuoja\\\/#website\"},\"datePublished\":\"2023-11-09T14:18:06+00:00\",\"dateModified\":\"2023-12-18T10:33:57+00:00\",\"breadcrumb\":{\"@id\":\"https:\\\/\\\/help.jamk.fi\\\/tietosuoja\\\/fi\\\/henkilostopalvelut\\\/tietosuojaseloste-te-plan\\\/#breadcrumb\"},\"inLanguage\":\"fi\",\"potentialAction\":[{\"@type\":\"ReadAction\",\"target\":[\"https:\\\/\\\/help.jamk.fi\\\/tietosuoja\\\/fi\\\/henkilostopalvelut\\\/tietosuojaseloste-te-plan\\\/\"]}]},{\"@type\":\"BreadcrumbList\",\"@id\":\"https:\\\/\\\/help.jamk.fi\\\/tietosuoja\\\/fi\\\/henkilostopalvelut\\\/tietosuojaseloste-te-plan\\\/#breadcrumb\",\"itemListElement\":[{\"@type\":\"ListItem\",\"position\":1,\"name\":\"Etusivu\",\"item\":\"https:\\\/\\\/help.jamk.fi\\\/tietosuoja\\\/fi\\\/\"},{\"@type\":\"ListItem\",\"position\":2,\"name\":\"Henkil\u00f6st\u00f6palvelut\",\"item\":\"https:\\\/\\\/help.jamk.fi\\\/tietosuoja\\\/fi\\\/henkilostopalvelut\\\/\"},{\"@type\":\"ListItem\",\"position\":3,\"name\":\"Tietosuojaseloste &#8211; TE-Plan\"}]},{\"@type\":\"WebSite\",\"@id\":\"https:\\\/\\\/help.jamk.fi\\\/tietosuoja\\\/#website\",\"url\":\"https:\\\/\\\/help.jamk.fi\\\/tietosuoja\\\/\",\"name\":\"Tietosuoja\",\"description\":\"\",\"potentialAction\":[{\"@type\":\"SearchAction\",\"target\":{\"@type\":\"EntryPoint\",\"urlTemplate\":\"https:\\\/\\\/help.jamk.fi\\\/tietosuoja\\\/?s={search_term_string}\"},\"query-input\":{\"@type\":\"PropertyValueSpecification\",\"valueRequired\":true,\"valueName\":\"search_term_string\"}}],\"inLanguage\":\"fi\"}]}<\/script>\n<!-- \/ Yoast SEO plugin. -->","yoast_head_json":{"title":"Tietosuojaseloste - TE-Plan - Tietosuoja","robots":{"index":"index","follow":"follow","max-snippet":"max-snippet:-1","max-image-preview":"max-image-preview:large","max-video-preview":"max-video-preview:-1"},"canonical":"https:\/\/help.jamk.fi\/tietosuoja\/fi\/henkilostopalvelut\/tietosuojaseloste-te-plan\/","og_locale":"fi_FI","og_type":"article","og_title":"Tietosuojaseloste - TE-Plan - Tietosuoja","og_description":"Tietosuoja-asetus 2016\/679 P\u00e4ivitetty 16.8.2023 Jyv\u00e4skyl\u00e4n Ammattikorkeakoulu Oy PL 207, 40101 Jyv\u00e4skyl\u00e4 +358 20 743 8100 Prosessin omistaja: hallintojohtaja Sis\u00e4ll\u00f6llinen p\u00e4\u00e4k\u00e4ytt\u00e4j\u00e4: HR-palvelut HR-suunnittelija Tekninen p\u00e4\u00e4k\u00e4ytt\u00e4j\u00e4: j\u00e4rjestelm\u00e4suunnittelija ICT-palvelut etunimi.sukunimi@jamk.fi Jamk ker\u00e4\u00e4 rekisterinpit\u00e4j\u00e4n\u00e4 henkil\u00f6tietoja henkil\u00f6st\u00f6n ty\u00f6ajansuunnittelusta TE-Plan-j\u00e4rjestelm\u00e4\u00e4n, jonka toimittaja on Solenovo Oy (palveluntarjoaja). Rekisteriin ker\u00e4t\u00e4\u00e4n seuraavia tietoja: Tiedot tallennetaan p\u00e4\u00e4syn mahdollistamiseksi j\u00e4rjestelm\u00e4\u00e4n sek\u00e4 k\u00e4ytt\u00e4jien ja resursoitavien tunnistamiseksi, jotta [&hellip;]","og_url":"https:\/\/help.jamk.fi\/tietosuoja\/fi\/henkilostopalvelut\/tietosuojaseloste-te-plan\/","og_site_name":"Tietosuoja","article_modified_time":"2023-12-18T10:33:57+00:00","twitter_card":"summary_large_image","twitter_misc":{"Arvioitu lukuaika":"3 minuuttia"},"schema":{"@context":"https:\/\/schema.org","@graph":[{"@type":"WebPage","@id":"https:\/\/help.jamk.fi\/tietosuoja\/fi\/henkilostopalvelut\/tietosuojaseloste-te-plan\/","url":"https:\/\/help.jamk.fi\/tietosuoja\/fi\/henkilostopalvelut\/tietosuojaseloste-te-plan\/","name":"Tietosuojaseloste - TE-Plan - Tietosuoja","isPartOf":{"@id":"https:\/\/help.jamk.fi\/tietosuoja\/#website"},"datePublished":"2023-11-09T14:18:06+00:00","dateModified":"2023-12-18T10:33:57+00:00","breadcrumb":{"@id":"https:\/\/help.jamk.fi\/tietosuoja\/fi\/henkilostopalvelut\/tietosuojaseloste-te-plan\/#breadcrumb"},"inLanguage":"fi","potentialAction":[{"@type":"ReadAction","target":["https:\/\/help.jamk.fi\/tietosuoja\/fi\/henkilostopalvelut\/tietosuojaseloste-te-plan\/"]}]},{"@type":"BreadcrumbList","@id":"https:\/\/help.jamk.fi\/tietosuoja\/fi\/henkilostopalvelut\/tietosuojaseloste-te-plan\/#breadcrumb","itemListElement":[{"@type":"ListItem","position":1,"name":"Etusivu","item":"https:\/\/help.jamk.fi\/tietosuoja\/fi\/"},{"@type":"ListItem","position":2,"name":"Henkil\u00f6st\u00f6palvelut","item":"https:\/\/help.jamk.fi\/tietosuoja\/fi\/henkilostopalvelut\/"},{"@type":"ListItem","position":3,"name":"Tietosuojaseloste &#8211; TE-Plan"}]},{"@type":"WebSite","@id":"https:\/\/help.jamk.fi\/tietosuoja\/#website","url":"https:\/\/help.jamk.fi\/tietosuoja\/","name":"Tietosuoja","description":"","potentialAction":[{"@type":"SearchAction","target":{"@type":"EntryPoint","urlTemplate":"https:\/\/help.jamk.fi\/tietosuoja\/?s={search_term_string}"},"query-input":{"@type":"PropertyValueSpecification","valueRequired":true,"valueName":"search_term_string"}}],"inLanguage":"fi"}]}},"_links":{"self":[{"href":"https:\/\/help.jamk.fi\/tietosuoja\/wp-json\/wp\/v2\/pages\/483","targetHints":{"allow":["GET"]}}],"collection":[{"href":"https:\/\/help.jamk.fi\/tietosuoja\/wp-json\/wp\/v2\/pages"}],"about":[{"href":"https:\/\/help.jamk.fi\/tietosuoja\/wp-json\/wp\/v2\/types\/page"}],"author":[{"embeddable":true,"href":"https:\/\/help.jamk.fi\/tietosuoja\/wp-json\/wp\/v2\/users\/178"}],"replies":[{"embeddable":true,"href":"https:\/\/help.jamk.fi\/tietosuoja\/wp-json\/wp\/v2\/comments?post=483"}],"version-history":[{"count":1,"href":"https:\/\/help.jamk.fi\/tietosuoja\/wp-json\/wp\/v2\/pages\/483\/revisions"}],"predecessor-version":[{"id":484,"href":"https:\/\/help.jamk.fi\/tietosuoja\/wp-json\/wp\/v2\/pages\/483\/revisions\/484"}],"up":[{"embeddable":true,"href":"https:\/\/help.jamk.fi\/tietosuoja\/wp-json\/wp\/v2\/pages\/504"}],"wp:attachment":[{"href":"https:\/\/help.jamk.fi\/tietosuoja\/wp-json\/wp\/v2\/media?parent=483"}],"wp:term":[{"taxonomy":"category","embeddable":true,"href":"https:\/\/help.jamk.fi\/tietosuoja\/wp-json\/wp\/v2\/categories?post=483"},{"taxonomy":"post_tag","embeddable":true,"href":"https:\/\/help.jamk.fi\/tietosuoja\/wp-json\/wp\/v2\/tags?post=483"}],"curies":[{"name":"wp","href":"https:\/\/api.w.org\/{rel}","templated":true}]}}