{"id":136,"date":"2018-03-15T12:49:20","date_gmt":"2018-03-15T10:49:20","guid":{"rendered":"https:\/\/help.jamk.fi\/tuberoom\/asetelmat\/ilman-lightboardia\/"},"modified":"2024-01-04T15:29:05","modified_gmt":"2024-01-04T13:29:05","slug":"ilman-lightboardia","status":"publish","type":"page","link":"https:\/\/help.jamk.fi\/tuberoom\/fi\/asetelmat\/ilman-lightboardia\/","title":{"rendered":"Ilman Lightboardia"},"content":{"rendered":"\n<p>T\u00e4ss\u00e4 asetelmassa kuvataan ilman Lightboardia. Lightboardin voi silloin k\u00e4\u00e4nt\u00e4\u00e4 vasemmalle sein\u00e4lle sivuun ja sijoitella valot uudelleen. Kuvattava voi ottaa halutessaan l\u00e4hellens\u00e4 jonkun apup\u00f6ydist\u00e4 vaikka kannettavaa tietokonetta varten. Esikatselumonitorin voi sijoittaa apup\u00f6yd\u00e4lle kameran etupuolelle, koska heijastuksista ei ole t\u00e4ss\u00e4 asetelmassa pelkoa. VMix ohjelmasta voi halutessaan laittaa kameran asetuksista Mirror-asetus pois p\u00e4\u00e4lt\u00e4. Katkoviivalla (14) merkitty kuvaan verkkokaapeli, sill\u00e4 saa halutessaan kaapattua kuvaa l\u00e4pp\u00e4rist\u00e4 NDI scan converterin avulla. Silloin on lis\u00e4tt\u00e4v\u00e4 VMixiin input NDI. Vaihtoehtoisesti voi kokeilla kaapata kuvaa my\u00f6s HDMI-kaapelia (15) pitkin, silloin lis\u00e4\u00e4 VMixiin kamera input AV.IO 4k.<\/p>\n\n\n\n<figure class=\"wp-block-image\"><img decoding=\"async\" src=\"https:\/\/help.jamk.fi\/tuberoom\/wp-content\/uploads\/sites\/66\/2023\/07\/tuberoomin_leiska_ei_lightboard-967x1024.png\" alt=\"\" class=\"wp-image-154\"\/><\/figure>\n","protected":false},"excerpt":{"rendered":"<p>T\u00e4ss\u00e4 asetelmassa kuvataan ilman Lightboardia. Lightboardin voi silloin k\u00e4\u00e4nt\u00e4\u00e4 vasemmalle sein\u00e4lle sivuun ja sijoitella valot uudelleen. Kuvattava voi ottaa halutessaan l\u00e4hellens\u00e4 jonkun apup\u00f6ydist\u00e4 vaikka kannettavaa tietokonetta varten. Esikatselumonitorin voi sijoittaa apup\u00f6yd\u00e4lle kameran etupuolelle, koska heijastuksista ei ole t\u00e4ss\u00e4 asetelmassa pelkoa. VMix ohjelmasta voi halutessaan laittaa kameran asetuksista Mirror-asetus pois p\u00e4\u00e4lt\u00e4. Katkoviivalla (14) merkitty kuvaan verkkokaapeli, [&hellip;]<\/p>\n","protected":false},"author":74,"featured_media":0,"parent":108,"menu_order":2,"comment_status":"closed","ping_status":"closed","template":"","meta":{"_acf_changed":false,"_relevanssi_hide_post":"","_relevanssi_hide_content":"","_relevanssi_pin_for_all":"","_relevanssi_pin_keywords":"","_relevanssi_unpin_keywords":"","_relevanssi_related_keywords":"","_relevanssi_related_include_ids":"","_relevanssi_related_exclude_ids":"","_relevanssi_related_no_append":"","_relevanssi_related_not_related":"","_relevanssi_related_posts":"","_relevanssi_noindex_reason":"","footnotes":""},"categories":[],"tags":[],"class_list":["post-136","page","type-page","status-publish","hentry"],"acf":[],"yoast_head":"<!-- This site is optimized with the Yoast SEO plugin v27.4 - https:\/\/yoast.com\/product\/yoast-seo-wordpress\/ -->\n<title>Ilman Lightboardia - Tuberoom<\/title>\n<meta name=\"robots\" content=\"index, follow, max-snippet:-1, max-image-preview:large, max-video-preview:-1\" \/>\n<link rel=\"canonical\" href=\"https:\/\/help.jamk.fi\/tuberoom\/fi\/asetelmat\/ilman-lightboardia\/\" \/>\n<meta property=\"og:locale\" content=\"fi_FI\" \/>\n<meta property=\"og:type\" content=\"article\" \/>\n<meta property=\"og:title\" content=\"Ilman Lightboardia - Tuberoom\" \/>\n<meta property=\"og:description\" content=\"T\u00e4ss\u00e4 asetelmassa kuvataan ilman Lightboardia. Lightboardin voi silloin k\u00e4\u00e4nt\u00e4\u00e4 vasemmalle sein\u00e4lle sivuun ja sijoitella valot uudelleen. Kuvattava voi ottaa halutessaan l\u00e4hellens\u00e4 jonkun apup\u00f6ydist\u00e4 vaikka kannettavaa tietokonetta varten. Esikatselumonitorin voi sijoittaa apup\u00f6yd\u00e4lle kameran etupuolelle, koska heijastuksista ei ole t\u00e4ss\u00e4 asetelmassa pelkoa. VMix ohjelmasta voi halutessaan laittaa kameran asetuksista Mirror-asetus pois p\u00e4\u00e4lt\u00e4. Katkoviivalla (14) merkitty kuvaan verkkokaapeli, [&hellip;]\" \/>\n<meta property=\"og:url\" content=\"https:\/\/help.jamk.fi\/tuberoom\/fi\/asetelmat\/ilman-lightboardia\/\" \/>\n<meta property=\"og:site_name\" content=\"Tuberoom\" \/>\n<meta property=\"article:modified_time\" content=\"2024-01-04T13:29:05+00:00\" \/>\n<meta property=\"og:image\" content=\"https:\/\/help.jamk.fi\/tuberoom\/wp-content\/uploads\/sites\/66\/2023\/07\/tuberoomin_leiska_ei_lightboard-967x1024.png\" \/>\n<meta name=\"twitter:card\" content=\"summary_large_image\" \/>\n<meta name=\"twitter:label1\" content=\"Arvioitu lukuaika\" \/>\n\t<meta name=\"twitter:data1\" content=\"1 minuutti\" \/>\n<script type=\"application\/ld+json\" class=\"yoast-schema-graph\">{\"@context\":\"https:\\\/\\\/schema.org\",\"@graph\":[{\"@type\":\"WebPage\",\"@id\":\"https:\\\/\\\/help.jamk.fi\\\/tuberoom\\\/fi\\\/asetelmat\\\/ilman-lightboardia\\\/\",\"url\":\"https:\\\/\\\/help.jamk.fi\\\/tuberoom\\\/fi\\\/asetelmat\\\/ilman-lightboardia\\\/\",\"name\":\"Ilman Lightboardia - Tuberoom\",\"isPartOf\":{\"@id\":\"https:\\\/\\\/help.jamk.fi\\\/tuberoom\\\/#website\"},\"primaryImageOfPage\":{\"@id\":\"https:\\\/\\\/help.jamk.fi\\\/tuberoom\\\/fi\\\/asetelmat\\\/ilman-lightboardia\\\/#primaryimage\"},\"image\":{\"@id\":\"https:\\\/\\\/help.jamk.fi\\\/tuberoom\\\/fi\\\/asetelmat\\\/ilman-lightboardia\\\/#primaryimage\"},\"thumbnailUrl\":\"https:\\\/\\\/help.jamk.fi\\\/tuberoom\\\/wp-content\\\/uploads\\\/sites\\\/66\\\/2023\\\/07\\\/tuberoomin_leiska_ei_lightboard-967x1024.png\",\"datePublished\":\"2018-03-15T10:49:20+00:00\",\"dateModified\":\"2024-01-04T13:29:05+00:00\",\"breadcrumb\":{\"@id\":\"https:\\\/\\\/help.jamk.fi\\\/tuberoom\\\/fi\\\/asetelmat\\\/ilman-lightboardia\\\/#breadcrumb\"},\"inLanguage\":\"fi\",\"potentialAction\":[{\"@type\":\"ReadAction\",\"target\":[\"https:\\\/\\\/help.jamk.fi\\\/tuberoom\\\/fi\\\/asetelmat\\\/ilman-lightboardia\\\/\"]}]},{\"@type\":\"ImageObject\",\"inLanguage\":\"fi\",\"@id\":\"https:\\\/\\\/help.jamk.fi\\\/tuberoom\\\/fi\\\/asetelmat\\\/ilman-lightboardia\\\/#primaryimage\",\"url\":\"\",\"contentUrl\":\"\"},{\"@type\":\"BreadcrumbList\",\"@id\":\"https:\\\/\\\/help.jamk.fi\\\/tuberoom\\\/fi\\\/asetelmat\\\/ilman-lightboardia\\\/#breadcrumb\",\"itemListElement\":[{\"@type\":\"ListItem\",\"position\":1,\"name\":\"Etusivu\",\"item\":\"https:\\\/\\\/help.jamk.fi\\\/tuberoom\\\/fi\\\/\"},{\"@type\":\"ListItem\",\"position\":2,\"name\":\"Asetelmat\",\"item\":\"https:\\\/\\\/help.jamk.fi\\\/tuberoom\\\/fi\\\/asetelmat\\\/\"},{\"@type\":\"ListItem\",\"position\":3,\"name\":\"Ilman Lightboardia\"}]},{\"@type\":\"WebSite\",\"@id\":\"https:\\\/\\\/help.jamk.fi\\\/tuberoom\\\/#website\",\"url\":\"https:\\\/\\\/help.jamk.fi\\\/tuberoom\\\/\",\"name\":\"Tuberoom\",\"description\":\"\",\"potentialAction\":[{\"@type\":\"SearchAction\",\"target\":{\"@type\":\"EntryPoint\",\"urlTemplate\":\"https:\\\/\\\/help.jamk.fi\\\/tuberoom\\\/?s={search_term_string}\"},\"query-input\":{\"@type\":\"PropertyValueSpecification\",\"valueRequired\":true,\"valueName\":\"search_term_string\"}}],\"inLanguage\":\"fi\"}]}<\/script>\n<!-- \/ Yoast SEO plugin. -->","yoast_head_json":{"title":"Ilman Lightboardia - Tuberoom","robots":{"index":"index","follow":"follow","max-snippet":"max-snippet:-1","max-image-preview":"max-image-preview:large","max-video-preview":"max-video-preview:-1"},"canonical":"https:\/\/help.jamk.fi\/tuberoom\/fi\/asetelmat\/ilman-lightboardia\/","og_locale":"fi_FI","og_type":"article","og_title":"Ilman Lightboardia - Tuberoom","og_description":"T\u00e4ss\u00e4 asetelmassa kuvataan ilman Lightboardia. Lightboardin voi silloin k\u00e4\u00e4nt\u00e4\u00e4 vasemmalle sein\u00e4lle sivuun ja sijoitella valot uudelleen. Kuvattava voi ottaa halutessaan l\u00e4hellens\u00e4 jonkun apup\u00f6ydist\u00e4 vaikka kannettavaa tietokonetta varten. Esikatselumonitorin voi sijoittaa apup\u00f6yd\u00e4lle kameran etupuolelle, koska heijastuksista ei ole t\u00e4ss\u00e4 asetelmassa pelkoa. VMix ohjelmasta voi halutessaan laittaa kameran asetuksista Mirror-asetus pois p\u00e4\u00e4lt\u00e4. Katkoviivalla (14) merkitty kuvaan verkkokaapeli, [&hellip;]","og_url":"https:\/\/help.jamk.fi\/tuberoom\/fi\/asetelmat\/ilman-lightboardia\/","og_site_name":"Tuberoom","article_modified_time":"2024-01-04T13:29:05+00:00","og_image":[{"url":"https:\/\/help.jamk.fi\/tuberoom\/wp-content\/uploads\/sites\/66\/2023\/07\/tuberoomin_leiska_ei_lightboard-967x1024.png","type":"","width":"","height":""}],"twitter_card":"summary_large_image","twitter_misc":{"Arvioitu lukuaika":"1 minuutti"},"schema":{"@context":"https:\/\/schema.org","@graph":[{"@type":"WebPage","@id":"https:\/\/help.jamk.fi\/tuberoom\/fi\/asetelmat\/ilman-lightboardia\/","url":"https:\/\/help.jamk.fi\/tuberoom\/fi\/asetelmat\/ilman-lightboardia\/","name":"Ilman Lightboardia - Tuberoom","isPartOf":{"@id":"https:\/\/help.jamk.fi\/tuberoom\/#website"},"primaryImageOfPage":{"@id":"https:\/\/help.jamk.fi\/tuberoom\/fi\/asetelmat\/ilman-lightboardia\/#primaryimage"},"image":{"@id":"https:\/\/help.jamk.fi\/tuberoom\/fi\/asetelmat\/ilman-lightboardia\/#primaryimage"},"thumbnailUrl":"https:\/\/help.jamk.fi\/tuberoom\/wp-content\/uploads\/sites\/66\/2023\/07\/tuberoomin_leiska_ei_lightboard-967x1024.png","datePublished":"2018-03-15T10:49:20+00:00","dateModified":"2024-01-04T13:29:05+00:00","breadcrumb":{"@id":"https:\/\/help.jamk.fi\/tuberoom\/fi\/asetelmat\/ilman-lightboardia\/#breadcrumb"},"inLanguage":"fi","potentialAction":[{"@type":"ReadAction","target":["https:\/\/help.jamk.fi\/tuberoom\/fi\/asetelmat\/ilman-lightboardia\/"]}]},{"@type":"ImageObject","inLanguage":"fi","@id":"https:\/\/help.jamk.fi\/tuberoom\/fi\/asetelmat\/ilman-lightboardia\/#primaryimage","url":"","contentUrl":""},{"@type":"BreadcrumbList","@id":"https:\/\/help.jamk.fi\/tuberoom\/fi\/asetelmat\/ilman-lightboardia\/#breadcrumb","itemListElement":[{"@type":"ListItem","position":1,"name":"Etusivu","item":"https:\/\/help.jamk.fi\/tuberoom\/fi\/"},{"@type":"ListItem","position":2,"name":"Asetelmat","item":"https:\/\/help.jamk.fi\/tuberoom\/fi\/asetelmat\/"},{"@type":"ListItem","position":3,"name":"Ilman Lightboardia"}]},{"@type":"WebSite","@id":"https:\/\/help.jamk.fi\/tuberoom\/#website","url":"https:\/\/help.jamk.fi\/tuberoom\/","name":"Tuberoom","description":"","potentialAction":[{"@type":"SearchAction","target":{"@type":"EntryPoint","urlTemplate":"https:\/\/help.jamk.fi\/tuberoom\/?s={search_term_string}"},"query-input":{"@type":"PropertyValueSpecification","valueRequired":true,"valueName":"search_term_string"}}],"inLanguage":"fi"}]}},"_links":{"self":[{"href":"https:\/\/help.jamk.fi\/tuberoom\/wp-json\/wp\/v2\/pages\/136","targetHints":{"allow":["GET"]}}],"collection":[{"href":"https:\/\/help.jamk.fi\/tuberoom\/wp-json\/wp\/v2\/pages"}],"about":[{"href":"https:\/\/help.jamk.fi\/tuberoom\/wp-json\/wp\/v2\/types\/page"}],"author":[{"embeddable":true,"href":"https:\/\/help.jamk.fi\/tuberoom\/wp-json\/wp\/v2\/users\/74"}],"replies":[{"embeddable":true,"href":"https:\/\/help.jamk.fi\/tuberoom\/wp-json\/wp\/v2\/comments?post=136"}],"version-history":[{"count":3,"href":"https:\/\/help.jamk.fi\/tuberoom\/wp-json\/wp\/v2\/pages\/136\/revisions"}],"predecessor-version":[{"id":367,"href":"https:\/\/help.jamk.fi\/tuberoom\/wp-json\/wp\/v2\/pages\/136\/revisions\/367"}],"up":[{"embeddable":true,"href":"https:\/\/help.jamk.fi\/tuberoom\/wp-json\/wp\/v2\/pages\/108"}],"wp:attachment":[{"href":"https:\/\/help.jamk.fi\/tuberoom\/wp-json\/wp\/v2\/media?parent=136"}],"wp:term":[{"taxonomy":"category","embeddable":true,"href":"https:\/\/help.jamk.fi\/tuberoom\/wp-json\/wp\/v2\/categories?post=136"},{"taxonomy":"post_tag","embeddable":true,"href":"https:\/\/help.jamk.fi\/tuberoom\/wp-json\/wp\/v2\/tags?post=136"}],"curies":[{"name":"wp","href":"https:\/\/api.w.org\/{rel}","templated":true}]}}