{"id":54,"date":"2018-02-15T11:37:19","date_gmt":"2018-02-15T09:37:19","guid":{"rendered":"https:\/\/help.jamk.fi\/tuberoom\/kayttoohjeet\/valaistus\/"},"modified":"2024-01-22T11:56:45","modified_gmt":"2024-01-22T09:56:45","slug":"valaistus","status":"publish","type":"page","link":"https:\/\/help.jamk.fi\/tuberoom\/fi\/kayttoohjeet\/valaistus\/","title":{"rendered":"Valaistus"},"content":{"rendered":"\n<p>Tuberoomissa on kolme v\u00e4ril\u00e4mp\u00f6tilaltaan s\u00e4\u00e4dett\u00e4v\u00e4\u00e4 ja himmennett\u00e4v\u00e4\u00e4 led-paneelia, jotka oletuksena aseteltu sopiviin paikkoihin valaisemaan Lightboard-ty\u00f6skentely\u00e4. Kaksi niist\u00e4 on Lightboardin etupuolella korostamassa lasille piirt\u00e4mist\u00e4 ja esiintyj\u00e4n kasvoja, kolmas on takana hiusvalona korostaen esiintyj\u00e4n \u00e4\u00e4riviivoja. Led-paneelien v\u00e4ril\u00e4mp\u00f6tilaksi on asetettu l\u00e4mmin 3000K. Lis\u00e4ksi Lightboardin kehyksiin on kiinnitetty molemmin puolin led-nauhaa (ei s\u00e4\u00e4dett\u00e4v\u00e4, v\u00e4ril\u00e4mp\u00f6tila l\u00e4mmin 3000K). Led-nauhojen katkaisijat l\u00f6ytyv\u00e4t Lightboardin toisesta reunasta (4 kpl). Led paneelit saa p\u00e4\u00e4lle niiden kaukos\u00e4\u00e4timest\u00e4, painikkeet A, B ja C. Lis\u00e4ksi Tuberoomissa on nelj\u00e4 kahden sarjaan asetettua pystysuunnassa olevaa striplight ledi\u00e4, joita voi hy\u00f6dynt\u00e4\u00e4 vihre\u00e4\u00e4 taustaa vasten kuvattaessa. Niiden avulla saadaan tausta tasaisesti h\u00e4ivytetty\u00e4 ja korvattua jollakin toisella virtuaalitaustalla. Niiden katkaisijat ovat valomoduulien p\u00e4iss\u00e4.<\/p>\n\n\n\n<p>Valojen paikkaa voidaan tarvittaessa vaihdella, kunhan ne sitten kuvauksen j\u00e4lkeen palautetaan oletuspaikoille eli tuohon Lightboard asentoon.<\/p>\n\n\n\n<p>Led-paneelien kaukos\u00e4\u00e4din kuvassa. Valojen k\u00e4ynnistys ja sammutus on m\u00e4\u00e4ritelty kaukos\u00e4\u00e4timen nappeihin A, B ja C.<\/p>\n\n\n\n<figure class=\"wp-block-image\"><img decoding=\"async\" src=\"https:\/\/help.jamk.fi\/tuberoom\/wp-content\/uploads\/sites\/66\/2023\/07\/aputure.jpg\" alt=\"\" class=\"wp-image-112\"\/><\/figure>\n","protected":false},"excerpt":{"rendered":"<p>Tuberoomissa on kolme v\u00e4ril\u00e4mp\u00f6tilaltaan s\u00e4\u00e4dett\u00e4v\u00e4\u00e4 ja himmennett\u00e4v\u00e4\u00e4 led-paneelia, jotka oletuksena aseteltu sopiviin paikkoihin valaisemaan Lightboard-ty\u00f6skentely\u00e4. Kaksi niist\u00e4 on Lightboardin etupuolella korostamassa lasille piirt\u00e4mist\u00e4 ja esiintyj\u00e4n kasvoja, kolmas on takana hiusvalona korostaen esiintyj\u00e4n \u00e4\u00e4riviivoja. Led-paneelien v\u00e4ril\u00e4mp\u00f6tilaksi on asetettu l\u00e4mmin 3000K. Lis\u00e4ksi Lightboardin kehyksiin on kiinnitetty molemmin puolin led-nauhaa (ei s\u00e4\u00e4dett\u00e4v\u00e4, v\u00e4ril\u00e4mp\u00f6tila l\u00e4mmin 3000K). Led-nauhojen katkaisijat l\u00f6ytyv\u00e4t [&hellip;]<\/p>\n","protected":false},"author":74,"featured_media":0,"parent":6,"menu_order":4,"comment_status":"closed","ping_status":"closed","template":"","meta":{"_acf_changed":false,"_relevanssi_hide_post":"","_relevanssi_hide_content":"","_relevanssi_pin_for_all":"","_relevanssi_pin_keywords":"","_relevanssi_unpin_keywords":"","_relevanssi_related_keywords":"","_relevanssi_related_include_ids":"","_relevanssi_related_exclude_ids":"","_relevanssi_related_no_append":"","_relevanssi_related_not_related":"","_relevanssi_related_posts":"","_relevanssi_noindex_reason":"","footnotes":""},"categories":[],"tags":[],"class_list":["post-54","page","type-page","status-publish","hentry"],"acf":[],"yoast_head":"<!-- This site is optimized with the Yoast SEO plugin v27.3 - https:\/\/yoast.com\/product\/yoast-seo-wordpress\/ -->\n<title>Valaistus - Tuberoom<\/title>\n<meta name=\"robots\" content=\"index, follow, max-snippet:-1, max-image-preview:large, max-video-preview:-1\" \/>\n<link rel=\"canonical\" href=\"https:\/\/help.jamk.fi\/tuberoom\/fi\/kayttoohjeet\/valaistus\/\" \/>\n<meta property=\"og:locale\" content=\"fi_FI\" \/>\n<meta property=\"og:type\" content=\"article\" \/>\n<meta property=\"og:title\" content=\"Valaistus - Tuberoom\" \/>\n<meta property=\"og:description\" content=\"Tuberoomissa on kolme v\u00e4ril\u00e4mp\u00f6tilaltaan s\u00e4\u00e4dett\u00e4v\u00e4\u00e4 ja himmennett\u00e4v\u00e4\u00e4 led-paneelia, jotka oletuksena aseteltu sopiviin paikkoihin valaisemaan Lightboard-ty\u00f6skentely\u00e4. Kaksi niist\u00e4 on Lightboardin etupuolella korostamassa lasille piirt\u00e4mist\u00e4 ja esiintyj\u00e4n kasvoja, kolmas on takana hiusvalona korostaen esiintyj\u00e4n \u00e4\u00e4riviivoja. Led-paneelien v\u00e4ril\u00e4mp\u00f6tilaksi on asetettu l\u00e4mmin 3000K. Lis\u00e4ksi Lightboardin kehyksiin on kiinnitetty molemmin puolin led-nauhaa (ei s\u00e4\u00e4dett\u00e4v\u00e4, v\u00e4ril\u00e4mp\u00f6tila l\u00e4mmin 3000K). Led-nauhojen katkaisijat l\u00f6ytyv\u00e4t [&hellip;]\" \/>\n<meta property=\"og:url\" content=\"https:\/\/help.jamk.fi\/tuberoom\/fi\/kayttoohjeet\/valaistus\/\" \/>\n<meta property=\"og:site_name\" content=\"Tuberoom\" \/>\n<meta property=\"article:modified_time\" content=\"2024-01-22T09:56:45+00:00\" \/>\n<meta property=\"og:image\" content=\"https:\/\/help.jamk.fi\/tuberoom\/wp-content\/uploads\/sites\/66\/2023\/07\/aputure.jpg\" \/>\n<meta name=\"twitter:card\" content=\"summary_large_image\" \/>\n<meta name=\"twitter:label1\" content=\"Arvioitu lukuaika\" \/>\n\t<meta name=\"twitter:data1\" content=\"2 minuuttia\" \/>\n<script type=\"application\/ld+json\" class=\"yoast-schema-graph\">{\"@context\":\"https:\\\/\\\/schema.org\",\"@graph\":[{\"@type\":\"WebPage\",\"@id\":\"https:\\\/\\\/help.jamk.fi\\\/tuberoom\\\/fi\\\/kayttoohjeet\\\/valaistus\\\/\",\"url\":\"https:\\\/\\\/help.jamk.fi\\\/tuberoom\\\/fi\\\/kayttoohjeet\\\/valaistus\\\/\",\"name\":\"Valaistus - Tuberoom\",\"isPartOf\":{\"@id\":\"https:\\\/\\\/help.jamk.fi\\\/tuberoom\\\/#website\"},\"primaryImageOfPage\":{\"@id\":\"https:\\\/\\\/help.jamk.fi\\\/tuberoom\\\/fi\\\/kayttoohjeet\\\/valaistus\\\/#primaryimage\"},\"image\":{\"@id\":\"https:\\\/\\\/help.jamk.fi\\\/tuberoom\\\/fi\\\/kayttoohjeet\\\/valaistus\\\/#primaryimage\"},\"thumbnailUrl\":\"https:\\\/\\\/help.jamk.fi\\\/tuberoom\\\/wp-content\\\/uploads\\\/sites\\\/66\\\/2023\\\/07\\\/aputure.jpg\",\"datePublished\":\"2018-02-15T09:37:19+00:00\",\"dateModified\":\"2024-01-22T09:56:45+00:00\",\"breadcrumb\":{\"@id\":\"https:\\\/\\\/help.jamk.fi\\\/tuberoom\\\/fi\\\/kayttoohjeet\\\/valaistus\\\/#breadcrumb\"},\"inLanguage\":\"fi\",\"potentialAction\":[{\"@type\":\"ReadAction\",\"target\":[\"https:\\\/\\\/help.jamk.fi\\\/tuberoom\\\/fi\\\/kayttoohjeet\\\/valaistus\\\/\"]}]},{\"@type\":\"ImageObject\",\"inLanguage\":\"fi\",\"@id\":\"https:\\\/\\\/help.jamk.fi\\\/tuberoom\\\/fi\\\/kayttoohjeet\\\/valaistus\\\/#primaryimage\",\"url\":\"\",\"contentUrl\":\"\"},{\"@type\":\"BreadcrumbList\",\"@id\":\"https:\\\/\\\/help.jamk.fi\\\/tuberoom\\\/fi\\\/kayttoohjeet\\\/valaistus\\\/#breadcrumb\",\"itemListElement\":[{\"@type\":\"ListItem\",\"position\":1,\"name\":\"Etusivu\",\"item\":\"https:\\\/\\\/help.jamk.fi\\\/tuberoom\\\/fi\\\/\"},{\"@type\":\"ListItem\",\"position\":2,\"name\":\"K\u00e4ytt\u00f6ohjeet\",\"item\":\"https:\\\/\\\/help.jamk.fi\\\/tuberoom\\\/fi\\\/kayttoohjeet\\\/\"},{\"@type\":\"ListItem\",\"position\":3,\"name\":\"Valaistus\"}]},{\"@type\":\"WebSite\",\"@id\":\"https:\\\/\\\/help.jamk.fi\\\/tuberoom\\\/#website\",\"url\":\"https:\\\/\\\/help.jamk.fi\\\/tuberoom\\\/\",\"name\":\"Tuberoom\",\"description\":\"\",\"potentialAction\":[{\"@type\":\"SearchAction\",\"target\":{\"@type\":\"EntryPoint\",\"urlTemplate\":\"https:\\\/\\\/help.jamk.fi\\\/tuberoom\\\/?s={search_term_string}\"},\"query-input\":{\"@type\":\"PropertyValueSpecification\",\"valueRequired\":true,\"valueName\":\"search_term_string\"}}],\"inLanguage\":\"fi\"}]}<\/script>\n<!-- \/ Yoast SEO plugin. -->","yoast_head_json":{"title":"Valaistus - Tuberoom","robots":{"index":"index","follow":"follow","max-snippet":"max-snippet:-1","max-image-preview":"max-image-preview:large","max-video-preview":"max-video-preview:-1"},"canonical":"https:\/\/help.jamk.fi\/tuberoom\/fi\/kayttoohjeet\/valaistus\/","og_locale":"fi_FI","og_type":"article","og_title":"Valaistus - Tuberoom","og_description":"Tuberoomissa on kolme v\u00e4ril\u00e4mp\u00f6tilaltaan s\u00e4\u00e4dett\u00e4v\u00e4\u00e4 ja himmennett\u00e4v\u00e4\u00e4 led-paneelia, jotka oletuksena aseteltu sopiviin paikkoihin valaisemaan Lightboard-ty\u00f6skentely\u00e4. Kaksi niist\u00e4 on Lightboardin etupuolella korostamassa lasille piirt\u00e4mist\u00e4 ja esiintyj\u00e4n kasvoja, kolmas on takana hiusvalona korostaen esiintyj\u00e4n \u00e4\u00e4riviivoja. Led-paneelien v\u00e4ril\u00e4mp\u00f6tilaksi on asetettu l\u00e4mmin 3000K. Lis\u00e4ksi Lightboardin kehyksiin on kiinnitetty molemmin puolin led-nauhaa (ei s\u00e4\u00e4dett\u00e4v\u00e4, v\u00e4ril\u00e4mp\u00f6tila l\u00e4mmin 3000K). Led-nauhojen katkaisijat l\u00f6ytyv\u00e4t [&hellip;]","og_url":"https:\/\/help.jamk.fi\/tuberoom\/fi\/kayttoohjeet\/valaistus\/","og_site_name":"Tuberoom","article_modified_time":"2024-01-22T09:56:45+00:00","og_image":[{"url":"https:\/\/help.jamk.fi\/tuberoom\/wp-content\/uploads\/sites\/66\/2023\/07\/aputure.jpg","type":"","width":"","height":""}],"twitter_card":"summary_large_image","twitter_misc":{"Arvioitu lukuaika":"2 minuuttia"},"schema":{"@context":"https:\/\/schema.org","@graph":[{"@type":"WebPage","@id":"https:\/\/help.jamk.fi\/tuberoom\/fi\/kayttoohjeet\/valaistus\/","url":"https:\/\/help.jamk.fi\/tuberoom\/fi\/kayttoohjeet\/valaistus\/","name":"Valaistus - Tuberoom","isPartOf":{"@id":"https:\/\/help.jamk.fi\/tuberoom\/#website"},"primaryImageOfPage":{"@id":"https:\/\/help.jamk.fi\/tuberoom\/fi\/kayttoohjeet\/valaistus\/#primaryimage"},"image":{"@id":"https:\/\/help.jamk.fi\/tuberoom\/fi\/kayttoohjeet\/valaistus\/#primaryimage"},"thumbnailUrl":"https:\/\/help.jamk.fi\/tuberoom\/wp-content\/uploads\/sites\/66\/2023\/07\/aputure.jpg","datePublished":"2018-02-15T09:37:19+00:00","dateModified":"2024-01-22T09:56:45+00:00","breadcrumb":{"@id":"https:\/\/help.jamk.fi\/tuberoom\/fi\/kayttoohjeet\/valaistus\/#breadcrumb"},"inLanguage":"fi","potentialAction":[{"@type":"ReadAction","target":["https:\/\/help.jamk.fi\/tuberoom\/fi\/kayttoohjeet\/valaistus\/"]}]},{"@type":"ImageObject","inLanguage":"fi","@id":"https:\/\/help.jamk.fi\/tuberoom\/fi\/kayttoohjeet\/valaistus\/#primaryimage","url":"","contentUrl":""},{"@type":"BreadcrumbList","@id":"https:\/\/help.jamk.fi\/tuberoom\/fi\/kayttoohjeet\/valaistus\/#breadcrumb","itemListElement":[{"@type":"ListItem","position":1,"name":"Etusivu","item":"https:\/\/help.jamk.fi\/tuberoom\/fi\/"},{"@type":"ListItem","position":2,"name":"K\u00e4ytt\u00f6ohjeet","item":"https:\/\/help.jamk.fi\/tuberoom\/fi\/kayttoohjeet\/"},{"@type":"ListItem","position":3,"name":"Valaistus"}]},{"@type":"WebSite","@id":"https:\/\/help.jamk.fi\/tuberoom\/#website","url":"https:\/\/help.jamk.fi\/tuberoom\/","name":"Tuberoom","description":"","potentialAction":[{"@type":"SearchAction","target":{"@type":"EntryPoint","urlTemplate":"https:\/\/help.jamk.fi\/tuberoom\/?s={search_term_string}"},"query-input":{"@type":"PropertyValueSpecification","valueRequired":true,"valueName":"search_term_string"}}],"inLanguage":"fi"}]}},"_links":{"self":[{"href":"https:\/\/help.jamk.fi\/tuberoom\/wp-json\/wp\/v2\/pages\/54","targetHints":{"allow":["GET"]}}],"collection":[{"href":"https:\/\/help.jamk.fi\/tuberoom\/wp-json\/wp\/v2\/pages"}],"about":[{"href":"https:\/\/help.jamk.fi\/tuberoom\/wp-json\/wp\/v2\/types\/page"}],"author":[{"embeddable":true,"href":"https:\/\/help.jamk.fi\/tuberoom\/wp-json\/wp\/v2\/users\/74"}],"replies":[{"embeddable":true,"href":"https:\/\/help.jamk.fi\/tuberoom\/wp-json\/wp\/v2\/comments?post=54"}],"version-history":[{"count":4,"href":"https:\/\/help.jamk.fi\/tuberoom\/wp-json\/wp\/v2\/pages\/54\/revisions"}],"predecessor-version":[{"id":394,"href":"https:\/\/help.jamk.fi\/tuberoom\/wp-json\/wp\/v2\/pages\/54\/revisions\/394"}],"up":[{"embeddable":true,"href":"https:\/\/help.jamk.fi\/tuberoom\/wp-json\/wp\/v2\/pages\/6"}],"wp:attachment":[{"href":"https:\/\/help.jamk.fi\/tuberoom\/wp-json\/wp\/v2\/media?parent=54"}],"wp:term":[{"taxonomy":"category","embeddable":true,"href":"https:\/\/help.jamk.fi\/tuberoom\/wp-json\/wp\/v2\/categories?post=54"},{"taxonomy":"post_tag","embeddable":true,"href":"https:\/\/help.jamk.fi\/tuberoom\/wp-json\/wp\/v2\/tags?post=54"}],"curies":[{"name":"wp","href":"https:\/\/api.w.org\/{rel}","templated":true}]}}