{"id":99,"date":"2018-02-21T11:27:05","date_gmt":"2018-02-21T09:27:05","guid":{"rendered":"https:\/\/help.jamk.fi\/tuberoom\/varustus\/"},"modified":"2024-01-22T11:55:21","modified_gmt":"2024-01-22T09:55:21","slug":"varustus","status":"publish","type":"page","link":"https:\/\/help.jamk.fi\/tuberoom\/fi\/kuinka-rakennan-oman\/varustus\/","title":{"rendered":"Jamkin Tuberoomin varustus"},"content":{"rendered":"\n<p>T\u00e4ss\u00e4 malliksi Jamkin Tuberoomin varustus. Varustus el\u00e4\u00e4 ja t\u00e4ydentyy sit\u00e4 mukaa kun huonetta k\u00e4ytet\u00e4\u00e4n ja tilan k\u00e4ytett\u00e4vyytt\u00e4 parannellaan kokemusten pohjalta.<\/p>\n\n\n\n<p><strong>Lightboard:<\/strong><\/p>\n\n\n\n<ul class=\"wp-block-list\">\n<li>lasin mitat 2063mm x 1300mm<\/li>\n\n\n\n<li>karkaistu hiilet\u00f6n turvalasi<\/li>\n\n\n\n<li>alumiinikehikko py\u00f6rill\u00e4<\/li>\n\n\n\n<li>Airamin 2m led-valonauhaa 3000 K sek\u00e4 yl\u00e4- ett\u00e4 alareunassa molemmin puolin lasia<\/li>\n<\/ul>\n\n\n\n<p><strong>Tuberoom:<\/strong><\/p>\n\n\n\n<ul class=\"wp-block-list\">\n<li>Mustaa molton-kangasta seinien verhoiluun ja tilan akustointiin<\/li>\n\n\n\n<li>Tumman harmaa kokolattiamatto<\/li>\n\n\n\n<li>3 kpl s\u00e4\u00e4dett\u00e4v\u00e4t Aputure Amaran HR672C led-valot 3300-5500 K ja niihin softboxit<\/li>\n\n\n\n<li>3 kpl Manfrotto valojalusta<\/li>\n\n\n\n<li>Manfrotton videojalusta + py\u00f6r\u00e4t, jalusta huputettu moltonilla heijastusten v\u00e4ltt\u00e4miseksi<\/li>\n\n\n\n<li>Panasonic AG-HPX170 videokamera SDI HD-liit\u00e4nn\u00e4ll\u00e4<\/li>\n\n\n\n<li>SDI-kaapelia<\/li>\n\n\n\n<li>Blackmagic Design Decklink Mini Recorder 4K -videokaapparikortti<\/li>\n\n\n\n<li>Blackmagic Intensity Pro HDMI -videokaapparikortti<\/li>\n\n\n\n<li>Epiphan Av.io 4k hdmi-usb3 videokaappari<\/li>\n\n\n\n<li>HP ty\u00f6asema Z240 TWR + pari monitoria<\/li>\n\n\n\n<li>VMIX HD -videostriimaus ja tallennusohjelmisto<\/li>\n\n\n\n<li>Adobe Creative Cloud -ohjelmistot videoiden j\u00e4lkik\u00e4sittelyyn (mm. Premiere, After Effects, Photoshop)<\/li>\n\n\n\n<li>Sony Vegas videoeditori<\/li>\n\n\n\n<li>Avidemux-editori<\/li>\n\n\n\n<li>Onyx Producer 2&#215;2 USB-audio interface<\/li>\n\n\n\n<li>Langaton n\u00e4pp\u00e4imist\u00f6 ja hiiri<\/li>\n\n\n\n<li>M-Audio M40 -kuulokkeet<\/li>\n\n\n\n<li>Logitechin Wireless Presenter<\/li>\n\n\n\n<li>AKG WMS4500 langaton solmiomikrofoni<\/li>\n\n\n\n<li>Shure&nbsp;KSM44A kondensaattorimikrofoni<\/li>\n\n\n\n<li>\u00e4\u00e4nien prosessointiin ja Phantom virransy\u00f6tt\u00f6\u00f6n DBX 286 S<\/li>\n\n\n\n<li>4 kpl LEDGO LG-E60 12W LED Strip Light, asennettu kahden sarjoihin jalustalle, Ledgo LG-A6 himmentimet valille<\/li>\n\n\n\n<li>vihre\u00e4 taustakangas + kangaskehikko<\/li>\n<\/ul>\n","protected":false},"excerpt":{"rendered":"<p>T\u00e4ss\u00e4 malliksi Jamkin Tuberoomin varustus. Varustus el\u00e4\u00e4 ja t\u00e4ydentyy sit\u00e4 mukaa kun huonetta k\u00e4ytet\u00e4\u00e4n ja tilan k\u00e4ytett\u00e4vyytt\u00e4 parannellaan kokemusten pohjalta. Lightboard: Tuberoom:<\/p>\n","protected":false},"author":74,"featured_media":0,"parent":163,"menu_order":1,"comment_status":"closed","ping_status":"closed","template":"","meta":{"_acf_changed":false,"_relevanssi_hide_post":"","_relevanssi_hide_content":"","_relevanssi_pin_for_all":"","_relevanssi_pin_keywords":"","_relevanssi_unpin_keywords":"","_relevanssi_related_keywords":"","_relevanssi_related_include_ids":"","_relevanssi_related_exclude_ids":"","_relevanssi_related_no_append":"","_relevanssi_related_not_related":"","_relevanssi_related_posts":"","_relevanssi_noindex_reason":"","footnotes":""},"categories":[],"tags":[],"class_list":["post-99","page","type-page","status-publish","hentry"],"acf":[],"yoast_head":"<!-- This site is optimized with the Yoast SEO plugin v27.3 - https:\/\/yoast.com\/product\/yoast-seo-wordpress\/ -->\n<title>Jamkin Tuberoomin varustus - Tuberoom<\/title>\n<meta name=\"robots\" content=\"index, follow, max-snippet:-1, max-image-preview:large, max-video-preview:-1\" \/>\n<link rel=\"canonical\" href=\"https:\/\/help.jamk.fi\/tuberoom\/fi\/kuinka-rakennan-oman\/varustus\/\" \/>\n<meta property=\"og:locale\" content=\"fi_FI\" \/>\n<meta property=\"og:type\" content=\"article\" \/>\n<meta property=\"og:title\" content=\"Jamkin Tuberoomin varustus - Tuberoom\" \/>\n<meta property=\"og:description\" content=\"T\u00e4ss\u00e4 malliksi Jamkin Tuberoomin varustus. Varustus el\u00e4\u00e4 ja t\u00e4ydentyy sit\u00e4 mukaa kun huonetta k\u00e4ytet\u00e4\u00e4n ja tilan k\u00e4ytett\u00e4vyytt\u00e4 parannellaan kokemusten pohjalta. Lightboard: Tuberoom:\" \/>\n<meta property=\"og:url\" content=\"https:\/\/help.jamk.fi\/tuberoom\/fi\/kuinka-rakennan-oman\/varustus\/\" \/>\n<meta property=\"og:site_name\" content=\"Tuberoom\" \/>\n<meta property=\"article:modified_time\" content=\"2024-01-22T09:55:21+00:00\" \/>\n<meta name=\"twitter:card\" content=\"summary_large_image\" \/>\n<meta name=\"twitter:label1\" content=\"Arvioitu lukuaika\" \/>\n\t<meta name=\"twitter:data1\" content=\"2 minuuttia\" \/>\n<script type=\"application\/ld+json\" class=\"yoast-schema-graph\">{\"@context\":\"https:\\\/\\\/schema.org\",\"@graph\":[{\"@type\":\"WebPage\",\"@id\":\"https:\\\/\\\/help.jamk.fi\\\/tuberoom\\\/fi\\\/kuinka-rakennan-oman\\\/varustus\\\/\",\"url\":\"https:\\\/\\\/help.jamk.fi\\\/tuberoom\\\/fi\\\/kuinka-rakennan-oman\\\/varustus\\\/\",\"name\":\"Jamkin Tuberoomin varustus - Tuberoom\",\"isPartOf\":{\"@id\":\"https:\\\/\\\/help.jamk.fi\\\/tuberoom\\\/#website\"},\"datePublished\":\"2018-02-21T09:27:05+00:00\",\"dateModified\":\"2024-01-22T09:55:21+00:00\",\"breadcrumb\":{\"@id\":\"https:\\\/\\\/help.jamk.fi\\\/tuberoom\\\/fi\\\/kuinka-rakennan-oman\\\/varustus\\\/#breadcrumb\"},\"inLanguage\":\"fi\",\"potentialAction\":[{\"@type\":\"ReadAction\",\"target\":[\"https:\\\/\\\/help.jamk.fi\\\/tuberoom\\\/fi\\\/kuinka-rakennan-oman\\\/varustus\\\/\"]}]},{\"@type\":\"BreadcrumbList\",\"@id\":\"https:\\\/\\\/help.jamk.fi\\\/tuberoom\\\/fi\\\/kuinka-rakennan-oman\\\/varustus\\\/#breadcrumb\",\"itemListElement\":[{\"@type\":\"ListItem\",\"position\":1,\"name\":\"Etusivu\",\"item\":\"https:\\\/\\\/help.jamk.fi\\\/tuberoom\\\/fi\\\/\"},{\"@type\":\"ListItem\",\"position\":2,\"name\":\"Kuinka rakennan oman videopajan?\",\"item\":\"https:\\\/\\\/help.jamk.fi\\\/tuberoom\\\/fi\\\/kuinka-rakennan-oman\\\/\"},{\"@type\":\"ListItem\",\"position\":3,\"name\":\"Jamkin Tuberoomin varustus\"}]},{\"@type\":\"WebSite\",\"@id\":\"https:\\\/\\\/help.jamk.fi\\\/tuberoom\\\/#website\",\"url\":\"https:\\\/\\\/help.jamk.fi\\\/tuberoom\\\/\",\"name\":\"Tuberoom\",\"description\":\"\",\"potentialAction\":[{\"@type\":\"SearchAction\",\"target\":{\"@type\":\"EntryPoint\",\"urlTemplate\":\"https:\\\/\\\/help.jamk.fi\\\/tuberoom\\\/?s={search_term_string}\"},\"query-input\":{\"@type\":\"PropertyValueSpecification\",\"valueRequired\":true,\"valueName\":\"search_term_string\"}}],\"inLanguage\":\"fi\"}]}<\/script>\n<!-- \/ Yoast SEO plugin. -->","yoast_head_json":{"title":"Jamkin Tuberoomin varustus - Tuberoom","robots":{"index":"index","follow":"follow","max-snippet":"max-snippet:-1","max-image-preview":"max-image-preview:large","max-video-preview":"max-video-preview:-1"},"canonical":"https:\/\/help.jamk.fi\/tuberoom\/fi\/kuinka-rakennan-oman\/varustus\/","og_locale":"fi_FI","og_type":"article","og_title":"Jamkin Tuberoomin varustus - Tuberoom","og_description":"T\u00e4ss\u00e4 malliksi Jamkin Tuberoomin varustus. Varustus el\u00e4\u00e4 ja t\u00e4ydentyy sit\u00e4 mukaa kun huonetta k\u00e4ytet\u00e4\u00e4n ja tilan k\u00e4ytett\u00e4vyytt\u00e4 parannellaan kokemusten pohjalta. Lightboard: Tuberoom:","og_url":"https:\/\/help.jamk.fi\/tuberoom\/fi\/kuinka-rakennan-oman\/varustus\/","og_site_name":"Tuberoom","article_modified_time":"2024-01-22T09:55:21+00:00","twitter_card":"summary_large_image","twitter_misc":{"Arvioitu lukuaika":"2 minuuttia"},"schema":{"@context":"https:\/\/schema.org","@graph":[{"@type":"WebPage","@id":"https:\/\/help.jamk.fi\/tuberoom\/fi\/kuinka-rakennan-oman\/varustus\/","url":"https:\/\/help.jamk.fi\/tuberoom\/fi\/kuinka-rakennan-oman\/varustus\/","name":"Jamkin Tuberoomin varustus - Tuberoom","isPartOf":{"@id":"https:\/\/help.jamk.fi\/tuberoom\/#website"},"datePublished":"2018-02-21T09:27:05+00:00","dateModified":"2024-01-22T09:55:21+00:00","breadcrumb":{"@id":"https:\/\/help.jamk.fi\/tuberoom\/fi\/kuinka-rakennan-oman\/varustus\/#breadcrumb"},"inLanguage":"fi","potentialAction":[{"@type":"ReadAction","target":["https:\/\/help.jamk.fi\/tuberoom\/fi\/kuinka-rakennan-oman\/varustus\/"]}]},{"@type":"BreadcrumbList","@id":"https:\/\/help.jamk.fi\/tuberoom\/fi\/kuinka-rakennan-oman\/varustus\/#breadcrumb","itemListElement":[{"@type":"ListItem","position":1,"name":"Etusivu","item":"https:\/\/help.jamk.fi\/tuberoom\/fi\/"},{"@type":"ListItem","position":2,"name":"Kuinka rakennan oman videopajan?","item":"https:\/\/help.jamk.fi\/tuberoom\/fi\/kuinka-rakennan-oman\/"},{"@type":"ListItem","position":3,"name":"Jamkin Tuberoomin varustus"}]},{"@type":"WebSite","@id":"https:\/\/help.jamk.fi\/tuberoom\/#website","url":"https:\/\/help.jamk.fi\/tuberoom\/","name":"Tuberoom","description":"","potentialAction":[{"@type":"SearchAction","target":{"@type":"EntryPoint","urlTemplate":"https:\/\/help.jamk.fi\/tuberoom\/?s={search_term_string}"},"query-input":{"@type":"PropertyValueSpecification","valueRequired":true,"valueName":"search_term_string"}}],"inLanguage":"fi"}]}},"_links":{"self":[{"href":"https:\/\/help.jamk.fi\/tuberoom\/wp-json\/wp\/v2\/pages\/99","targetHints":{"allow":["GET"]}}],"collection":[{"href":"https:\/\/help.jamk.fi\/tuberoom\/wp-json\/wp\/v2\/pages"}],"about":[{"href":"https:\/\/help.jamk.fi\/tuberoom\/wp-json\/wp\/v2\/types\/page"}],"author":[{"embeddable":true,"href":"https:\/\/help.jamk.fi\/tuberoom\/wp-json\/wp\/v2\/users\/74"}],"replies":[{"embeddable":true,"href":"https:\/\/help.jamk.fi\/tuberoom\/wp-json\/wp\/v2\/comments?post=99"}],"version-history":[{"count":4,"href":"https:\/\/help.jamk.fi\/tuberoom\/wp-json\/wp\/v2\/pages\/99\/revisions"}],"predecessor-version":[{"id":391,"href":"https:\/\/help.jamk.fi\/tuberoom\/wp-json\/wp\/v2\/pages\/99\/revisions\/391"}],"up":[{"embeddable":true,"href":"https:\/\/help.jamk.fi\/tuberoom\/wp-json\/wp\/v2\/pages\/163"}],"wp:attachment":[{"href":"https:\/\/help.jamk.fi\/tuberoom\/wp-json\/wp\/v2\/media?parent=99"}],"wp:term":[{"taxonomy":"category","embeddable":true,"href":"https:\/\/help.jamk.fi\/tuberoom\/wp-json\/wp\/v2\/categories?post=99"},{"taxonomy":"post_tag","embeddable":true,"href":"https:\/\/help.jamk.fi\/tuberoom\/wp-json\/wp\/v2\/tags?post=99"}],"curies":[{"name":"wp","href":"https:\/\/api.w.org\/{rel}","templated":true}]}}