{"id":162,"date":"2018-08-06T07:59:12","date_gmt":"2018-08-06T04:59:12","guid":{"rendered":"https:\/\/help.jamk.fi\/videoteknologiat\/tilat\/luentotallennustila-f306\/f306-hybridiopetuksessa\/"},"modified":"2024-01-02T13:58:42","modified_gmt":"2024-01-02T11:58:42","slug":"f306-hybridiopetuksessa","status":"publish","type":"page","link":"https:\/\/help.jamk.fi\/videoteknologiat\/fi\/tilat\/luentotallennustila-f306\/f306-hybridiopetuksessa\/","title":{"rendered":"F306 hybridiopetuksessa"},"content":{"rendered":"\n<p>F306-tilan tallennusj\u00e4rjestelm\u00e4\u00e4 voi soveltuvin osin hy\u00f6dynt\u00e4\u00e4 my\u00f6s hybridiopetuksessa tai webinaareissa. Silloin tallentimesta valittu kuval\u00e4hde ohjataan hdmi-usb-muuntimen kautta tietokoneelle. K\u00e4yt\u00e4nn\u00f6ss\u00e4 siis tallentimen ja kameroiden pit\u00e4\u00e4 olla p\u00e4\u00e4ll\u00e4 (mutta tallennusta ei tarvitse laittaa p\u00e4\u00e4lle). Esiintyjien mikrofoneista (langattomat + kattomikrofonit) puhe kulkee samaa reitti\u00e4, eli saman muuntimen kautta tietokoneelle. Muuntimesta l\u00e4htev\u00e4 johto on merkitty tekstill\u00e4 <strong>webcam<\/strong>. Se on oletuksena kiinni tilan tietokoneessa ja n\u00e4kyy usb \u00e4\u00e4ni- ja kuvalaitteina nimell\u00e4 <strong>webpresenter. <\/strong>Kokousj\u00e4rjestelm\u00e4st\u00e4 tuleva \u00e4\u00e4ni toistetaan tilan kaiuttimien kautta eli silloin projektorin on oltava p\u00e4\u00e4ll\u00e4 ja \u00e4\u00e4nt\u00e4 toistava tietokone valittuna projektorille. \u00c4\u00e4nenvoimakkuutta voi s\u00e4\u00e4t\u00e4\u00e4 esim. projektorin kaukos\u00e4\u00e4timell\u00e4 tai tietokoneen \u00e4\u00e4nis\u00e4\u00e4d\u00f6ill\u00e4.<\/p>\n\n\n\n<p>Hybridiominaisuuden k\u00e4ytt\u00f6\u00f6notto vaiheittain<\/p>\n\n\n\n<ol class=\"wp-block-list\">\n<li>K\u00e4ynnist\u00e4 kamerat Epiphan-tallentimen p\u00e4\u00e4ll\u00e4 olevasta AMX-kosketuspaneelista<\/li>\n\n\n\n<li>Tarkista, ett\u00e4 webcam-kaapeli on kytketty tietokoneeseen<\/li>\n\n\n\n<li>Valitse haluamasi kamera Epiphan-paneelin kosketusn\u00e4yt\u00f6lt\u00e4<\/li>\n\n\n\n<li>Tarkista ett\u00e4 kamera n\u00e4kyy ja \u00e4\u00e4ni kuuluu k\u00e4ytt\u00e4m\u00e4ss\u00e4si kokousj\u00e4rjestelm\u00e4ss\u00e4 (toimii parhaiten Zoomin kanssa, muilla j\u00e4rjestelmill\u00e4 voi esiinty\u00e4 \u00e4\u00e4nen kiertoa. Zoomilla j\u00e4rjestelm\u00e4n automatiikka s\u00e4\u00e4t\u00e4\u00e4 kierron pois muutaman sekunnin aikana)<\/li>\n<\/ol>\n","protected":false},"excerpt":{"rendered":"<p>F306-tilan tallennusj\u00e4rjestelm\u00e4\u00e4 voi soveltuvin osin hy\u00f6dynt\u00e4\u00e4 my\u00f6s hybridiopetuksessa tai webinaareissa. Silloin tallentimesta valittu kuval\u00e4hde ohjataan hdmi-usb-muuntimen kautta tietokoneelle. K\u00e4yt\u00e4nn\u00f6ss\u00e4 siis tallentimen ja kameroiden pit\u00e4\u00e4 olla p\u00e4\u00e4ll\u00e4 (mutta tallennusta ei tarvitse laittaa p\u00e4\u00e4lle). Esiintyjien mikrofoneista (langattomat + kattomikrofonit) puhe kulkee samaa reitti\u00e4, eli saman muuntimen kautta tietokoneelle. Muuntimesta l\u00e4htev\u00e4 johto on merkitty tekstill\u00e4 webcam. Se on [&hellip;]<\/p>\n","protected":false},"author":65,"featured_media":0,"parent":129,"menu_order":1,"comment_status":"closed","ping_status":"closed","template":"","meta":{"_acf_changed":false,"_relevanssi_hide_post":"","_relevanssi_hide_content":"","_relevanssi_pin_for_all":"","_relevanssi_pin_keywords":"","_relevanssi_unpin_keywords":"","_relevanssi_related_keywords":"","_relevanssi_related_include_ids":"","_relevanssi_related_exclude_ids":"","_relevanssi_related_no_append":"","_relevanssi_related_not_related":"","_relevanssi_related_posts":"","_relevanssi_noindex_reason":"","footnotes":""},"categories":[],"tags":[],"class_list":["post-162","page","type-page","status-publish","hentry"],"acf":[],"yoast_head":"<!-- This site is optimized with the Yoast SEO plugin v27.3 - https:\/\/yoast.com\/product\/yoast-seo-wordpress\/ -->\n<title>F306 hybridiopetuksessa - Videoteknologiat<\/title>\n<meta name=\"robots\" content=\"index, follow, max-snippet:-1, max-image-preview:large, max-video-preview:-1\" \/>\n<link rel=\"canonical\" href=\"https:\/\/help.jamk.fi\/videoteknologiat\/fi\/tilat\/luentotallennustila-f306\/f306-hybridiopetuksessa\/\" \/>\n<meta property=\"og:locale\" content=\"fi_FI\" \/>\n<meta property=\"og:type\" content=\"article\" \/>\n<meta property=\"og:title\" content=\"F306 hybridiopetuksessa - Videoteknologiat\" \/>\n<meta property=\"og:description\" content=\"F306-tilan tallennusj\u00e4rjestelm\u00e4\u00e4 voi soveltuvin osin hy\u00f6dynt\u00e4\u00e4 my\u00f6s hybridiopetuksessa tai webinaareissa. Silloin tallentimesta valittu kuval\u00e4hde ohjataan hdmi-usb-muuntimen kautta tietokoneelle. K\u00e4yt\u00e4nn\u00f6ss\u00e4 siis tallentimen ja kameroiden pit\u00e4\u00e4 olla p\u00e4\u00e4ll\u00e4 (mutta tallennusta ei tarvitse laittaa p\u00e4\u00e4lle). Esiintyjien mikrofoneista (langattomat + kattomikrofonit) puhe kulkee samaa reitti\u00e4, eli saman muuntimen kautta tietokoneelle. Muuntimesta l\u00e4htev\u00e4 johto on merkitty tekstill\u00e4 webcam. Se on [&hellip;]\" \/>\n<meta property=\"og:url\" content=\"https:\/\/help.jamk.fi\/videoteknologiat\/fi\/tilat\/luentotallennustila-f306\/f306-hybridiopetuksessa\/\" \/>\n<meta property=\"og:site_name\" content=\"Videoteknologiat\" \/>\n<meta property=\"article:modified_time\" content=\"2024-01-02T11:58:42+00:00\" \/>\n<meta name=\"twitter:card\" content=\"summary_large_image\" \/>\n<meta name=\"twitter:label1\" content=\"Arvioitu lukuaika\" \/>\n\t<meta name=\"twitter:data1\" content=\"1 minuutti\" \/>\n<script type=\"application\/ld+json\" class=\"yoast-schema-graph\">{\"@context\":\"https:\\\/\\\/schema.org\",\"@graph\":[{\"@type\":\"WebPage\",\"@id\":\"https:\\\/\\\/help.jamk.fi\\\/videoteknologiat\\\/fi\\\/tilat\\\/luentotallennustila-f306\\\/f306-hybridiopetuksessa\\\/\",\"url\":\"https:\\\/\\\/help.jamk.fi\\\/videoteknologiat\\\/fi\\\/tilat\\\/luentotallennustila-f306\\\/f306-hybridiopetuksessa\\\/\",\"name\":\"F306 hybridiopetuksessa - Videoteknologiat\",\"isPartOf\":{\"@id\":\"https:\\\/\\\/help.jamk.fi\\\/videoteknologiat\\\/#website\"},\"datePublished\":\"2018-08-06T04:59:12+00:00\",\"dateModified\":\"2024-01-02T11:58:42+00:00\",\"breadcrumb\":{\"@id\":\"https:\\\/\\\/help.jamk.fi\\\/videoteknologiat\\\/fi\\\/tilat\\\/luentotallennustila-f306\\\/f306-hybridiopetuksessa\\\/#breadcrumb\"},\"inLanguage\":\"fi\",\"potentialAction\":[{\"@type\":\"ReadAction\",\"target\":[\"https:\\\/\\\/help.jamk.fi\\\/videoteknologiat\\\/fi\\\/tilat\\\/luentotallennustila-f306\\\/f306-hybridiopetuksessa\\\/\"]}]},{\"@type\":\"BreadcrumbList\",\"@id\":\"https:\\\/\\\/help.jamk.fi\\\/videoteknologiat\\\/fi\\\/tilat\\\/luentotallennustila-f306\\\/f306-hybridiopetuksessa\\\/#breadcrumb\",\"itemListElement\":[{\"@type\":\"ListItem\",\"position\":1,\"name\":\"Etusivu\",\"item\":\"https:\\\/\\\/help.jamk.fi\\\/videoteknologiat\\\/fi\\\/\"},{\"@type\":\"ListItem\",\"position\":2,\"name\":\"Tilat\",\"item\":\"https:\\\/\\\/help.jamk.fi\\\/videoteknologiat\\\/fi\\\/tilat\\\/\"},{\"@type\":\"ListItem\",\"position\":3,\"name\":\"Luentotallennustila F306\",\"item\":\"https:\\\/\\\/help.jamk.fi\\\/videoteknologiat\\\/fi\\\/tilat\\\/luentotallennustila-f306\\\/\"},{\"@type\":\"ListItem\",\"position\":4,\"name\":\"F306 hybridiopetuksessa\"}]},{\"@type\":\"WebSite\",\"@id\":\"https:\\\/\\\/help.jamk.fi\\\/videoteknologiat\\\/#website\",\"url\":\"https:\\\/\\\/help.jamk.fi\\\/videoteknologiat\\\/\",\"name\":\"Videoteknologiat\",\"description\":\"\",\"potentialAction\":[{\"@type\":\"SearchAction\",\"target\":{\"@type\":\"EntryPoint\",\"urlTemplate\":\"https:\\\/\\\/help.jamk.fi\\\/videoteknologiat\\\/?s={search_term_string}\"},\"query-input\":{\"@type\":\"PropertyValueSpecification\",\"valueRequired\":true,\"valueName\":\"search_term_string\"}}],\"inLanguage\":\"fi\"}]}<\/script>\n<!-- \/ Yoast SEO plugin. -->","yoast_head_json":{"title":"F306 hybridiopetuksessa - Videoteknologiat","robots":{"index":"index","follow":"follow","max-snippet":"max-snippet:-1","max-image-preview":"max-image-preview:large","max-video-preview":"max-video-preview:-1"},"canonical":"https:\/\/help.jamk.fi\/videoteknologiat\/fi\/tilat\/luentotallennustila-f306\/f306-hybridiopetuksessa\/","og_locale":"fi_FI","og_type":"article","og_title":"F306 hybridiopetuksessa - Videoteknologiat","og_description":"F306-tilan tallennusj\u00e4rjestelm\u00e4\u00e4 voi soveltuvin osin hy\u00f6dynt\u00e4\u00e4 my\u00f6s hybridiopetuksessa tai webinaareissa. Silloin tallentimesta valittu kuval\u00e4hde ohjataan hdmi-usb-muuntimen kautta tietokoneelle. K\u00e4yt\u00e4nn\u00f6ss\u00e4 siis tallentimen ja kameroiden pit\u00e4\u00e4 olla p\u00e4\u00e4ll\u00e4 (mutta tallennusta ei tarvitse laittaa p\u00e4\u00e4lle). Esiintyjien mikrofoneista (langattomat + kattomikrofonit) puhe kulkee samaa reitti\u00e4, eli saman muuntimen kautta tietokoneelle. Muuntimesta l\u00e4htev\u00e4 johto on merkitty tekstill\u00e4 webcam. Se on [&hellip;]","og_url":"https:\/\/help.jamk.fi\/videoteknologiat\/fi\/tilat\/luentotallennustila-f306\/f306-hybridiopetuksessa\/","og_site_name":"Videoteknologiat","article_modified_time":"2024-01-02T11:58:42+00:00","twitter_card":"summary_large_image","twitter_misc":{"Arvioitu lukuaika":"1 minuutti"},"schema":{"@context":"https:\/\/schema.org","@graph":[{"@type":"WebPage","@id":"https:\/\/help.jamk.fi\/videoteknologiat\/fi\/tilat\/luentotallennustila-f306\/f306-hybridiopetuksessa\/","url":"https:\/\/help.jamk.fi\/videoteknologiat\/fi\/tilat\/luentotallennustila-f306\/f306-hybridiopetuksessa\/","name":"F306 hybridiopetuksessa - Videoteknologiat","isPartOf":{"@id":"https:\/\/help.jamk.fi\/videoteknologiat\/#website"},"datePublished":"2018-08-06T04:59:12+00:00","dateModified":"2024-01-02T11:58:42+00:00","breadcrumb":{"@id":"https:\/\/help.jamk.fi\/videoteknologiat\/fi\/tilat\/luentotallennustila-f306\/f306-hybridiopetuksessa\/#breadcrumb"},"inLanguage":"fi","potentialAction":[{"@type":"ReadAction","target":["https:\/\/help.jamk.fi\/videoteknologiat\/fi\/tilat\/luentotallennustila-f306\/f306-hybridiopetuksessa\/"]}]},{"@type":"BreadcrumbList","@id":"https:\/\/help.jamk.fi\/videoteknologiat\/fi\/tilat\/luentotallennustila-f306\/f306-hybridiopetuksessa\/#breadcrumb","itemListElement":[{"@type":"ListItem","position":1,"name":"Etusivu","item":"https:\/\/help.jamk.fi\/videoteknologiat\/fi\/"},{"@type":"ListItem","position":2,"name":"Tilat","item":"https:\/\/help.jamk.fi\/videoteknologiat\/fi\/tilat\/"},{"@type":"ListItem","position":3,"name":"Luentotallennustila F306","item":"https:\/\/help.jamk.fi\/videoteknologiat\/fi\/tilat\/luentotallennustila-f306\/"},{"@type":"ListItem","position":4,"name":"F306 hybridiopetuksessa"}]},{"@type":"WebSite","@id":"https:\/\/help.jamk.fi\/videoteknologiat\/#website","url":"https:\/\/help.jamk.fi\/videoteknologiat\/","name":"Videoteknologiat","description":"","potentialAction":[{"@type":"SearchAction","target":{"@type":"EntryPoint","urlTemplate":"https:\/\/help.jamk.fi\/videoteknologiat\/?s={search_term_string}"},"query-input":{"@type":"PropertyValueSpecification","valueRequired":true,"valueName":"search_term_string"}}],"inLanguage":"fi"}]}},"_links":{"self":[{"href":"https:\/\/help.jamk.fi\/videoteknologiat\/wp-json\/wp\/v2\/pages\/162","targetHints":{"allow":["GET"]}}],"collection":[{"href":"https:\/\/help.jamk.fi\/videoteknologiat\/wp-json\/wp\/v2\/pages"}],"about":[{"href":"https:\/\/help.jamk.fi\/videoteknologiat\/wp-json\/wp\/v2\/types\/page"}],"author":[{"embeddable":true,"href":"https:\/\/help.jamk.fi\/videoteknologiat\/wp-json\/wp\/v2\/users\/65"}],"replies":[{"embeddable":true,"href":"https:\/\/help.jamk.fi\/videoteknologiat\/wp-json\/wp\/v2\/comments?post=162"}],"version-history":[{"count":3,"href":"https:\/\/help.jamk.fi\/videoteknologiat\/wp-json\/wp\/v2\/pages\/162\/revisions"}],"predecessor-version":[{"id":2285,"href":"https:\/\/help.jamk.fi\/videoteknologiat\/wp-json\/wp\/v2\/pages\/162\/revisions\/2285"}],"up":[{"embeddable":true,"href":"https:\/\/help.jamk.fi\/videoteknologiat\/wp-json\/wp\/v2\/pages\/129"}],"wp:attachment":[{"href":"https:\/\/help.jamk.fi\/videoteknologiat\/wp-json\/wp\/v2\/media?parent=162"}],"wp:term":[{"taxonomy":"category","embeddable":true,"href":"https:\/\/help.jamk.fi\/videoteknologiat\/wp-json\/wp\/v2\/categories?post=162"},{"taxonomy":"post_tag","embeddable":true,"href":"https:\/\/help.jamk.fi\/videoteknologiat\/wp-json\/wp\/v2\/tags?post=162"}],"curies":[{"name":"wp","href":"https:\/\/api.w.org\/{rel}","templated":true}]}}