{"id":217,"date":"2018-08-22T05:51:50","date_gmt":"2018-08-22T02:51:50","guid":{"rendered":"https:\/\/help.jamk.fi\/videoteknologiat\/valineet-ja-ohjelmistot\/davinci-resolve\/"},"modified":"2023-11-20T13:44:13","modified_gmt":"2023-11-20T11:44:13","slug":"davinci-resolve","status":"publish","type":"page","link":"https:\/\/help.jamk.fi\/videoteknologiat\/fi\/valineet-ja-ohjelmistot\/davinci-resolve\/","title":{"rendered":"DaVinci Resolve"},"content":{"rendered":"\n<p>Blackmagicin DaVinci Resolve Studio on isoissakin elokuvatuotannoissa videoiden editointiin, v\u00e4rikorjailuun ja tehosteisiin k\u00e4ytetty ohjelmisto. Siit\u00e4 l\u00f6ytyy my\u00f6s ilmaisversio, jolla perusk\u00e4ytt\u00e4j\u00e4 saa helposti editoitua videonsa aina 2K tarkkuuteen saakka. Sill\u00e4 voi my\u00f6s tekstitt\u00e4\u00e4 videoita. Ilmaisversion voi ladata itsellens\u00e4 rekister\u00f6itym\u00e4ll\u00e4 <a href=\"https:\/\/www.blackmagicdesign.com\/products\/davinciresolve\/\" target=\"_blank\" rel=\"noopener\">valmistajan sivuilta<\/a> sivun alareunasta. Ohjelmistosta l\u00f6ytyy versiot Windows-, Mac- ja Linux-j\u00e4rjestelmiin.<\/p>\n","protected":false},"excerpt":{"rendered":"<p>Blackmagicin DaVinci Resolve Studio on isoissakin elokuvatuotannoissa videoiden editointiin, v\u00e4rikorjailuun ja tehosteisiin k\u00e4ytetty ohjelmisto. Siit\u00e4 l\u00f6ytyy my\u00f6s ilmaisversio, jolla perusk\u00e4ytt\u00e4j\u00e4 saa helposti editoitua videonsa aina 2K tarkkuuteen saakka. Sill\u00e4 voi my\u00f6s tekstitt\u00e4\u00e4 videoita. Ilmaisversion voi ladata itsellens\u00e4 rekister\u00f6itym\u00e4ll\u00e4 valmistajan sivuilta sivun alareunasta. Ohjelmistosta l\u00f6ytyy versiot Windows-, Mac- ja Linux-j\u00e4rjestelmiin.<\/p>\n","protected":false},"author":65,"featured_media":0,"parent":36,"menu_order":0,"comment_status":"closed","ping_status":"closed","template":"","meta":{"_acf_changed":false,"_relevanssi_hide_post":"","_relevanssi_hide_content":"","_relevanssi_pin_for_all":"","_relevanssi_pin_keywords":"","_relevanssi_unpin_keywords":"","_relevanssi_related_keywords":"","_relevanssi_related_include_ids":"","_relevanssi_related_exclude_ids":"","_relevanssi_related_no_append":"","_relevanssi_related_not_related":"","_relevanssi_related_posts":"","_relevanssi_noindex_reason":"","footnotes":""},"categories":[],"tags":[],"class_list":["post-217","page","type-page","status-publish","hentry"],"acf":[],"yoast_head":"<!-- This site is optimized with the Yoast SEO plugin v27.4 - https:\/\/yoast.com\/product\/yoast-seo-wordpress\/ -->\n<title>DaVinci Resolve - Videoteknologiat<\/title>\n<meta name=\"robots\" content=\"index, follow, max-snippet:-1, max-image-preview:large, max-video-preview:-1\" \/>\n<link rel=\"canonical\" href=\"https:\/\/help.jamk.fi\/videoteknologiat\/fi\/valineet-ja-ohjelmistot\/davinci-resolve\/\" \/>\n<meta property=\"og:locale\" content=\"fi_FI\" \/>\n<meta property=\"og:type\" content=\"article\" \/>\n<meta property=\"og:title\" content=\"DaVinci Resolve - Videoteknologiat\" \/>\n<meta property=\"og:description\" content=\"Blackmagicin DaVinci Resolve Studio on isoissakin elokuvatuotannoissa videoiden editointiin, v\u00e4rikorjailuun ja tehosteisiin k\u00e4ytetty ohjelmisto. Siit\u00e4 l\u00f6ytyy my\u00f6s ilmaisversio, jolla perusk\u00e4ytt\u00e4j\u00e4 saa helposti editoitua videonsa aina 2K tarkkuuteen saakka. Sill\u00e4 voi my\u00f6s tekstitt\u00e4\u00e4 videoita. Ilmaisversion voi ladata itsellens\u00e4 rekister\u00f6itym\u00e4ll\u00e4 valmistajan sivuilta sivun alareunasta. Ohjelmistosta l\u00f6ytyy versiot Windows-, Mac- ja Linux-j\u00e4rjestelmiin.\" \/>\n<meta property=\"og:url\" content=\"https:\/\/help.jamk.fi\/videoteknologiat\/fi\/valineet-ja-ohjelmistot\/davinci-resolve\/\" \/>\n<meta property=\"og:site_name\" content=\"Videoteknologiat\" \/>\n<meta property=\"article:modified_time\" content=\"2023-11-20T11:44:13+00:00\" \/>\n<meta name=\"twitter:card\" content=\"summary_large_image\" \/>\n<meta name=\"twitter:label1\" content=\"Arvioitu lukuaika\" \/>\n\t<meta name=\"twitter:data1\" content=\"1 minuutti\" \/>\n<script type=\"application\/ld+json\" class=\"yoast-schema-graph\">{\"@context\":\"https:\\\/\\\/schema.org\",\"@graph\":[{\"@type\":\"WebPage\",\"@id\":\"https:\\\/\\\/help.jamk.fi\\\/videoteknologiat\\\/fi\\\/valineet-ja-ohjelmistot\\\/davinci-resolve\\\/\",\"url\":\"https:\\\/\\\/help.jamk.fi\\\/videoteknologiat\\\/fi\\\/valineet-ja-ohjelmistot\\\/davinci-resolve\\\/\",\"name\":\"DaVinci Resolve - Videoteknologiat\",\"isPartOf\":{\"@id\":\"https:\\\/\\\/help.jamk.fi\\\/videoteknologiat\\\/#website\"},\"datePublished\":\"2018-08-22T02:51:50+00:00\",\"dateModified\":\"2023-11-20T11:44:13+00:00\",\"breadcrumb\":{\"@id\":\"https:\\\/\\\/help.jamk.fi\\\/videoteknologiat\\\/fi\\\/valineet-ja-ohjelmistot\\\/davinci-resolve\\\/#breadcrumb\"},\"inLanguage\":\"fi\",\"potentialAction\":[{\"@type\":\"ReadAction\",\"target\":[\"https:\\\/\\\/help.jamk.fi\\\/videoteknologiat\\\/fi\\\/valineet-ja-ohjelmistot\\\/davinci-resolve\\\/\"]}]},{\"@type\":\"BreadcrumbList\",\"@id\":\"https:\\\/\\\/help.jamk.fi\\\/videoteknologiat\\\/fi\\\/valineet-ja-ohjelmistot\\\/davinci-resolve\\\/#breadcrumb\",\"itemListElement\":[{\"@type\":\"ListItem\",\"position\":1,\"name\":\"Etusivu\",\"item\":\"https:\\\/\\\/help.jamk.fi\\\/videoteknologiat\\\/fi\\\/\"},{\"@type\":\"ListItem\",\"position\":2,\"name\":\"V\u00e4lineet ja ohjelmistot\",\"item\":\"https:\\\/\\\/help.jamk.fi\\\/videoteknologiat\\\/fi\\\/valineet-ja-ohjelmistot\\\/\"},{\"@type\":\"ListItem\",\"position\":3,\"name\":\"DaVinci Resolve\"}]},{\"@type\":\"WebSite\",\"@id\":\"https:\\\/\\\/help.jamk.fi\\\/videoteknologiat\\\/#website\",\"url\":\"https:\\\/\\\/help.jamk.fi\\\/videoteknologiat\\\/\",\"name\":\"Videoteknologiat\",\"description\":\"\",\"potentialAction\":[{\"@type\":\"SearchAction\",\"target\":{\"@type\":\"EntryPoint\",\"urlTemplate\":\"https:\\\/\\\/help.jamk.fi\\\/videoteknologiat\\\/?s={search_term_string}\"},\"query-input\":{\"@type\":\"PropertyValueSpecification\",\"valueRequired\":true,\"valueName\":\"search_term_string\"}}],\"inLanguage\":\"fi\"}]}<\/script>\n<!-- \/ Yoast SEO plugin. -->","yoast_head_json":{"title":"DaVinci Resolve - Videoteknologiat","robots":{"index":"index","follow":"follow","max-snippet":"max-snippet:-1","max-image-preview":"max-image-preview:large","max-video-preview":"max-video-preview:-1"},"canonical":"https:\/\/help.jamk.fi\/videoteknologiat\/fi\/valineet-ja-ohjelmistot\/davinci-resolve\/","og_locale":"fi_FI","og_type":"article","og_title":"DaVinci Resolve - Videoteknologiat","og_description":"Blackmagicin DaVinci Resolve Studio on isoissakin elokuvatuotannoissa videoiden editointiin, v\u00e4rikorjailuun ja tehosteisiin k\u00e4ytetty ohjelmisto. Siit\u00e4 l\u00f6ytyy my\u00f6s ilmaisversio, jolla perusk\u00e4ytt\u00e4j\u00e4 saa helposti editoitua videonsa aina 2K tarkkuuteen saakka. Sill\u00e4 voi my\u00f6s tekstitt\u00e4\u00e4 videoita. Ilmaisversion voi ladata itsellens\u00e4 rekister\u00f6itym\u00e4ll\u00e4 valmistajan sivuilta sivun alareunasta. Ohjelmistosta l\u00f6ytyy versiot Windows-, Mac- ja Linux-j\u00e4rjestelmiin.","og_url":"https:\/\/help.jamk.fi\/videoteknologiat\/fi\/valineet-ja-ohjelmistot\/davinci-resolve\/","og_site_name":"Videoteknologiat","article_modified_time":"2023-11-20T11:44:13+00:00","twitter_card":"summary_large_image","twitter_misc":{"Arvioitu lukuaika":"1 minuutti"},"schema":{"@context":"https:\/\/schema.org","@graph":[{"@type":"WebPage","@id":"https:\/\/help.jamk.fi\/videoteknologiat\/fi\/valineet-ja-ohjelmistot\/davinci-resolve\/","url":"https:\/\/help.jamk.fi\/videoteknologiat\/fi\/valineet-ja-ohjelmistot\/davinci-resolve\/","name":"DaVinci Resolve - Videoteknologiat","isPartOf":{"@id":"https:\/\/help.jamk.fi\/videoteknologiat\/#website"},"datePublished":"2018-08-22T02:51:50+00:00","dateModified":"2023-11-20T11:44:13+00:00","breadcrumb":{"@id":"https:\/\/help.jamk.fi\/videoteknologiat\/fi\/valineet-ja-ohjelmistot\/davinci-resolve\/#breadcrumb"},"inLanguage":"fi","potentialAction":[{"@type":"ReadAction","target":["https:\/\/help.jamk.fi\/videoteknologiat\/fi\/valineet-ja-ohjelmistot\/davinci-resolve\/"]}]},{"@type":"BreadcrumbList","@id":"https:\/\/help.jamk.fi\/videoteknologiat\/fi\/valineet-ja-ohjelmistot\/davinci-resolve\/#breadcrumb","itemListElement":[{"@type":"ListItem","position":1,"name":"Etusivu","item":"https:\/\/help.jamk.fi\/videoteknologiat\/fi\/"},{"@type":"ListItem","position":2,"name":"V\u00e4lineet ja ohjelmistot","item":"https:\/\/help.jamk.fi\/videoteknologiat\/fi\/valineet-ja-ohjelmistot\/"},{"@type":"ListItem","position":3,"name":"DaVinci Resolve"}]},{"@type":"WebSite","@id":"https:\/\/help.jamk.fi\/videoteknologiat\/#website","url":"https:\/\/help.jamk.fi\/videoteknologiat\/","name":"Videoteknologiat","description":"","potentialAction":[{"@type":"SearchAction","target":{"@type":"EntryPoint","urlTemplate":"https:\/\/help.jamk.fi\/videoteknologiat\/?s={search_term_string}"},"query-input":{"@type":"PropertyValueSpecification","valueRequired":true,"valueName":"search_term_string"}}],"inLanguage":"fi"}]}},"_links":{"self":[{"href":"https:\/\/help.jamk.fi\/videoteknologiat\/wp-json\/wp\/v2\/pages\/217","targetHints":{"allow":["GET"]}}],"collection":[{"href":"https:\/\/help.jamk.fi\/videoteknologiat\/wp-json\/wp\/v2\/pages"}],"about":[{"href":"https:\/\/help.jamk.fi\/videoteknologiat\/wp-json\/wp\/v2\/types\/page"}],"author":[{"embeddable":true,"href":"https:\/\/help.jamk.fi\/videoteknologiat\/wp-json\/wp\/v2\/users\/65"}],"replies":[{"embeddable":true,"href":"https:\/\/help.jamk.fi\/videoteknologiat\/wp-json\/wp\/v2\/comments?post=217"}],"version-history":[{"count":2,"href":"https:\/\/help.jamk.fi\/videoteknologiat\/wp-json\/wp\/v2\/pages\/217\/revisions"}],"predecessor-version":[{"id":2236,"href":"https:\/\/help.jamk.fi\/videoteknologiat\/wp-json\/wp\/v2\/pages\/217\/revisions\/2236"}],"up":[{"embeddable":true,"href":"https:\/\/help.jamk.fi\/videoteknologiat\/wp-json\/wp\/v2\/pages\/36"}],"wp:attachment":[{"href":"https:\/\/help.jamk.fi\/videoteknologiat\/wp-json\/wp\/v2\/media?parent=217"}],"wp:term":[{"taxonomy":"category","embeddable":true,"href":"https:\/\/help.jamk.fi\/videoteknologiat\/wp-json\/wp\/v2\/categories?post=217"},{"taxonomy":"post_tag","embeddable":true,"href":"https:\/\/help.jamk.fi\/videoteknologiat\/wp-json\/wp\/v2\/tags?post=217"}],"curies":[{"name":"wp","href":"https:\/\/api.w.org\/{rel}","templated":true}]}}