{"id":223,"date":"2018-08-27T09:46:19","date_gmt":"2018-08-27T06:46:19","guid":{"rendered":"https:\/\/help.jamk.fi\/videoteknologiat\/videoviestinta\/"},"modified":"2024-01-12T12:07:21","modified_gmt":"2024-01-12T10:07:21","slug":"videoviestinta","status":"publish","type":"page","link":"https:\/\/help.jamk.fi\/videoteknologiat\/fi\/videoviestinta\/","title":{"rendered":"Videoviestint\u00e4"},"content":{"rendered":"\n<p>Tyypillisesti opetuksessa videoteknologioita hy\u00f6dynnet\u00e4\u00e4n viestinn\u00e4ss\u00e4. Viestint\u00e4 voi olla joko <a href=\"https:\/\/help.jamk.fi\/videoteknologiat\/fi\/videoviestinta\/yksisuuntainen\/\">yksisuuntaista<\/a> tiedon jakelua tai <a href=\"https:\/\/help.jamk.fi\/videoteknologiat\/fi\/videoviestinta\/vuorovaikutteinen\/\">vuorovaikutteista<\/a> ja monenv\u00e4list\u00e4 videov\u00e4litteist\u00e4 viestint\u00e4\u00e4. Yksisuuntainen videojakelu edellytt\u00e4\u00e4 my\u00f6s yleens\u00e4 jonkinlaista ennalta tehty\u00e4 videotuotantoa. N\u00e4ist\u00e4 molemmista n\u00e4k\u00f6kulmista lis\u00e4\u00e4 t\u00e4m\u00e4n osion alavalikoissa.<\/p>\n","protected":false},"excerpt":{"rendered":"<p>Tyypillisesti opetuksessa videoteknologioita hy\u00f6dynnet\u00e4\u00e4n viestinn\u00e4ss\u00e4. Viestint\u00e4 voi olla joko yksisuuntaista tiedon jakelua tai vuorovaikutteista ja monenv\u00e4list\u00e4 videov\u00e4litteist\u00e4 viestint\u00e4\u00e4. Yksisuuntainen videojakelu edellytt\u00e4\u00e4 my\u00f6s yleens\u00e4 jonkinlaista ennalta tehty\u00e4 videotuotantoa. N\u00e4ist\u00e4 molemmista n\u00e4k\u00f6kulmista lis\u00e4\u00e4 t\u00e4m\u00e4n osion alavalikoissa.<\/p>\n","protected":false},"author":65,"featured_media":0,"parent":0,"menu_order":0,"comment_status":"closed","ping_status":"closed","template":"","meta":{"_acf_changed":false,"_relevanssi_hide_post":"","_relevanssi_hide_content":"","_relevanssi_pin_for_all":"","_relevanssi_pin_keywords":"","_relevanssi_unpin_keywords":"","_relevanssi_related_keywords":"","_relevanssi_related_include_ids":"","_relevanssi_related_exclude_ids":"","_relevanssi_related_no_append":"","_relevanssi_related_not_related":"","_relevanssi_related_posts":"","_relevanssi_noindex_reason":"","footnotes":""},"categories":[],"tags":[],"class_list":["post-223","page","type-page","status-publish","hentry"],"acf":[],"yoast_head":"<!-- This site is optimized with the Yoast SEO plugin v27.5 - https:\/\/yoast.com\/product\/yoast-seo-wordpress\/ -->\n<title>Videoviestint\u00e4 - Videoteknologiat<\/title>\n<meta name=\"robots\" content=\"index, follow, max-snippet:-1, max-image-preview:large, max-video-preview:-1\" \/>\n<link rel=\"canonical\" href=\"https:\/\/help.jamk.fi\/videoteknologiat\/fi\/videoviestinta\/\" \/>\n<meta property=\"og:locale\" content=\"fi_FI\" \/>\n<meta property=\"og:type\" content=\"article\" \/>\n<meta property=\"og:title\" content=\"Videoviestint\u00e4 - Videoteknologiat\" \/>\n<meta property=\"og:description\" content=\"Tyypillisesti opetuksessa videoteknologioita hy\u00f6dynnet\u00e4\u00e4n viestinn\u00e4ss\u00e4. Viestint\u00e4 voi olla joko yksisuuntaista tiedon jakelua tai vuorovaikutteista ja monenv\u00e4list\u00e4 videov\u00e4litteist\u00e4 viestint\u00e4\u00e4. Yksisuuntainen videojakelu edellytt\u00e4\u00e4 my\u00f6s yleens\u00e4 jonkinlaista ennalta tehty\u00e4 videotuotantoa. N\u00e4ist\u00e4 molemmista n\u00e4k\u00f6kulmista lis\u00e4\u00e4 t\u00e4m\u00e4n osion alavalikoissa.\" \/>\n<meta property=\"og:url\" content=\"https:\/\/help.jamk.fi\/videoteknologiat\/fi\/videoviestinta\/\" \/>\n<meta property=\"og:site_name\" content=\"Videoteknologiat\" \/>\n<meta property=\"article:modified_time\" content=\"2024-01-12T10:07:21+00:00\" \/>\n<meta name=\"twitter:card\" content=\"summary_large_image\" \/>\n<meta name=\"twitter:label1\" content=\"Arvioitu lukuaika\" \/>\n\t<meta name=\"twitter:data1\" content=\"1 minuutti\" \/>\n<script type=\"application\/ld+json\" class=\"yoast-schema-graph\">{\"@context\":\"https:\\\/\\\/schema.org\",\"@graph\":[{\"@type\":\"WebPage\",\"@id\":\"https:\\\/\\\/help.jamk.fi\\\/videoteknologiat\\\/fi\\\/videoviestinta\\\/\",\"url\":\"https:\\\/\\\/help.jamk.fi\\\/videoteknologiat\\\/fi\\\/videoviestinta\\\/\",\"name\":\"Videoviestint\u00e4 - Videoteknologiat\",\"isPartOf\":{\"@id\":\"https:\\\/\\\/help.jamk.fi\\\/videoteknologiat\\\/#website\"},\"datePublished\":\"2018-08-27T06:46:19+00:00\",\"dateModified\":\"2024-01-12T10:07:21+00:00\",\"breadcrumb\":{\"@id\":\"https:\\\/\\\/help.jamk.fi\\\/videoteknologiat\\\/fi\\\/videoviestinta\\\/#breadcrumb\"},\"inLanguage\":\"fi\",\"potentialAction\":[{\"@type\":\"ReadAction\",\"target\":[\"https:\\\/\\\/help.jamk.fi\\\/videoteknologiat\\\/fi\\\/videoviestinta\\\/\"]}]},{\"@type\":\"BreadcrumbList\",\"@id\":\"https:\\\/\\\/help.jamk.fi\\\/videoteknologiat\\\/fi\\\/videoviestinta\\\/#breadcrumb\",\"itemListElement\":[{\"@type\":\"ListItem\",\"position\":1,\"name\":\"Etusivu\",\"item\":\"https:\\\/\\\/help.jamk.fi\\\/videoteknologiat\\\/fi\\\/\"},{\"@type\":\"ListItem\",\"position\":2,\"name\":\"Videoviestint\u00e4\"}]},{\"@type\":\"WebSite\",\"@id\":\"https:\\\/\\\/help.jamk.fi\\\/videoteknologiat\\\/#website\",\"url\":\"https:\\\/\\\/help.jamk.fi\\\/videoteknologiat\\\/\",\"name\":\"Videoteknologiat\",\"description\":\"\",\"potentialAction\":[{\"@type\":\"SearchAction\",\"target\":{\"@type\":\"EntryPoint\",\"urlTemplate\":\"https:\\\/\\\/help.jamk.fi\\\/videoteknologiat\\\/?s={search_term_string}\"},\"query-input\":{\"@type\":\"PropertyValueSpecification\",\"valueRequired\":true,\"valueName\":\"search_term_string\"}}],\"inLanguage\":\"fi\"}]}<\/script>\n<!-- \/ Yoast SEO plugin. -->","yoast_head_json":{"title":"Videoviestint\u00e4 - Videoteknologiat","robots":{"index":"index","follow":"follow","max-snippet":"max-snippet:-1","max-image-preview":"max-image-preview:large","max-video-preview":"max-video-preview:-1"},"canonical":"https:\/\/help.jamk.fi\/videoteknologiat\/fi\/videoviestinta\/","og_locale":"fi_FI","og_type":"article","og_title":"Videoviestint\u00e4 - Videoteknologiat","og_description":"Tyypillisesti opetuksessa videoteknologioita hy\u00f6dynnet\u00e4\u00e4n viestinn\u00e4ss\u00e4. Viestint\u00e4 voi olla joko yksisuuntaista tiedon jakelua tai vuorovaikutteista ja monenv\u00e4list\u00e4 videov\u00e4litteist\u00e4 viestint\u00e4\u00e4. Yksisuuntainen videojakelu edellytt\u00e4\u00e4 my\u00f6s yleens\u00e4 jonkinlaista ennalta tehty\u00e4 videotuotantoa. N\u00e4ist\u00e4 molemmista n\u00e4k\u00f6kulmista lis\u00e4\u00e4 t\u00e4m\u00e4n osion alavalikoissa.","og_url":"https:\/\/help.jamk.fi\/videoteknologiat\/fi\/videoviestinta\/","og_site_name":"Videoteknologiat","article_modified_time":"2024-01-12T10:07:21+00:00","twitter_card":"summary_large_image","twitter_misc":{"Arvioitu lukuaika":"1 minuutti"},"schema":{"@context":"https:\/\/schema.org","@graph":[{"@type":"WebPage","@id":"https:\/\/help.jamk.fi\/videoteknologiat\/fi\/videoviestinta\/","url":"https:\/\/help.jamk.fi\/videoteknologiat\/fi\/videoviestinta\/","name":"Videoviestint\u00e4 - Videoteknologiat","isPartOf":{"@id":"https:\/\/help.jamk.fi\/videoteknologiat\/#website"},"datePublished":"2018-08-27T06:46:19+00:00","dateModified":"2024-01-12T10:07:21+00:00","breadcrumb":{"@id":"https:\/\/help.jamk.fi\/videoteknologiat\/fi\/videoviestinta\/#breadcrumb"},"inLanguage":"fi","potentialAction":[{"@type":"ReadAction","target":["https:\/\/help.jamk.fi\/videoteknologiat\/fi\/videoviestinta\/"]}]},{"@type":"BreadcrumbList","@id":"https:\/\/help.jamk.fi\/videoteknologiat\/fi\/videoviestinta\/#breadcrumb","itemListElement":[{"@type":"ListItem","position":1,"name":"Etusivu","item":"https:\/\/help.jamk.fi\/videoteknologiat\/fi\/"},{"@type":"ListItem","position":2,"name":"Videoviestint\u00e4"}]},{"@type":"WebSite","@id":"https:\/\/help.jamk.fi\/videoteknologiat\/#website","url":"https:\/\/help.jamk.fi\/videoteknologiat\/","name":"Videoteknologiat","description":"","potentialAction":[{"@type":"SearchAction","target":{"@type":"EntryPoint","urlTemplate":"https:\/\/help.jamk.fi\/videoteknologiat\/?s={search_term_string}"},"query-input":{"@type":"PropertyValueSpecification","valueRequired":true,"valueName":"search_term_string"}}],"inLanguage":"fi"}]}},"_links":{"self":[{"href":"https:\/\/help.jamk.fi\/videoteknologiat\/wp-json\/wp\/v2\/pages\/223","targetHints":{"allow":["GET"]}}],"collection":[{"href":"https:\/\/help.jamk.fi\/videoteknologiat\/wp-json\/wp\/v2\/pages"}],"about":[{"href":"https:\/\/help.jamk.fi\/videoteknologiat\/wp-json\/wp\/v2\/types\/page"}],"author":[{"embeddable":true,"href":"https:\/\/help.jamk.fi\/videoteknologiat\/wp-json\/wp\/v2\/users\/65"}],"replies":[{"embeddable":true,"href":"https:\/\/help.jamk.fi\/videoteknologiat\/wp-json\/wp\/v2\/comments?post=223"}],"version-history":[{"count":3,"href":"https:\/\/help.jamk.fi\/videoteknologiat\/wp-json\/wp\/v2\/pages\/223\/revisions"}],"predecessor-version":[{"id":2309,"href":"https:\/\/help.jamk.fi\/videoteknologiat\/wp-json\/wp\/v2\/pages\/223\/revisions\/2309"}],"wp:attachment":[{"href":"https:\/\/help.jamk.fi\/videoteknologiat\/wp-json\/wp\/v2\/media?parent=223"}],"wp:term":[{"taxonomy":"category","embeddable":true,"href":"https:\/\/help.jamk.fi\/videoteknologiat\/wp-json\/wp\/v2\/categories?post=223"},{"taxonomy":"post_tag","embeddable":true,"href":"https:\/\/help.jamk.fi\/videoteknologiat\/wp-json\/wp\/v2\/tags?post=223"}],"curies":[{"name":"wp","href":"https:\/\/api.w.org\/{rel}","templated":true}]}}