{"id":238,"date":"2018-09-07T06:43:51","date_gmt":"2018-09-07T03:43:51","guid":{"rendered":"https:\/\/help.jamk.fi\/videoteknologiat\/videotuotanto\/editointi\/"},"modified":"2024-01-02T14:13:42","modified_gmt":"2024-01-02T12:13:42","slug":"editointi","status":"publish","type":"page","link":"https:\/\/help.jamk.fi\/videoteknologiat\/fi\/videotuotanto\/editointi\/","title":{"rendered":"Editointi"},"content":{"rendered":"\n<p><strong>Editointi<\/strong> on prosessissa osuus, jossa v\u00e4himmill\u00e4\u00e4n yhdistet\u00e4\u00e4n eri otokset k\u00e4sikirjoituksen mukaan ja lis\u00e4t\u00e4\u00e4n mahdolliset alku- ja lopputekstit. Tarvittaessa voidaan lis\u00e4t\u00e4 esimerkiksi selostus\u00e4\u00e4ni ja tarpeen mukaan erilaisia leikkauksia ja tehosteita.<\/p>\n\n\n\n<p>Editointiin hyv\u00e4 ja monipuolinen ty\u00f6kalu on <a href=\"https:\/\/www.blackmagicdesign.com\/products\/davinciresolve\/\" target=\"_blank\" rel=\"noopener\"><em>Davinci Resolve<\/em><\/a> (Win, Mac, Linux). Pelkk\u00e4\u00e4n leikkeiden p\u00e4tkimiseen ja yhdistelyyn riitt\u00e4\u00e4 <a href=\"http:\/\/avidemux.sourceforge.net\/\" target=\"_blank\" rel=\"noopener\"><em>Avidemux<\/em><\/a> (Win, Mac, Linux). Mac-laitteilla editointia voi tehd\u00e4 ilmaisella <em>iMoviella<\/em>. Maksullisia paljon k\u00e4ytettyj\u00e4 editoreita ovat mm. <em><a href=\"https:\/\/www.adobe.com\/fi\/products\/premiere.html\" target=\"_blank\" rel=\"noopener\">Adobe Premiere CC<\/a>, <a href=\"https:\/\/www.blackmagicdesign.com\/products\/davinciresolve\/\" target=\"_blank\" rel=\"noopener\">Davinci Resolve Studio<\/a><\/em> (Win, Mac, Linux), <a href=\"https:\/\/www.vegascreativesoftware.com\/us\/vegas-pro\/\" target=\"_blank\" rel=\"noopener\"><em>Vegas Pro<\/em><\/a> (Win), <a href=\"https:\/\/www.apple.com\/final-cut-pro\/\" target=\"_blank\" rel=\"noopener\"><em>Final Cut Pro<\/em><\/a> (Mac). Joistakin videojakelupalveluista (Youtube, Panopto) l\u00f6ytyy selainpohjainen videoeditori, jolla voi tehd\u00e4 kevytt\u00e4 leikkausta.<\/p>\n","protected":false},"excerpt":{"rendered":"<p>Editointi on prosessissa osuus, jossa v\u00e4himmill\u00e4\u00e4n yhdistet\u00e4\u00e4n eri otokset k\u00e4sikirjoituksen mukaan ja lis\u00e4t\u00e4\u00e4n mahdolliset alku- ja lopputekstit. Tarvittaessa voidaan lis\u00e4t\u00e4 esimerkiksi selostus\u00e4\u00e4ni ja tarpeen mukaan erilaisia leikkauksia ja tehosteita. Editointiin hyv\u00e4 ja monipuolinen ty\u00f6kalu on Davinci Resolve (Win, Mac, Linux). Pelkk\u00e4\u00e4n leikkeiden p\u00e4tkimiseen ja yhdistelyyn riitt\u00e4\u00e4 Avidemux (Win, Mac, Linux). Mac-laitteilla editointia voi tehd\u00e4 ilmaisella [&hellip;]<\/p>\n","protected":false},"author":65,"featured_media":0,"parent":226,"menu_order":3,"comment_status":"closed","ping_status":"closed","template":"","meta":{"_acf_changed":false,"_relevanssi_hide_post":"","_relevanssi_hide_content":"","_relevanssi_pin_for_all":"","_relevanssi_pin_keywords":"","_relevanssi_unpin_keywords":"","_relevanssi_related_keywords":"","_relevanssi_related_include_ids":"","_relevanssi_related_exclude_ids":"","_relevanssi_related_no_append":"","_relevanssi_related_not_related":"","_relevanssi_related_posts":"","_relevanssi_noindex_reason":"","footnotes":""},"categories":[],"tags":[],"class_list":["post-238","page","type-page","status-publish","hentry"],"acf":[],"yoast_head":"<!-- This site is optimized with the Yoast SEO plugin v27.4 - https:\/\/yoast.com\/product\/yoast-seo-wordpress\/ -->\n<title>Editointi - Videoteknologiat<\/title>\n<meta name=\"robots\" content=\"index, follow, max-snippet:-1, max-image-preview:large, max-video-preview:-1\" \/>\n<link rel=\"canonical\" href=\"https:\/\/help.jamk.fi\/videoteknologiat\/fi\/videotuotanto\/editointi\/\" \/>\n<meta property=\"og:locale\" content=\"fi_FI\" \/>\n<meta property=\"og:type\" content=\"article\" \/>\n<meta property=\"og:title\" content=\"Editointi - Videoteknologiat\" \/>\n<meta property=\"og:description\" content=\"Editointi on prosessissa osuus, jossa v\u00e4himmill\u00e4\u00e4n yhdistet\u00e4\u00e4n eri otokset k\u00e4sikirjoituksen mukaan ja lis\u00e4t\u00e4\u00e4n mahdolliset alku- ja lopputekstit. Tarvittaessa voidaan lis\u00e4t\u00e4 esimerkiksi selostus\u00e4\u00e4ni ja tarpeen mukaan erilaisia leikkauksia ja tehosteita. Editointiin hyv\u00e4 ja monipuolinen ty\u00f6kalu on Davinci Resolve (Win, Mac, Linux). Pelkk\u00e4\u00e4n leikkeiden p\u00e4tkimiseen ja yhdistelyyn riitt\u00e4\u00e4 Avidemux (Win, Mac, Linux). Mac-laitteilla editointia voi tehd\u00e4 ilmaisella [&hellip;]\" \/>\n<meta property=\"og:url\" content=\"https:\/\/help.jamk.fi\/videoteknologiat\/fi\/videotuotanto\/editointi\/\" \/>\n<meta property=\"og:site_name\" content=\"Videoteknologiat\" \/>\n<meta property=\"article:modified_time\" content=\"2024-01-02T12:13:42+00:00\" \/>\n<meta name=\"twitter:card\" content=\"summary_large_image\" \/>\n<meta name=\"twitter:label1\" content=\"Arvioitu lukuaika\" \/>\n\t<meta name=\"twitter:data1\" content=\"1 minuutti\" \/>\n<script type=\"application\/ld+json\" class=\"yoast-schema-graph\">{\"@context\":\"https:\\\/\\\/schema.org\",\"@graph\":[{\"@type\":\"WebPage\",\"@id\":\"https:\\\/\\\/help.jamk.fi\\\/videoteknologiat\\\/fi\\\/videotuotanto\\\/editointi\\\/\",\"url\":\"https:\\\/\\\/help.jamk.fi\\\/videoteknologiat\\\/fi\\\/videotuotanto\\\/editointi\\\/\",\"name\":\"Editointi - Videoteknologiat\",\"isPartOf\":{\"@id\":\"https:\\\/\\\/help.jamk.fi\\\/videoteknologiat\\\/#website\"},\"datePublished\":\"2018-09-07T03:43:51+00:00\",\"dateModified\":\"2024-01-02T12:13:42+00:00\",\"breadcrumb\":{\"@id\":\"https:\\\/\\\/help.jamk.fi\\\/videoteknologiat\\\/fi\\\/videotuotanto\\\/editointi\\\/#breadcrumb\"},\"inLanguage\":\"fi\",\"potentialAction\":[{\"@type\":\"ReadAction\",\"target\":[\"https:\\\/\\\/help.jamk.fi\\\/videoteknologiat\\\/fi\\\/videotuotanto\\\/editointi\\\/\"]}]},{\"@type\":\"BreadcrumbList\",\"@id\":\"https:\\\/\\\/help.jamk.fi\\\/videoteknologiat\\\/fi\\\/videotuotanto\\\/editointi\\\/#breadcrumb\",\"itemListElement\":[{\"@type\":\"ListItem\",\"position\":1,\"name\":\"Etusivu\",\"item\":\"https:\\\/\\\/help.jamk.fi\\\/videoteknologiat\\\/fi\\\/\"},{\"@type\":\"ListItem\",\"position\":2,\"name\":\"Videotuotanto\",\"item\":\"https:\\\/\\\/help.jamk.fi\\\/videoteknologiat\\\/fi\\\/videotuotanto\\\/\"},{\"@type\":\"ListItem\",\"position\":3,\"name\":\"Editointi\"}]},{\"@type\":\"WebSite\",\"@id\":\"https:\\\/\\\/help.jamk.fi\\\/videoteknologiat\\\/#website\",\"url\":\"https:\\\/\\\/help.jamk.fi\\\/videoteknologiat\\\/\",\"name\":\"Videoteknologiat\",\"description\":\"\",\"potentialAction\":[{\"@type\":\"SearchAction\",\"target\":{\"@type\":\"EntryPoint\",\"urlTemplate\":\"https:\\\/\\\/help.jamk.fi\\\/videoteknologiat\\\/?s={search_term_string}\"},\"query-input\":{\"@type\":\"PropertyValueSpecification\",\"valueRequired\":true,\"valueName\":\"search_term_string\"}}],\"inLanguage\":\"fi\"}]}<\/script>\n<!-- \/ Yoast SEO plugin. -->","yoast_head_json":{"title":"Editointi - Videoteknologiat","robots":{"index":"index","follow":"follow","max-snippet":"max-snippet:-1","max-image-preview":"max-image-preview:large","max-video-preview":"max-video-preview:-1"},"canonical":"https:\/\/help.jamk.fi\/videoteknologiat\/fi\/videotuotanto\/editointi\/","og_locale":"fi_FI","og_type":"article","og_title":"Editointi - Videoteknologiat","og_description":"Editointi on prosessissa osuus, jossa v\u00e4himmill\u00e4\u00e4n yhdistet\u00e4\u00e4n eri otokset k\u00e4sikirjoituksen mukaan ja lis\u00e4t\u00e4\u00e4n mahdolliset alku- ja lopputekstit. Tarvittaessa voidaan lis\u00e4t\u00e4 esimerkiksi selostus\u00e4\u00e4ni ja tarpeen mukaan erilaisia leikkauksia ja tehosteita. Editointiin hyv\u00e4 ja monipuolinen ty\u00f6kalu on Davinci Resolve (Win, Mac, Linux). Pelkk\u00e4\u00e4n leikkeiden p\u00e4tkimiseen ja yhdistelyyn riitt\u00e4\u00e4 Avidemux (Win, Mac, Linux). Mac-laitteilla editointia voi tehd\u00e4 ilmaisella [&hellip;]","og_url":"https:\/\/help.jamk.fi\/videoteknologiat\/fi\/videotuotanto\/editointi\/","og_site_name":"Videoteknologiat","article_modified_time":"2024-01-02T12:13:42+00:00","twitter_card":"summary_large_image","twitter_misc":{"Arvioitu lukuaika":"1 minuutti"},"schema":{"@context":"https:\/\/schema.org","@graph":[{"@type":"WebPage","@id":"https:\/\/help.jamk.fi\/videoteknologiat\/fi\/videotuotanto\/editointi\/","url":"https:\/\/help.jamk.fi\/videoteknologiat\/fi\/videotuotanto\/editointi\/","name":"Editointi - Videoteknologiat","isPartOf":{"@id":"https:\/\/help.jamk.fi\/videoteknologiat\/#website"},"datePublished":"2018-09-07T03:43:51+00:00","dateModified":"2024-01-02T12:13:42+00:00","breadcrumb":{"@id":"https:\/\/help.jamk.fi\/videoteknologiat\/fi\/videotuotanto\/editointi\/#breadcrumb"},"inLanguage":"fi","potentialAction":[{"@type":"ReadAction","target":["https:\/\/help.jamk.fi\/videoteknologiat\/fi\/videotuotanto\/editointi\/"]}]},{"@type":"BreadcrumbList","@id":"https:\/\/help.jamk.fi\/videoteknologiat\/fi\/videotuotanto\/editointi\/#breadcrumb","itemListElement":[{"@type":"ListItem","position":1,"name":"Etusivu","item":"https:\/\/help.jamk.fi\/videoteknologiat\/fi\/"},{"@type":"ListItem","position":2,"name":"Videotuotanto","item":"https:\/\/help.jamk.fi\/videoteknologiat\/fi\/videotuotanto\/"},{"@type":"ListItem","position":3,"name":"Editointi"}]},{"@type":"WebSite","@id":"https:\/\/help.jamk.fi\/videoteknologiat\/#website","url":"https:\/\/help.jamk.fi\/videoteknologiat\/","name":"Videoteknologiat","description":"","potentialAction":[{"@type":"SearchAction","target":{"@type":"EntryPoint","urlTemplate":"https:\/\/help.jamk.fi\/videoteknologiat\/?s={search_term_string}"},"query-input":{"@type":"PropertyValueSpecification","valueRequired":true,"valueName":"search_term_string"}}],"inLanguage":"fi"}]}},"_links":{"self":[{"href":"https:\/\/help.jamk.fi\/videoteknologiat\/wp-json\/wp\/v2\/pages\/238","targetHints":{"allow":["GET"]}}],"collection":[{"href":"https:\/\/help.jamk.fi\/videoteknologiat\/wp-json\/wp\/v2\/pages"}],"about":[{"href":"https:\/\/help.jamk.fi\/videoteknologiat\/wp-json\/wp\/v2\/types\/page"}],"author":[{"embeddable":true,"href":"https:\/\/help.jamk.fi\/videoteknologiat\/wp-json\/wp\/v2\/users\/65"}],"replies":[{"embeddable":true,"href":"https:\/\/help.jamk.fi\/videoteknologiat\/wp-json\/wp\/v2\/comments?post=238"}],"version-history":[{"count":3,"href":"https:\/\/help.jamk.fi\/videoteknologiat\/wp-json\/wp\/v2\/pages\/238\/revisions"}],"predecessor-version":[{"id":2291,"href":"https:\/\/help.jamk.fi\/videoteknologiat\/wp-json\/wp\/v2\/pages\/238\/revisions\/2291"}],"up":[{"embeddable":true,"href":"https:\/\/help.jamk.fi\/videoteknologiat\/wp-json\/wp\/v2\/pages\/226"}],"wp:attachment":[{"href":"https:\/\/help.jamk.fi\/videoteknologiat\/wp-json\/wp\/v2\/media?parent=238"}],"wp:term":[{"taxonomy":"category","embeddable":true,"href":"https:\/\/help.jamk.fi\/videoteknologiat\/wp-json\/wp\/v2\/categories?post=238"},{"taxonomy":"post_tag","embeddable":true,"href":"https:\/\/help.jamk.fi\/videoteknologiat\/wp-json\/wp\/v2\/tags?post=238"}],"curies":[{"name":"wp","href":"https:\/\/api.w.org\/{rel}","templated":true}]}}