{"id":24,"date":"2018-04-18T10:08:19","date_gmt":"2018-04-18T07:08:19","guid":{"rendered":"https:\/\/help.jamk.fi\/videoteknologiat\/vuorovaikutteinen\/"},"modified":"2024-01-19T17:55:50","modified_gmt":"2024-01-19T15:55:50","slug":"vuorovaikutteinen","status":"publish","type":"page","link":"https:\/\/help.jamk.fi\/videoteknologiat\/fi\/videoviestinta\/vuorovaikutteinen\/","title":{"rendered":"Vuorovaikutteinen"},"content":{"rendered":"\n<p>Vuorovaikutteisella tarkoitetaan t\u00e4ss\u00e4 yhteydess\u00e4 kahden tai monen v\u00e4lisi\u00e4 vuorovaikutteisia videoviestinn\u00e4n v\u00e4lineit\u00e4, joissa vuorovaikutus voi tapahtua videon ja \u00e4\u00e4nen, tekstipohjaisen chatin, liitutaulun ja erilaisten \u00e4\u00e4nestys- ja kirjoitusty\u00f6kalujen avulla. Tyypillisesti Jamkilla n\u00e4it\u00e4 ovat Skype for Business, Teams, Adobe Connect tai perinteiset videoneuvottelulaitteistot. Uutuutena on otettu k\u00e4ytt\u00f6\u00f6n Funet Zoom, joka korvaa Adobe Connectin vuoden 2018 loppuun menness\u00e4. Vuorovaikutus n\u00e4ill\u00e4 j\u00e4rjestelmill\u00e4 tapahtuu l\u00e4hes reaaliajassa. Funet Zoom sopii erinomaisesti niin kokoustamiseen kuin hybridiopetukseenkin, jopa suoratoiston ja videotallennuksen korvikkeeksikin hyv\u00e4n kuvan- ja \u00e4\u00e4nenlaatunsa ansiosta. My\u00f6s Teamsiin on tullut k\u00e4tev\u00e4 videokokousominaisuus, joten sit\u00e4 voisi hy\u00f6dynt\u00e4\u00e4 vaikka opiskelijoiden keskin\u00e4isess\u00e4 ty\u00f6skentelyss\u00e4 ja ohjauksessa.<\/p>\n\n\n\n<p>V\u00e4lineiksi riitt\u00e4\u00e4 usein kannattava tietokone, kuulokemikrofoni parantaa \u00e4\u00e4nen laatua yksitt\u00e4in ja kokousmikrofoni isomman porukan osallistuessa. Jamkilla on pyritty varustamaan useita opetustiloja joissa on valmiina hybridiopetusta tukevia laitteita. N\u00e4it\u00e4 vuorovaikutteisia j\u00e4rjestelmi\u00e4 voi my\u00f6s soveltuvin osin k\u00e4ytt\u00e4\u00e4 henkil\u00f6st\u00f6kokouksiin, tosin parhaiten osallistuminen toimii kun kaikki osallistujat osallistuvat kokouksiin omilta tietokoneiltaan tai mobiililaitteiltaan, luokkatiloissa isomman joukon kokoontuessa kannattaa paikaksi valita joku hybridi- tai tilatallennusluokka, jossa on asianmukainen varustus.<\/p>\n\n\n\n<p>K\u00e4\u00e4nteistetyn opetuksen ja luokkahuoneen n\u00e4k\u00f6kulmasta vuorovaikutteiset videoj\u00e4rjestelm\u00e4t sopivat ryhm\u00e4ss\u00e4 tekemiseen ja yhdess\u00e4 toimimiseen mainiosti. Toimintaa voi tehostaa hy\u00f6dynt\u00e4m\u00e4ll\u00e4 verkkopohjaisia yhteistoiminnallisia j\u00e4rjestelmi\u00e4 apuna, kuten esimerkiksi verkko-oppimisymp\u00e4rist\u00f6t (Moodle, Optima), O365, Google Docs, Microsoft Teams, tms. My\u00f6s erilaiset ohjaustilanteet hoituvat vuorovaikutteisilla videoj\u00e4rjestelmill\u00e4.<\/p>\n","protected":false},"excerpt":{"rendered":"<p>Vuorovaikutteisella tarkoitetaan t\u00e4ss\u00e4 yhteydess\u00e4 kahden tai monen v\u00e4lisi\u00e4 vuorovaikutteisia videoviestinn\u00e4n v\u00e4lineit\u00e4, joissa vuorovaikutus voi tapahtua videon ja \u00e4\u00e4nen, tekstipohjaisen chatin, liitutaulun ja erilaisten \u00e4\u00e4nestys- ja kirjoitusty\u00f6kalujen avulla. Tyypillisesti Jamkilla n\u00e4it\u00e4 ovat Skype for Business, Teams, Adobe Connect tai perinteiset videoneuvottelulaitteistot. Uutuutena on otettu k\u00e4ytt\u00f6\u00f6n Funet Zoom, joka korvaa Adobe Connectin vuoden 2018 loppuun menness\u00e4. Vuorovaikutus [&hellip;]<\/p>\n","protected":false},"author":65,"featured_media":0,"parent":223,"menu_order":2,"comment_status":"closed","ping_status":"closed","template":"","meta":{"_acf_changed":false,"_relevanssi_hide_post":"","_relevanssi_hide_content":"","_relevanssi_pin_for_all":"","_relevanssi_pin_keywords":"","_relevanssi_unpin_keywords":"","_relevanssi_related_keywords":"","_relevanssi_related_include_ids":"","_relevanssi_related_exclude_ids":"","_relevanssi_related_no_append":"","_relevanssi_related_not_related":"","_relevanssi_related_posts":"","_relevanssi_noindex_reason":"","footnotes":""},"categories":[],"tags":[],"class_list":["post-24","page","type-page","status-publish","hentry"],"acf":[],"yoast_head":"<!-- This site is optimized with the Yoast SEO plugin v27.4 - https:\/\/yoast.com\/product\/yoast-seo-wordpress\/ -->\n<title>Vuorovaikutteinen - Videoteknologiat<\/title>\n<meta name=\"robots\" content=\"index, follow, max-snippet:-1, max-image-preview:large, max-video-preview:-1\" \/>\n<link rel=\"canonical\" href=\"https:\/\/help.jamk.fi\/videoteknologiat\/fi\/videoviestinta\/vuorovaikutteinen\/\" \/>\n<meta property=\"og:locale\" content=\"fi_FI\" \/>\n<meta property=\"og:type\" content=\"article\" \/>\n<meta property=\"og:title\" content=\"Vuorovaikutteinen - Videoteknologiat\" \/>\n<meta property=\"og:description\" content=\"Vuorovaikutteisella tarkoitetaan t\u00e4ss\u00e4 yhteydess\u00e4 kahden tai monen v\u00e4lisi\u00e4 vuorovaikutteisia videoviestinn\u00e4n v\u00e4lineit\u00e4, joissa vuorovaikutus voi tapahtua videon ja \u00e4\u00e4nen, tekstipohjaisen chatin, liitutaulun ja erilaisten \u00e4\u00e4nestys- ja kirjoitusty\u00f6kalujen avulla. Tyypillisesti Jamkilla n\u00e4it\u00e4 ovat Skype for Business, Teams, Adobe Connect tai perinteiset videoneuvottelulaitteistot. Uutuutena on otettu k\u00e4ytt\u00f6\u00f6n Funet Zoom, joka korvaa Adobe Connectin vuoden 2018 loppuun menness\u00e4. Vuorovaikutus [&hellip;]\" \/>\n<meta property=\"og:url\" content=\"https:\/\/help.jamk.fi\/videoteknologiat\/fi\/videoviestinta\/vuorovaikutteinen\/\" \/>\n<meta property=\"og:site_name\" content=\"Videoteknologiat\" \/>\n<meta property=\"article:modified_time\" content=\"2024-01-19T15:55:50+00:00\" \/>\n<meta name=\"twitter:card\" content=\"summary_large_image\" \/>\n<meta name=\"twitter:label1\" content=\"Arvioitu lukuaika\" \/>\n\t<meta name=\"twitter:data1\" content=\"2 minuuttia\" \/>\n<script type=\"application\/ld+json\" class=\"yoast-schema-graph\">{\"@context\":\"https:\\\/\\\/schema.org\",\"@graph\":[{\"@type\":\"WebPage\",\"@id\":\"https:\\\/\\\/help.jamk.fi\\\/videoteknologiat\\\/fi\\\/videoviestinta\\\/vuorovaikutteinen\\\/\",\"url\":\"https:\\\/\\\/help.jamk.fi\\\/videoteknologiat\\\/fi\\\/videoviestinta\\\/vuorovaikutteinen\\\/\",\"name\":\"Vuorovaikutteinen - Videoteknologiat\",\"isPartOf\":{\"@id\":\"https:\\\/\\\/help.jamk.fi\\\/videoteknologiat\\\/#website\"},\"datePublished\":\"2018-04-18T07:08:19+00:00\",\"dateModified\":\"2024-01-19T15:55:50+00:00\",\"breadcrumb\":{\"@id\":\"https:\\\/\\\/help.jamk.fi\\\/videoteknologiat\\\/fi\\\/videoviestinta\\\/vuorovaikutteinen\\\/#breadcrumb\"},\"inLanguage\":\"fi\",\"potentialAction\":[{\"@type\":\"ReadAction\",\"target\":[\"https:\\\/\\\/help.jamk.fi\\\/videoteknologiat\\\/fi\\\/videoviestinta\\\/vuorovaikutteinen\\\/\"]}]},{\"@type\":\"BreadcrumbList\",\"@id\":\"https:\\\/\\\/help.jamk.fi\\\/videoteknologiat\\\/fi\\\/videoviestinta\\\/vuorovaikutteinen\\\/#breadcrumb\",\"itemListElement\":[{\"@type\":\"ListItem\",\"position\":1,\"name\":\"Etusivu\",\"item\":\"https:\\\/\\\/help.jamk.fi\\\/videoteknologiat\\\/fi\\\/\"},{\"@type\":\"ListItem\",\"position\":2,\"name\":\"Videoviestint\u00e4\",\"item\":\"https:\\\/\\\/help.jamk.fi\\\/videoteknologiat\\\/fi\\\/videoviestinta\\\/\"},{\"@type\":\"ListItem\",\"position\":3,\"name\":\"Vuorovaikutteinen\"}]},{\"@type\":\"WebSite\",\"@id\":\"https:\\\/\\\/help.jamk.fi\\\/videoteknologiat\\\/#website\",\"url\":\"https:\\\/\\\/help.jamk.fi\\\/videoteknologiat\\\/\",\"name\":\"Videoteknologiat\",\"description\":\"\",\"potentialAction\":[{\"@type\":\"SearchAction\",\"target\":{\"@type\":\"EntryPoint\",\"urlTemplate\":\"https:\\\/\\\/help.jamk.fi\\\/videoteknologiat\\\/?s={search_term_string}\"},\"query-input\":{\"@type\":\"PropertyValueSpecification\",\"valueRequired\":true,\"valueName\":\"search_term_string\"}}],\"inLanguage\":\"fi\"}]}<\/script>\n<!-- \/ Yoast SEO plugin. -->","yoast_head_json":{"title":"Vuorovaikutteinen - Videoteknologiat","robots":{"index":"index","follow":"follow","max-snippet":"max-snippet:-1","max-image-preview":"max-image-preview:large","max-video-preview":"max-video-preview:-1"},"canonical":"https:\/\/help.jamk.fi\/videoteknologiat\/fi\/videoviestinta\/vuorovaikutteinen\/","og_locale":"fi_FI","og_type":"article","og_title":"Vuorovaikutteinen - Videoteknologiat","og_description":"Vuorovaikutteisella tarkoitetaan t\u00e4ss\u00e4 yhteydess\u00e4 kahden tai monen v\u00e4lisi\u00e4 vuorovaikutteisia videoviestinn\u00e4n v\u00e4lineit\u00e4, joissa vuorovaikutus voi tapahtua videon ja \u00e4\u00e4nen, tekstipohjaisen chatin, liitutaulun ja erilaisten \u00e4\u00e4nestys- ja kirjoitusty\u00f6kalujen avulla. Tyypillisesti Jamkilla n\u00e4it\u00e4 ovat Skype for Business, Teams, Adobe Connect tai perinteiset videoneuvottelulaitteistot. Uutuutena on otettu k\u00e4ytt\u00f6\u00f6n Funet Zoom, joka korvaa Adobe Connectin vuoden 2018 loppuun menness\u00e4. Vuorovaikutus [&hellip;]","og_url":"https:\/\/help.jamk.fi\/videoteknologiat\/fi\/videoviestinta\/vuorovaikutteinen\/","og_site_name":"Videoteknologiat","article_modified_time":"2024-01-19T15:55:50+00:00","twitter_card":"summary_large_image","twitter_misc":{"Arvioitu lukuaika":"2 minuuttia"},"schema":{"@context":"https:\/\/schema.org","@graph":[{"@type":"WebPage","@id":"https:\/\/help.jamk.fi\/videoteknologiat\/fi\/videoviestinta\/vuorovaikutteinen\/","url":"https:\/\/help.jamk.fi\/videoteknologiat\/fi\/videoviestinta\/vuorovaikutteinen\/","name":"Vuorovaikutteinen - Videoteknologiat","isPartOf":{"@id":"https:\/\/help.jamk.fi\/videoteknologiat\/#website"},"datePublished":"2018-04-18T07:08:19+00:00","dateModified":"2024-01-19T15:55:50+00:00","breadcrumb":{"@id":"https:\/\/help.jamk.fi\/videoteknologiat\/fi\/videoviestinta\/vuorovaikutteinen\/#breadcrumb"},"inLanguage":"fi","potentialAction":[{"@type":"ReadAction","target":["https:\/\/help.jamk.fi\/videoteknologiat\/fi\/videoviestinta\/vuorovaikutteinen\/"]}]},{"@type":"BreadcrumbList","@id":"https:\/\/help.jamk.fi\/videoteknologiat\/fi\/videoviestinta\/vuorovaikutteinen\/#breadcrumb","itemListElement":[{"@type":"ListItem","position":1,"name":"Etusivu","item":"https:\/\/help.jamk.fi\/videoteknologiat\/fi\/"},{"@type":"ListItem","position":2,"name":"Videoviestint\u00e4","item":"https:\/\/help.jamk.fi\/videoteknologiat\/fi\/videoviestinta\/"},{"@type":"ListItem","position":3,"name":"Vuorovaikutteinen"}]},{"@type":"WebSite","@id":"https:\/\/help.jamk.fi\/videoteknologiat\/#website","url":"https:\/\/help.jamk.fi\/videoteknologiat\/","name":"Videoteknologiat","description":"","potentialAction":[{"@type":"SearchAction","target":{"@type":"EntryPoint","urlTemplate":"https:\/\/help.jamk.fi\/videoteknologiat\/?s={search_term_string}"},"query-input":{"@type":"PropertyValueSpecification","valueRequired":true,"valueName":"search_term_string"}}],"inLanguage":"fi"}]}},"_links":{"self":[{"href":"https:\/\/help.jamk.fi\/videoteknologiat\/wp-json\/wp\/v2\/pages\/24","targetHints":{"allow":["GET"]}}],"collection":[{"href":"https:\/\/help.jamk.fi\/videoteknologiat\/wp-json\/wp\/v2\/pages"}],"about":[{"href":"https:\/\/help.jamk.fi\/videoteknologiat\/wp-json\/wp\/v2\/types\/page"}],"author":[{"embeddable":true,"href":"https:\/\/help.jamk.fi\/videoteknologiat\/wp-json\/wp\/v2\/users\/65"}],"replies":[{"embeddable":true,"href":"https:\/\/help.jamk.fi\/videoteknologiat\/wp-json\/wp\/v2\/comments?post=24"}],"version-history":[{"count":3,"href":"https:\/\/help.jamk.fi\/videoteknologiat\/wp-json\/wp\/v2\/pages\/24\/revisions"}],"predecessor-version":[{"id":2332,"href":"https:\/\/help.jamk.fi\/videoteknologiat\/wp-json\/wp\/v2\/pages\/24\/revisions\/2332"}],"up":[{"embeddable":true,"href":"https:\/\/help.jamk.fi\/videoteknologiat\/wp-json\/wp\/v2\/pages\/223"}],"wp:attachment":[{"href":"https:\/\/help.jamk.fi\/videoteknologiat\/wp-json\/wp\/v2\/media?parent=24"}],"wp:term":[{"taxonomy":"category","embeddable":true,"href":"https:\/\/help.jamk.fi\/videoteknologiat\/wp-json\/wp\/v2\/categories?post=24"},{"taxonomy":"post_tag","embeddable":true,"href":"https:\/\/help.jamk.fi\/videoteknologiat\/wp-json\/wp\/v2\/tags?post=24"}],"curies":[{"name":"wp","href":"https:\/\/api.w.org\/{rel}","templated":true}]}}