{"id":241,"date":"2018-09-07T06:44:37","date_gmt":"2018-09-07T03:44:37","guid":{"rendered":"https:\/\/help.jamk.fi\/videoteknologiat\/videotuotanto\/julkaisu-ja-jakelu\/"},"modified":"2023-11-20T13:36:34","modified_gmt":"2023-11-20T11:36:34","slug":"julkaisu-ja-jakelu","status":"publish","type":"page","link":"https:\/\/help.jamk.fi\/videoteknologiat\/fi\/videotuotanto\/julkaisu-ja-jakelu\/","title":{"rendered":"Julkaisu ja jakelu"},"content":{"rendered":"\n<p>Videon julkaisupaikka pit\u00e4\u00e4 valita k\u00e4ytt\u00f6tarkoituksen mukaan. Jos videolla vaikkapa arvioidaan opiskelijan oppimisteht\u00e4v\u00e4\u00e4, se kannattaa jakaa oppilaitoksen omassa suljetussa ymp\u00e4rist\u00f6ss\u00e4, esimerkiksi O365:n Streamissa. Jos kyseess\u00e4 on oppilaitoksen markkinointivideo ja sille halutaan suurin mahdollinen yleis\u00f6, niin se kannattaa julkaista Youtubessa.<\/p>\n\n\n\n<p>Muista aina hankkia kuvausluvat jos videollasi esiintyy muita ihmisi\u00e4. Varsinkin alaik\u00e4isten kanssa kannattaa olla tarkkana.<\/p>\n\n\n\n<p>Oppilaitosten k\u00e4ytt\u00e4mi\u00e4 &#8221;suljettuja&#8221; julkaisu- ja jakelukanavia ovat mm. <em>Microsoft Stream<\/em>, <em>Moniviestin<\/em>, <em>Iris Connect<\/em>, <em>Panopto<\/em> ja <em>Kaltura<\/em>.<\/p>\n\n\n\n<p><em>Youtube<\/em> on tyypillinen ja eniten k\u00e4ytetty &#8221;avoin&#8221; jakelukanava. Palveluun ladatun videon voi asettaa<\/p>\n\n\n\n<ul class=\"wp-block-list\">\n<li>t\u00e4ysin avoimeksi, jolloin kuka tahansa voi n\u00e4hd\u00e4 sen ja se l\u00f6ytyy hakusanojen avulla<\/li>\n\n\n\n<li>yksityiseksi, jolloin video n\u00e4kyy vain kun itse on kirjautunut palveluun<\/li>\n\n\n\n<li>piilotetuksi, jolloin video ei tule esille hakutuloksissa, mutta jokainen linkin tiet\u00e4v\u00e4 n\u00e4kee sen.<\/li>\n<\/ul>\n\n\n\n<p>Asia, joka j\u00e4\u00e4 helposti miettim\u00e4tt\u00e4 on videon elinkaari. Jos video on ns. kertak\u00e4ytt\u00f6inen, jonkun tietyn ajankohtaisen asian viestimiseen tarkoitettu, voi olla fiksua poistaa se julkisesta jakelusta kun ajankohta on ohitettu.<\/p>\n\n\n\n<p><em>L\u00e4hde: Mika Loponen, AOKK. Video pedagogisena ty\u00f6kaluna -verkkokurssi.<\/em><\/p>\n","protected":false},"excerpt":{"rendered":"<p>Videon julkaisupaikka pit\u00e4\u00e4 valita k\u00e4ytt\u00f6tarkoituksen mukaan. Jos videolla vaikkapa arvioidaan opiskelijan oppimisteht\u00e4v\u00e4\u00e4, se kannattaa jakaa oppilaitoksen omassa suljetussa ymp\u00e4rist\u00f6ss\u00e4, esimerkiksi O365:n Streamissa. Jos kyseess\u00e4 on oppilaitoksen markkinointivideo ja sille halutaan suurin mahdollinen yleis\u00f6, niin se kannattaa julkaista Youtubessa. Muista aina hankkia kuvausluvat jos videollasi esiintyy muita ihmisi\u00e4. Varsinkin alaik\u00e4isten kanssa kannattaa olla tarkkana. Oppilaitosten k\u00e4ytt\u00e4mi\u00e4 [&hellip;]<\/p>\n","protected":false},"author":65,"featured_media":0,"parent":226,"menu_order":4,"comment_status":"closed","ping_status":"closed","template":"","meta":{"_acf_changed":false,"_relevanssi_hide_post":"","_relevanssi_hide_content":"","_relevanssi_pin_for_all":"","_relevanssi_pin_keywords":"","_relevanssi_unpin_keywords":"","_relevanssi_related_keywords":"","_relevanssi_related_include_ids":"","_relevanssi_related_exclude_ids":"","_relevanssi_related_no_append":"","_relevanssi_related_not_related":"","_relevanssi_related_posts":"","_relevanssi_noindex_reason":"","footnotes":""},"categories":[],"tags":[],"class_list":["post-241","page","type-page","status-publish","hentry"],"acf":[],"yoast_head":"<!-- This site is optimized with the Yoast SEO plugin v27.4 - https:\/\/yoast.com\/product\/yoast-seo-wordpress\/ -->\n<title>Julkaisu ja jakelu - Videoteknologiat<\/title>\n<meta name=\"robots\" content=\"index, follow, max-snippet:-1, max-image-preview:large, max-video-preview:-1\" \/>\n<link rel=\"canonical\" href=\"https:\/\/help.jamk.fi\/videoteknologiat\/fi\/videotuotanto\/julkaisu-ja-jakelu\/\" \/>\n<meta property=\"og:locale\" content=\"fi_FI\" \/>\n<meta property=\"og:type\" content=\"article\" \/>\n<meta property=\"og:title\" content=\"Julkaisu ja jakelu - Videoteknologiat\" \/>\n<meta property=\"og:description\" content=\"Videon julkaisupaikka pit\u00e4\u00e4 valita k\u00e4ytt\u00f6tarkoituksen mukaan. Jos videolla vaikkapa arvioidaan opiskelijan oppimisteht\u00e4v\u00e4\u00e4, se kannattaa jakaa oppilaitoksen omassa suljetussa ymp\u00e4rist\u00f6ss\u00e4, esimerkiksi O365:n Streamissa. Jos kyseess\u00e4 on oppilaitoksen markkinointivideo ja sille halutaan suurin mahdollinen yleis\u00f6, niin se kannattaa julkaista Youtubessa. Muista aina hankkia kuvausluvat jos videollasi esiintyy muita ihmisi\u00e4. Varsinkin alaik\u00e4isten kanssa kannattaa olla tarkkana. Oppilaitosten k\u00e4ytt\u00e4mi\u00e4 [&hellip;]\" \/>\n<meta property=\"og:url\" content=\"https:\/\/help.jamk.fi\/videoteknologiat\/fi\/videotuotanto\/julkaisu-ja-jakelu\/\" \/>\n<meta property=\"og:site_name\" content=\"Videoteknologiat\" \/>\n<meta property=\"article:modified_time\" content=\"2023-11-20T11:36:34+00:00\" \/>\n<meta name=\"twitter:card\" content=\"summary_large_image\" \/>\n<meta name=\"twitter:label1\" content=\"Arvioitu lukuaika\" \/>\n\t<meta name=\"twitter:data1\" content=\"1 minuutti\" \/>\n<script type=\"application\/ld+json\" class=\"yoast-schema-graph\">{\"@context\":\"https:\\\/\\\/schema.org\",\"@graph\":[{\"@type\":\"WebPage\",\"@id\":\"https:\\\/\\\/help.jamk.fi\\\/videoteknologiat\\\/fi\\\/videotuotanto\\\/julkaisu-ja-jakelu\\\/\",\"url\":\"https:\\\/\\\/help.jamk.fi\\\/videoteknologiat\\\/fi\\\/videotuotanto\\\/julkaisu-ja-jakelu\\\/\",\"name\":\"Julkaisu ja jakelu - Videoteknologiat\",\"isPartOf\":{\"@id\":\"https:\\\/\\\/help.jamk.fi\\\/videoteknologiat\\\/#website\"},\"datePublished\":\"2018-09-07T03:44:37+00:00\",\"dateModified\":\"2023-11-20T11:36:34+00:00\",\"breadcrumb\":{\"@id\":\"https:\\\/\\\/help.jamk.fi\\\/videoteknologiat\\\/fi\\\/videotuotanto\\\/julkaisu-ja-jakelu\\\/#breadcrumb\"},\"inLanguage\":\"fi\",\"potentialAction\":[{\"@type\":\"ReadAction\",\"target\":[\"https:\\\/\\\/help.jamk.fi\\\/videoteknologiat\\\/fi\\\/videotuotanto\\\/julkaisu-ja-jakelu\\\/\"]}]},{\"@type\":\"BreadcrumbList\",\"@id\":\"https:\\\/\\\/help.jamk.fi\\\/videoteknologiat\\\/fi\\\/videotuotanto\\\/julkaisu-ja-jakelu\\\/#breadcrumb\",\"itemListElement\":[{\"@type\":\"ListItem\",\"position\":1,\"name\":\"Etusivu\",\"item\":\"https:\\\/\\\/help.jamk.fi\\\/videoteknologiat\\\/fi\\\/\"},{\"@type\":\"ListItem\",\"position\":2,\"name\":\"Videotuotanto\",\"item\":\"https:\\\/\\\/help.jamk.fi\\\/videoteknologiat\\\/fi\\\/videotuotanto\\\/\"},{\"@type\":\"ListItem\",\"position\":3,\"name\":\"Julkaisu ja jakelu\"}]},{\"@type\":\"WebSite\",\"@id\":\"https:\\\/\\\/help.jamk.fi\\\/videoteknologiat\\\/#website\",\"url\":\"https:\\\/\\\/help.jamk.fi\\\/videoteknologiat\\\/\",\"name\":\"Videoteknologiat\",\"description\":\"\",\"potentialAction\":[{\"@type\":\"SearchAction\",\"target\":{\"@type\":\"EntryPoint\",\"urlTemplate\":\"https:\\\/\\\/help.jamk.fi\\\/videoteknologiat\\\/?s={search_term_string}\"},\"query-input\":{\"@type\":\"PropertyValueSpecification\",\"valueRequired\":true,\"valueName\":\"search_term_string\"}}],\"inLanguage\":\"fi\"}]}<\/script>\n<!-- \/ Yoast SEO plugin. -->","yoast_head_json":{"title":"Julkaisu ja jakelu - Videoteknologiat","robots":{"index":"index","follow":"follow","max-snippet":"max-snippet:-1","max-image-preview":"max-image-preview:large","max-video-preview":"max-video-preview:-1"},"canonical":"https:\/\/help.jamk.fi\/videoteknologiat\/fi\/videotuotanto\/julkaisu-ja-jakelu\/","og_locale":"fi_FI","og_type":"article","og_title":"Julkaisu ja jakelu - Videoteknologiat","og_description":"Videon julkaisupaikka pit\u00e4\u00e4 valita k\u00e4ytt\u00f6tarkoituksen mukaan. Jos videolla vaikkapa arvioidaan opiskelijan oppimisteht\u00e4v\u00e4\u00e4, se kannattaa jakaa oppilaitoksen omassa suljetussa ymp\u00e4rist\u00f6ss\u00e4, esimerkiksi O365:n Streamissa. Jos kyseess\u00e4 on oppilaitoksen markkinointivideo ja sille halutaan suurin mahdollinen yleis\u00f6, niin se kannattaa julkaista Youtubessa. Muista aina hankkia kuvausluvat jos videollasi esiintyy muita ihmisi\u00e4. Varsinkin alaik\u00e4isten kanssa kannattaa olla tarkkana. Oppilaitosten k\u00e4ytt\u00e4mi\u00e4 [&hellip;]","og_url":"https:\/\/help.jamk.fi\/videoteknologiat\/fi\/videotuotanto\/julkaisu-ja-jakelu\/","og_site_name":"Videoteknologiat","article_modified_time":"2023-11-20T11:36:34+00:00","twitter_card":"summary_large_image","twitter_misc":{"Arvioitu lukuaika":"1 minuutti"},"schema":{"@context":"https:\/\/schema.org","@graph":[{"@type":"WebPage","@id":"https:\/\/help.jamk.fi\/videoteknologiat\/fi\/videotuotanto\/julkaisu-ja-jakelu\/","url":"https:\/\/help.jamk.fi\/videoteknologiat\/fi\/videotuotanto\/julkaisu-ja-jakelu\/","name":"Julkaisu ja jakelu - Videoteknologiat","isPartOf":{"@id":"https:\/\/help.jamk.fi\/videoteknologiat\/#website"},"datePublished":"2018-09-07T03:44:37+00:00","dateModified":"2023-11-20T11:36:34+00:00","breadcrumb":{"@id":"https:\/\/help.jamk.fi\/videoteknologiat\/fi\/videotuotanto\/julkaisu-ja-jakelu\/#breadcrumb"},"inLanguage":"fi","potentialAction":[{"@type":"ReadAction","target":["https:\/\/help.jamk.fi\/videoteknologiat\/fi\/videotuotanto\/julkaisu-ja-jakelu\/"]}]},{"@type":"BreadcrumbList","@id":"https:\/\/help.jamk.fi\/videoteknologiat\/fi\/videotuotanto\/julkaisu-ja-jakelu\/#breadcrumb","itemListElement":[{"@type":"ListItem","position":1,"name":"Etusivu","item":"https:\/\/help.jamk.fi\/videoteknologiat\/fi\/"},{"@type":"ListItem","position":2,"name":"Videotuotanto","item":"https:\/\/help.jamk.fi\/videoteknologiat\/fi\/videotuotanto\/"},{"@type":"ListItem","position":3,"name":"Julkaisu ja jakelu"}]},{"@type":"WebSite","@id":"https:\/\/help.jamk.fi\/videoteknologiat\/#website","url":"https:\/\/help.jamk.fi\/videoteknologiat\/","name":"Videoteknologiat","description":"","potentialAction":[{"@type":"SearchAction","target":{"@type":"EntryPoint","urlTemplate":"https:\/\/help.jamk.fi\/videoteknologiat\/?s={search_term_string}"},"query-input":{"@type":"PropertyValueSpecification","valueRequired":true,"valueName":"search_term_string"}}],"inLanguage":"fi"}]}},"_links":{"self":[{"href":"https:\/\/help.jamk.fi\/videoteknologiat\/wp-json\/wp\/v2\/pages\/241","targetHints":{"allow":["GET"]}}],"collection":[{"href":"https:\/\/help.jamk.fi\/videoteknologiat\/wp-json\/wp\/v2\/pages"}],"about":[{"href":"https:\/\/help.jamk.fi\/videoteknologiat\/wp-json\/wp\/v2\/types\/page"}],"author":[{"embeddable":true,"href":"https:\/\/help.jamk.fi\/videoteknologiat\/wp-json\/wp\/v2\/users\/65"}],"replies":[{"embeddable":true,"href":"https:\/\/help.jamk.fi\/videoteknologiat\/wp-json\/wp\/v2\/comments?post=241"}],"version-history":[{"count":2,"href":"https:\/\/help.jamk.fi\/videoteknologiat\/wp-json\/wp\/v2\/pages\/241\/revisions"}],"predecessor-version":[{"id":2223,"href":"https:\/\/help.jamk.fi\/videoteknologiat\/wp-json\/wp\/v2\/pages\/241\/revisions\/2223"}],"up":[{"embeddable":true,"href":"https:\/\/help.jamk.fi\/videoteknologiat\/wp-json\/wp\/v2\/pages\/226"}],"wp:attachment":[{"href":"https:\/\/help.jamk.fi\/videoteknologiat\/wp-json\/wp\/v2\/media?parent=241"}],"wp:term":[{"taxonomy":"category","embeddable":true,"href":"https:\/\/help.jamk.fi\/videoteknologiat\/wp-json\/wp\/v2\/categories?post=241"},{"taxonomy":"post_tag","embeddable":true,"href":"https:\/\/help.jamk.fi\/videoteknologiat\/wp-json\/wp\/v2\/tags?post=241"}],"curies":[{"name":"wp","href":"https:\/\/api.w.org\/{rel}","templated":true}]}}