{"id":1015,"date":"2023-12-20T10:14:53","date_gmt":"2023-12-20T08:14:53","guid":{"rendered":"https:\/\/help.jamk.fi\/wordpress\/?page_id=1015"},"modified":"2024-10-02T15:30:49","modified_gmt":"2024-10-02T12:30:49","slug":"sivuston-asetukset","status":"publish","type":"page","link":"https:\/\/help.jamk.fi\/wordpress\/fi\/blogin-poistaminen\/sivuston-asetukset\/","title":{"rendered":"Sivuston asetukset"},"content":{"rendered":"\n<p>Hallintapaneelin vasemmasta valikosta kohdasta \u201dSivuston asetukset\u201d p\u00e4\u00e4set muokkaamaan sivuston kiinteit\u00e4 elementtej\u00e4, kuten sivuston alaosia (alatunnisteita) sek\u00e4 muita l\u00e4pi palvelun n\u00e4kyvi\u00e4 osioita. Suurinosa elementeist\u00e4 on m\u00e4\u00e4ritetty kaikille sivustoille, joita ei voi yksitt\u00e4isill\u00e4 sivustoilla muokata. Yksitt\u00e4iselle sivustolle voit muokata:<\/p>\n\n\n\n<ul class=\"wp-block-list\">\n<li>Alatunniste keskimm\u00e4isen sarakkeen lis\u00e4teksti\u00e4 (Footer)<\/li>\n\n\n\n<li>Etusivun Hero-elementin teksti\u00e4<\/li>\n<\/ul>\n\n\n\n<p>Valitse ensin kieliversio, jota haluat muokata:<\/p>\n\n\n\n<figure class=\"wp-block-image size-full\"><img loading=\"lazy\" decoding=\"async\" width=\"288\" height=\"192\" src=\"https:\/\/help.jamk.fi\/wordpress\/wp-content\/uploads\/sites\/99\/2023\/10\/image-15.png\" alt=\"Sivuston asetukset\" class=\"wp-image-1016\"\/><figcaption class=\"wp-element-caption\">Kieliversion valinta Sivusto asetuksista<\/figcaption><\/figure>\n\n\n\n<ul class=\"wp-block-list\">\n<li>Valitse sen j\u00e4lkeen osio ja muokkaa kentti\u00e4, joita haluat editoida.<\/li>\n\n\n\n<li>Tallenna muutokset klikkaamalla <strong>P\u00e4ivit\u00e4 <\/strong>oikeasta yl\u00e4reunasta<\/li>\n<\/ul>\n\n\n<div id=\"info-lift-block_c5a428bf8926420214f74f3f1482fe80\" class=\"block-info-lift block-info-lift\">\n  <div class=\"row\">\n    <div class=\"col-12\">\n              <div class=\"block-info-lift__content\">\n          <div class=\"block-info-lift__content__icon\">\n            <span>!<\/span>\n          <\/div>\n          <p class=\"block-info-lift__content__text\">Help-sivuston p\u00e4\u00e4sivustolta hallinnoidaan hero-elementtej\u00e4 l\u00e4pi sivuston. Muilta sivustoilta ei p\u00e4\u00e4se muuttamaan heron taustakuvaa, tekstin v\u00e4ri\u00e4 tai alatunnisteen reunimmaisia palstoja.<\/p>\n        <\/div>\n          <\/div>\n  <\/div>\n<\/div>\n\n\n<h2 class=\"wp-block-heading\">K\u00e4ytt\u00f6liittym\u00e4n k\u00e4\u00e4nn\u00f6kset<\/h2>\n\n\n\n<p><br>K\u00e4ytt\u00f6liittym\u00e4n eri k\u00e4\u00e4nn\u00f6ksi\u00e4 eli esim. painikkeiden tekstien ja kiinteiden tekstien editoiminen ja k\u00e4\u00e4nn\u00f6kset tapahtuvat vasemman palstan kohdasta <em>Kielet -> K\u00e4\u00e4nn\u00f6kset<\/em>.<\/p>\n\n\n\n<figure class=\"wp-block-image size-full is-resized\"><img loading=\"lazy\" decoding=\"async\" width=\"162\" height=\"167\" src=\"https:\/\/help.jamk.fi\/wordpress\/wp-content\/uploads\/sites\/99\/2023\/12\/image.png\" alt=\"Kieli asetukset, k\u00e4\u00e4nn\u00f6kset\" class=\"wp-image-1112\" style=\"width:246px;height:auto\"\/><figcaption class=\"wp-element-caption\">K\u00e4ytt\u00f6liittym\u00e4n k\u00e4\u00e4nn\u00f6ksien hallinta<\/figcaption><\/figure>\n\n\n\n<p><br>Varmista, ett\u00e4 hallinnan yl\u00e4reunasta on valittuna<em> N\u00e4yt\u00e4 kaikki kielet <\/em>ja sy\u00f6t\u00e4 k\u00e4\u00e4nn\u00f6kset niihin kuuluviin kenttiin. Lopuksi paina alareunassa olevaa <em>Tallenna muutokset<\/em> -painiketta<\/p>\n\n\n\n<h2 class=\"wp-block-heading\">K\u00e4ytt\u00e4jien hallinta<\/h2>\n\n\n\n<p>Sivuston yll\u00e4pit\u00e4j\u00e4 voi lis\u00e4t\u00e4, poistaa ja muokata k\u00e4ytt\u00e4jien k\u00e4ytt\u00f6oikeuksia. Valitse vasemmasta reunasta &#8221;K\u00e4ytt\u00e4j\u00e4t&#8221;, niin n\u00e4et sivustolle kirjautueet k\u00e4ytt\u00e4j\u00e4t ja heid\u00e4n k\u00e4ytt\u00f6oikeutensa<\/p>\n\n\n\n<ul class=\"wp-block-list\">\n<li><strong>J\u00e4rjestelm\u00e4nvalvoja:<\/strong> &#8221;Super-admin&#8221; eli laajimmat mahdolliset k\u00e4ytt\u00f6oikeudet<\/li>\n\n\n\n<li><strong>Yll\u00e4pit\u00e4j\u00e4:<\/strong> Oikeus lis\u00e4t\u00e4, poistaa ja muokata sivuja. Oikeus muokata sivuston asetuksia ja hallinoida k\u00e4ytt\u00e4ji\u00e4.<\/li>\n\n\n\n<li><strong>P\u00e4\u00e4toimittaja:<\/strong> Oikeus lis\u00e4t\u00e4, poistaa ja muokata sivujen sis\u00e4lt\u00f6\u00e4<\/li>\n\n\n\n<li><strong>Tilaaja:<\/strong> Ainoastaan katseluoikeus sivuille.<\/li>\n<\/ul>\n\n\n\n<p>Lis\u00e4\u00e4 uusi k\u00e4ytt\u00e4j\u00e4 &#8221;Lis\u00e4\u00e4 uusi k\u00e4ytt\u00e4j\u00e4&#8221; -painikkeella. Lis\u00e4\u00e4 k\u00e4ytt\u00e4j\u00e4 sy\u00f6tt\u00e4m\u00e4ll\u00e4 h\u00e4nen s\u00e4hk\u00f6postiosoitteensa &#8221;Lis\u00e4\u00e4 olemassa oleva k\u00e4ytt\u00e4j\u00e4&#8221; alla olevaan kentt\u00e4\u00e4n. K\u00e4ytt\u00e4j\u00e4n tulee olla kertaalleen kirjautuneena kyseiselle sivustolle, jotta h\u00e4net voi nostaa sivuston k\u00e4ytt\u00e4j\u00e4ksi. Muuta k\u00e4ytt\u00f6oikeus taso tarpeeseen sopivaksi.<\/p>\n\n\n\n<figure class=\"wp-block-image size-large\"><img loading=\"lazy\" decoding=\"async\" width=\"1024\" height=\"430\" src=\"https:\/\/help.jamk.fi\/wordpress\/wp-content\/uploads\/sites\/99\/2024\/06\/uusi_kayttaja-1024x430.png\" alt=\"\" class=\"wp-image-1420\" srcset=\"https:\/\/help.jamk.fi\/wordpress\/wp-content\/uploads\/sites\/99\/2024\/06\/uusi_kayttaja-1024x430.png 1024w, https:\/\/help.jamk.fi\/wordpress\/wp-content\/uploads\/sites\/99\/2024\/06\/uusi_kayttaja-300x126.png 300w, https:\/\/help.jamk.fi\/wordpress\/wp-content\/uploads\/sites\/99\/2024\/06\/uusi_kayttaja-768x322.png 768w, https:\/\/help.jamk.fi\/wordpress\/wp-content\/uploads\/sites\/99\/2024\/06\/uusi_kayttaja.png 1189w\" sizes=\"auto, (max-width: 1024px) 100vw, 1024px\" \/><figcaption class=\"wp-element-caption\">K\u00e4ytt\u00e4jien hallinta WordPress ohjausn\u00e4kym\u00e4st\u00e4<\/figcaption><\/figure>\n\n\n\n<p>Sivustolle jo lis\u00e4tyn k\u00e4ytt\u00e4j\u00e4n k\u00e4ytt\u00f6oikeus tasoa voi muokata valitsemalla k\u00e4ytt\u00e4j\u00e4listauksesta nimen alapuolelta &#8221;Muokkaa&#8221; ja muuttamalla &#8221;Rooli&#8221; -k\u00e4ytt\u00f6tarkoitukseen sopivaksi. K\u00e4ytt\u00e4j\u00e4n voi my\u00f6s poistaa, mik\u00e4li h\u00e4nell\u00e4 ei ole en\u00e4\u00e4 tarvetta yll\u00e4pit\u00e4\u00e4 sivuja. <\/p>\n\n\n<div id=\"info-lift-block_4f06c6122ae7f65461cbc0b0c1463039\" class=\"block-info-lift block-info-lift\">\n  <div class=\"row\">\n    <div class=\"col-12\">\n              <div class=\"block-info-lift__content\">\n          <div class=\"block-info-lift__content__icon\">\n            <span>!<\/span>\n          <\/div>\n          <p class=\"block-info-lift__content__text\">Muista siirt\u00e4\u00e4 poistettavan k\u00e4ytt\u00e4j\u00e4n sis\u00e4lt\u00f6 toiselle henkil\u00f6lle, ennen k\u00e4ytt\u00e4j\u00e4n poistamista!<\/p>\n        <\/div>\n          <\/div>\n  <\/div>\n<\/div>\n\n\n<p><strong>HUOM! <\/strong>Jos k\u00e4ytt\u00e4j\u00e4 poistetaan, tulee h\u00e4nen luoma sis\u00e4lt\u00f6ns\u00e4 siirt\u00e4\u00e4 toiselle k\u00e4ytt\u00e4j\u00e4lle. Muuten h\u00e4nen luomansa sis\u00e4lt\u00f6 poistetaan WordPressist\u00e4, eik\u00e4 tietoja voida palauttaa<\/p>\n","protected":false},"excerpt":{"rendered":"<p>Hallintapaneelin vasemmasta valikosta kohdasta \u201dSivuston asetukset\u201d p\u00e4\u00e4set muokkaamaan sivuston kiinteit\u00e4 elementtej\u00e4, kuten sivuston alaosia (alatunnisteita) sek\u00e4 muita l\u00e4pi palvelun n\u00e4kyvi\u00e4 osioita. Suurinosa elementeist\u00e4 on m\u00e4\u00e4ritetty kaikille sivustoille, joita ei voi yksitt\u00e4isill\u00e4 sivustoilla muokata. Yksitt\u00e4iselle sivustolle voit muokata: Valitse ensin kieliversio, jota haluat muokata: K\u00e4ytt\u00f6liittym\u00e4n k\u00e4\u00e4nn\u00f6kset K\u00e4ytt\u00f6liittym\u00e4n eri k\u00e4\u00e4nn\u00f6ksi\u00e4 eli esim. painikkeiden tekstien ja kiinteiden tekstien [&hellip;]<\/p>\n","protected":false},"author":66,"featured_media":0,"parent":112,"menu_order":0,"comment_status":"closed","ping_status":"closed","template":"","meta":{"_acf_changed":false,"_relevanssi_hide_post":"","_relevanssi_hide_content":"","_relevanssi_pin_for_all":"","_relevanssi_pin_keywords":"","_relevanssi_unpin_keywords":"","_relevanssi_related_keywords":"","_relevanssi_related_include_ids":"","_relevanssi_related_exclude_ids":"","_relevanssi_related_no_append":"","_relevanssi_related_not_related":"","_relevanssi_related_posts":"","_relevanssi_noindex_reason":"","footnotes":""},"categories":[],"tags":[],"class_list":["post-1015","page","type-page","status-publish","hentry"],"acf":[],"yoast_head":"<!-- This site is optimized with the Yoast SEO plugin v27.5 - https:\/\/yoast.com\/product\/yoast-seo-wordpress\/ -->\n<title>Sivuston asetukset - WordPress<\/title>\n<meta name=\"robots\" content=\"index, follow, max-snippet:-1, max-image-preview:large, max-video-preview:-1\" \/>\n<link rel=\"canonical\" href=\"https:\/\/help.jamk.fi\/wordpress\/fi\/blogin-poistaminen\/sivuston-asetukset\/\" \/>\n<meta property=\"og:locale\" content=\"fi_FI\" \/>\n<meta property=\"og:type\" content=\"article\" \/>\n<meta property=\"og:title\" content=\"Sivuston asetukset - WordPress\" \/>\n<meta property=\"og:description\" content=\"Hallintapaneelin vasemmasta valikosta kohdasta \u201dSivuston asetukset\u201d p\u00e4\u00e4set muokkaamaan sivuston kiinteit\u00e4 elementtej\u00e4, kuten sivuston alaosia (alatunnisteita) sek\u00e4 muita l\u00e4pi palvelun n\u00e4kyvi\u00e4 osioita. Suurinosa elementeist\u00e4 on m\u00e4\u00e4ritetty kaikille sivustoille, joita ei voi yksitt\u00e4isill\u00e4 sivustoilla muokata. Yksitt\u00e4iselle sivustolle voit muokata: Valitse ensin kieliversio, jota haluat muokata: K\u00e4ytt\u00f6liittym\u00e4n k\u00e4\u00e4nn\u00f6kset K\u00e4ytt\u00f6liittym\u00e4n eri k\u00e4\u00e4nn\u00f6ksi\u00e4 eli esim. painikkeiden tekstien ja kiinteiden tekstien [&hellip;]\" \/>\n<meta property=\"og:url\" content=\"https:\/\/help.jamk.fi\/wordpress\/fi\/blogin-poistaminen\/sivuston-asetukset\/\" \/>\n<meta property=\"og:site_name\" content=\"WordPress\" \/>\n<meta property=\"article:modified_time\" content=\"2024-10-02T12:30:49+00:00\" \/>\n<meta property=\"og:image\" content=\"https:\/\/help.jamk.fi\/wordpress\/wp-content\/uploads\/sites\/99\/2023\/10\/image-15.png\" \/>\n<meta name=\"twitter:card\" content=\"summary_large_image\" \/>\n<meta name=\"twitter:label1\" content=\"Arvioitu lukuaika\" \/>\n\t<meta name=\"twitter:data1\" content=\"3 minuuttia\" \/>\n<script type=\"application\/ld+json\" class=\"yoast-schema-graph\">{\"@context\":\"https:\\\/\\\/schema.org\",\"@graph\":[{\"@type\":\"WebPage\",\"@id\":\"https:\\\/\\\/help.jamk.fi\\\/wordpress\\\/fi\\\/blogin-poistaminen\\\/sivuston-asetukset\\\/\",\"url\":\"https:\\\/\\\/help.jamk.fi\\\/wordpress\\\/fi\\\/blogin-poistaminen\\\/sivuston-asetukset\\\/\",\"name\":\"Sivuston asetukset - WordPress\",\"isPartOf\":{\"@id\":\"https:\\\/\\\/help.jamk.fi\\\/wordpress\\\/#website\"},\"primaryImageOfPage\":{\"@id\":\"https:\\\/\\\/help.jamk.fi\\\/wordpress\\\/fi\\\/blogin-poistaminen\\\/sivuston-asetukset\\\/#primaryimage\"},\"image\":{\"@id\":\"https:\\\/\\\/help.jamk.fi\\\/wordpress\\\/fi\\\/blogin-poistaminen\\\/sivuston-asetukset\\\/#primaryimage\"},\"thumbnailUrl\":\"https:\\\/\\\/help.jamk.fi\\\/wordpress\\\/wp-content\\\/uploads\\\/sites\\\/99\\\/2023\\\/10\\\/image-15.png\",\"datePublished\":\"2023-12-20T08:14:53+00:00\",\"dateModified\":\"2024-10-02T12:30:49+00:00\",\"breadcrumb\":{\"@id\":\"https:\\\/\\\/help.jamk.fi\\\/wordpress\\\/fi\\\/blogin-poistaminen\\\/sivuston-asetukset\\\/#breadcrumb\"},\"inLanguage\":\"fi\",\"potentialAction\":[{\"@type\":\"ReadAction\",\"target\":[\"https:\\\/\\\/help.jamk.fi\\\/wordpress\\\/fi\\\/blogin-poistaminen\\\/sivuston-asetukset\\\/\"]}]},{\"@type\":\"ImageObject\",\"inLanguage\":\"fi\",\"@id\":\"https:\\\/\\\/help.jamk.fi\\\/wordpress\\\/fi\\\/blogin-poistaminen\\\/sivuston-asetukset\\\/#primaryimage\",\"url\":\"https:\\\/\\\/help.jamk.fi\\\/wordpress\\\/wp-content\\\/uploads\\\/sites\\\/99\\\/2023\\\/10\\\/image-15.png\",\"contentUrl\":\"https:\\\/\\\/help.jamk.fi\\\/wordpress\\\/wp-content\\\/uploads\\\/sites\\\/99\\\/2023\\\/10\\\/image-15.png\",\"width\":288,\"height\":192},{\"@type\":\"BreadcrumbList\",\"@id\":\"https:\\\/\\\/help.jamk.fi\\\/wordpress\\\/fi\\\/blogin-poistaminen\\\/sivuston-asetukset\\\/#breadcrumb\",\"itemListElement\":[{\"@type\":\"ListItem\",\"position\":1,\"name\":\"Etusivu\",\"item\":\"https:\\\/\\\/help.jamk.fi\\\/wordpress\\\/fi\\\/\"},{\"@type\":\"ListItem\",\"position\":2,\"name\":\"Sivustojen yll\u00e4pit\u00e4minen\",\"item\":\"https:\\\/\\\/help.jamk.fi\\\/wordpress\\\/fi\\\/blogin-poistaminen\\\/\"},{\"@type\":\"ListItem\",\"position\":3,\"name\":\"Sivuston asetukset\"}]},{\"@type\":\"WebSite\",\"@id\":\"https:\\\/\\\/help.jamk.fi\\\/wordpress\\\/#website\",\"url\":\"https:\\\/\\\/help.jamk.fi\\\/wordpress\\\/\",\"name\":\"WordPress\",\"description\":\"Julkaisuohjeet WordPresseiss\u00e4\",\"potentialAction\":[{\"@type\":\"SearchAction\",\"target\":{\"@type\":\"EntryPoint\",\"urlTemplate\":\"https:\\\/\\\/help.jamk.fi\\\/wordpress\\\/?s={search_term_string}\"},\"query-input\":{\"@type\":\"PropertyValueSpecification\",\"valueRequired\":true,\"valueName\":\"search_term_string\"}}],\"inLanguage\":\"fi\"}]}<\/script>\n<!-- \/ Yoast SEO plugin. -->","yoast_head_json":{"title":"Sivuston asetukset - WordPress","robots":{"index":"index","follow":"follow","max-snippet":"max-snippet:-1","max-image-preview":"max-image-preview:large","max-video-preview":"max-video-preview:-1"},"canonical":"https:\/\/help.jamk.fi\/wordpress\/fi\/blogin-poistaminen\/sivuston-asetukset\/","og_locale":"fi_FI","og_type":"article","og_title":"Sivuston asetukset - WordPress","og_description":"Hallintapaneelin vasemmasta valikosta kohdasta \u201dSivuston asetukset\u201d p\u00e4\u00e4set muokkaamaan sivuston kiinteit\u00e4 elementtej\u00e4, kuten sivuston alaosia (alatunnisteita) sek\u00e4 muita l\u00e4pi palvelun n\u00e4kyvi\u00e4 osioita. Suurinosa elementeist\u00e4 on m\u00e4\u00e4ritetty kaikille sivustoille, joita ei voi yksitt\u00e4isill\u00e4 sivustoilla muokata. Yksitt\u00e4iselle sivustolle voit muokata: Valitse ensin kieliversio, jota haluat muokata: K\u00e4ytt\u00f6liittym\u00e4n k\u00e4\u00e4nn\u00f6kset K\u00e4ytt\u00f6liittym\u00e4n eri k\u00e4\u00e4nn\u00f6ksi\u00e4 eli esim. painikkeiden tekstien ja kiinteiden tekstien [&hellip;]","og_url":"https:\/\/help.jamk.fi\/wordpress\/fi\/blogin-poistaminen\/sivuston-asetukset\/","og_site_name":"WordPress","article_modified_time":"2024-10-02T12:30:49+00:00","og_image":[{"url":"https:\/\/help.jamk.fi\/wordpress\/wp-content\/uploads\/sites\/99\/2023\/10\/image-15.png","type":"","width":"","height":""}],"twitter_card":"summary_large_image","twitter_misc":{"Arvioitu lukuaika":"3 minuuttia"},"schema":{"@context":"https:\/\/schema.org","@graph":[{"@type":"WebPage","@id":"https:\/\/help.jamk.fi\/wordpress\/fi\/blogin-poistaminen\/sivuston-asetukset\/","url":"https:\/\/help.jamk.fi\/wordpress\/fi\/blogin-poistaminen\/sivuston-asetukset\/","name":"Sivuston asetukset - WordPress","isPartOf":{"@id":"https:\/\/help.jamk.fi\/wordpress\/#website"},"primaryImageOfPage":{"@id":"https:\/\/help.jamk.fi\/wordpress\/fi\/blogin-poistaminen\/sivuston-asetukset\/#primaryimage"},"image":{"@id":"https:\/\/help.jamk.fi\/wordpress\/fi\/blogin-poistaminen\/sivuston-asetukset\/#primaryimage"},"thumbnailUrl":"https:\/\/help.jamk.fi\/wordpress\/wp-content\/uploads\/sites\/99\/2023\/10\/image-15.png","datePublished":"2023-12-20T08:14:53+00:00","dateModified":"2024-10-02T12:30:49+00:00","breadcrumb":{"@id":"https:\/\/help.jamk.fi\/wordpress\/fi\/blogin-poistaminen\/sivuston-asetukset\/#breadcrumb"},"inLanguage":"fi","potentialAction":[{"@type":"ReadAction","target":["https:\/\/help.jamk.fi\/wordpress\/fi\/blogin-poistaminen\/sivuston-asetukset\/"]}]},{"@type":"ImageObject","inLanguage":"fi","@id":"https:\/\/help.jamk.fi\/wordpress\/fi\/blogin-poistaminen\/sivuston-asetukset\/#primaryimage","url":"https:\/\/help.jamk.fi\/wordpress\/wp-content\/uploads\/sites\/99\/2023\/10\/image-15.png","contentUrl":"https:\/\/help.jamk.fi\/wordpress\/wp-content\/uploads\/sites\/99\/2023\/10\/image-15.png","width":288,"height":192},{"@type":"BreadcrumbList","@id":"https:\/\/help.jamk.fi\/wordpress\/fi\/blogin-poistaminen\/sivuston-asetukset\/#breadcrumb","itemListElement":[{"@type":"ListItem","position":1,"name":"Etusivu","item":"https:\/\/help.jamk.fi\/wordpress\/fi\/"},{"@type":"ListItem","position":2,"name":"Sivustojen yll\u00e4pit\u00e4minen","item":"https:\/\/help.jamk.fi\/wordpress\/fi\/blogin-poistaminen\/"},{"@type":"ListItem","position":3,"name":"Sivuston asetukset"}]},{"@type":"WebSite","@id":"https:\/\/help.jamk.fi\/wordpress\/#website","url":"https:\/\/help.jamk.fi\/wordpress\/","name":"WordPress","description":"Julkaisuohjeet WordPresseiss\u00e4","potentialAction":[{"@type":"SearchAction","target":{"@type":"EntryPoint","urlTemplate":"https:\/\/help.jamk.fi\/wordpress\/?s={search_term_string}"},"query-input":{"@type":"PropertyValueSpecification","valueRequired":true,"valueName":"search_term_string"}}],"inLanguage":"fi"}]}},"_links":{"self":[{"href":"https:\/\/help.jamk.fi\/wordpress\/wp-json\/wp\/v2\/pages\/1015","targetHints":{"allow":["GET"]}}],"collection":[{"href":"https:\/\/help.jamk.fi\/wordpress\/wp-json\/wp\/v2\/pages"}],"about":[{"href":"https:\/\/help.jamk.fi\/wordpress\/wp-json\/wp\/v2\/types\/page"}],"author":[{"embeddable":true,"href":"https:\/\/help.jamk.fi\/wordpress\/wp-json\/wp\/v2\/users\/66"}],"replies":[{"embeddable":true,"href":"https:\/\/help.jamk.fi\/wordpress\/wp-json\/wp\/v2\/comments?post=1015"}],"version-history":[{"count":15,"href":"https:\/\/help.jamk.fi\/wordpress\/wp-json\/wp\/v2\/pages\/1015\/revisions"}],"predecessor-version":[{"id":1536,"href":"https:\/\/help.jamk.fi\/wordpress\/wp-json\/wp\/v2\/pages\/1015\/revisions\/1536"}],"up":[{"embeddable":true,"href":"https:\/\/help.jamk.fi\/wordpress\/wp-json\/wp\/v2\/pages\/112"}],"wp:attachment":[{"href":"https:\/\/help.jamk.fi\/wordpress\/wp-json\/wp\/v2\/media?parent=1015"}],"wp:term":[{"taxonomy":"category","embeddable":true,"href":"https:\/\/help.jamk.fi\/wordpress\/wp-json\/wp\/v2\/categories?post=1015"},{"taxonomy":"post_tag","embeddable":true,"href":"https:\/\/help.jamk.fi\/wordpress\/wp-json\/wp\/v2\/tags?post=1015"}],"curies":[{"name":"wp","href":"https:\/\/api.w.org\/{rel}","templated":true}]}}